000
CXUS55 KVEF 010910
CF6DRA
PRELIMINARY LOCAL CLIMATOLOGICAL DATA (WS FORM: F-6)
STATION: DESERT ROCK-MERCURY NV
MONTH: SEPTEMBER
YEAR: 2023
LATITUDE: 36 37 N
LONGITUDE: 116 1 W
TEMPERATURE IN F: :PCPN: SNOW: WIND :SUNSHINE: SKY :PK WND
================================================================================
1 2 3 4 5 6A 6B 7 8 9 10 11 12 13 14 15 16 17 18
12Z AVG MX 2MIN
DY MAX MIN AVG DEP HDD CDD WTR SNW DPTH SPD SPD DIR MIN PSBL S-S WX SPD DR
================================================================================
1 91 67 79 -2 0 14 0.08 0.0 0 15.2 31 170 M M 2 51 170
2 84 64 74 -7 0 9 0.18 0.0 0 7.6 16 100 M M 7 1 24 100
3 86 67 77 -4 0 12 0.00 0.0 0 13.2 24 190 M M 2 39 170
4 86 62 74 -6 0 9 0.00 0.0 0 6.3 13 20 M M 0 20 90
5 89 60 75 -5 0 10 0.00 0.0 0 4.9 12 230 M M 0 22 230
6 92 62 77 -3 0 12 0.00 0.0 0 7.6 21 210 M M 0 33 230
7 95 60 78 -1 0 13 0.00 0.0 0 7.5 21 210 M M 0 33 230
8 97 63 80 1 0 15 0.00 0.0 0 8.9 22 210 M M 0 35 230
9 98 69 84 5 0 19 0.00 0.0 0 7.8 17 50 M M 0 30 40
10 84 70 77 -1 0 12 0.00 0.0 0 12.0 17 30 M M 3 35 50
11 90 63 77 -1 0 12 0.00 0.0 0 5.1 13 250 M M 0 20 220
12 91 67 79 1 0 14 0.07 0.0 0 7.7 15 10 M M 2 31 210
13 92 64 78 1 0 13 0.00 0.0 0 6.6 21 10 M M 1 32 350
14 91 67 79 2 0 14 0.00 0.0 0 7.6 22 310 M M 1 44 320
15 92 66 79 2 0 14 0.00 0.0 0 7.9 14 120 M M 0 22 60
16 92 63 78 2 0 13 0.00 0.0 0 6.2 12 120 M M 1 21 110
17 95 63 79 3 0 14 0.00 0.0 0 5.0 15 210 M M 0 31 190
18 91 59 75 -1 0 10 0.00 0.0 0 7.6 16 230 M M 0 37 240
19 90 58 74 -1 0 9 0.00 0.0 0 6.0 16 250 M M 0 21 250
20 87 56 72 -3 0 7 0.00 0.0 0 8.0 20 230 M M 0 35 240
21 81 60 71 -3 0 6 0.00 0.0 0 11.3 22 210 M M 0 36 220
22 81 54 68 -6 0 3 0.00 0.0 0 7.7 14 230 M M 0 22 230
23 85 52 69 -5 0 4 0.00 0.0 0 5.0 15 230 M M 0 21 210
24 88 53 71 -2 0 6 0.00 0.0 0 6.9 20 230 M M 0 33 200
25 89 56 73 0 0 8 0.00 0.0 0 6.3 18 230 M M 0 31 230
26 88 54 71 -1 0 6 0.00 0.0 0 3.8 9 220 M M 0 16 220
27 91 53 72 0 0 7 0.00 0.0 0 6.2 16 220 M M 0 30 220
28 88 53 71 -1 0 6 0.00 0.0 0 7.3 25 230 M M 0 35 230
29 88 56 72 1 0 7 0.00 0.0 0 10.4 22 200 M M 0 41 190
30 72 52 62 -9 3 0 0.01 0.0 0 15.0 23 300 M M 2 40 170
================================================================================
SM 2664 1813 3 298 0.34 0.0 238.6 M 21
================================================================================
AV 88.8 60.4 8.0 FASTST M M 1 MAX(MPH)
MISC ----> 31 170 51 170
================================================================================
NOTES:
# LAST OF SEVERAL OCCURRENCES
COLUMN 17 PEAK WIND IN M.P.H.
PRELIMINARY LOCAL CLIMATOLOGICAL DATA (WS FORM: F-6) , PAGE 2
STATION: DESERT ROCK-MERCURY NV
MONTH: SEPTEMBER
YEAR: 2023
LATITUDE: 36 37 N
LONGITUDE: 116 1 W
[TEMPERATURE DATA] [PRECIPITATION DATA] SYMBOLS USED IN COLUMN 16
AVERAGE MONTHLY: 74.6 TOTAL FOR MONTH: 0.34 1 = FOG OR MIST
DPTR FM NORMAL: -1.7 DPTR FM NORMAL: -0.04 2 = FOG REDUCING VISIBILITY
HIGHEST: 98 ON 9 GRTST 24HR 0.18 ON 2- 2 TO 1/4 MILE OR LESS
LOWEST: 52 ON 30,23 3 = THUNDER
SNOW, ICE PELLETS, HAIL 4 = ICE PELLETS
TOTAL MONTH: 0.0 INCH 5 = HAIL
GRTST 24HR 0.0 6 = FREEZING RAIN OR DRIZZLE
GRTST DEPTH: 0 7 = DUSTSTORM OR SANDSTORM:
VSBY 1/2 MILE OR LESS
8 = SMOKE OR HAZE
[NO. OF DAYS WITH] [WEATHER - DAYS WITH] 9 = BLOWING SNOW
X = TORNADO
MAX 32 OR BELOW: 0 0.01 INCH OR MORE: 4
MAX 90 OR ABOVE: 15 0.10 INCH OR MORE: 1
MIN 32 OR BELOW: 0 0.50 INCH OR MORE: 0
MIN 0 OR BELOW: 0 1.00 INCH OR MORE: 0
[HDD (BASE 65) ]
TOTAL THIS MO. 3 CLEAR (SCALE 0-3) 29
DPTR FM NORMAL -3 PTCLDY (SCALE 4-7) 1
TOTAL FM JUL 1 3 CLOUDY (SCALE 8-10) 0
DPTR FM NORMAL -1
[CDD (BASE 65) ]
TOTAL THIS MO. 298
DPTR FM NORMAL -46 [PRESSURE DATA]
TOTAL FM JAN 1 2169 HIGHEST SLP M ON M
DPTR FM NORMAL -88 LOWEST SLP M ON M
[REMARKS]
#FINAL-09-23#