000
CXUS53 KDMX 090446
CLMDSM
CLIMATE REPORT
NATIONAL WEATHER SERVICE DES MOINES IA
1046 PM CST FRI DEC 08 2023
...................................
...THE DES MOINES IA CLIMATE SUMMARY FOR THE MONTH OF NOVEMBER 2023...
CLIMATE NORMAL PERIOD 1991 TO 2020
CLIMATE RECORD PERIOD 1878 TO 2023
WEATHER OBSERVED NORMAL DEPART LAST YEAR`S
VALUE DATE(S) VALUE FROM VALUE
NORMAL
..............................................................
TEMPERATURE (F)
RECORD
HIGH 82 11/01/1938
LOW -10 11/29/1891
HIGHEST 71 11/06 68 3
LOWEST 11 11/28 11 0
MEAN 43.1 39.3 3.8
DAYS MAX >= 90 0 0.0 0.0
DAYS MAX <= 32 2 3.1 -1.1
DAYS MIN <= 32 15 17.0 -2.0
DAYS MIN <= 0 0 0.1 -0.1
PRECIPITATION (INCHES)
RECORD
MAXIMUM 7.10 1931
MINIMUM 0.03 1969
TOTALS 0.26 1.91 -1.65
DAILY AVG. 0.01 0.06 -0.05
DAYS >= .01 3
DAYS >= .10 1
DAYS >= .50 0
DAYS >= 1.00 0
SNOWFALL (INCHES)
TOTALS 2.6 2.7 -0.1
SINCE 7/1 2.6 3.2 -0.6
DEGREE DAYS
HEATING TOTAL 649 773 -124
SINCE 7/1 982 1247 -265
COOLING TOTAL 0 0 0
SINCE 1/1 1287 1071 216
..............................................................
WIND (MPH)
HIGHEST GUST SPEED/DIRECTION 43/260 DATE 11/09
WEATHER CONDITIONS. NUMBER OF DAYS WITH
THUNDERSTORM 0 HAIL 0
SLEET 0 FOG 4
FOG W/VIS <= 1/4 MILE 0 HAZE 2
- INDICATES NEGATIVE NUMBERS.
R INDICATES RECORD WAS SET OR TIED.
MM INDICATES DATA IS MISSING.
T INDICATES TRACE AMOUNT.
$$