000
CXUS55 KPSR 011005
CF6DVT
PRELIMINARY LOCAL CLIMATOLOGICAL DATA (WS FORM: F-6)
STATION: DEER VLY/PHOENIX AZ
MONTH: SEPTEMBER
YEAR: 2020
LATITUDE: 33 41 N
LONGITUDE: 112 4 W
TEMPERATURE IN F: :PCPN: SNOW: WIND :SUNSHINE: SKY :PK WND
================================================================================
1 2 3 4 5 6A 6B 7 8 9 10 11 12 13 14 15 16 17 18
12Z AVG MX 2MIN
DY MAX MIN AVG DEP HDD CDD WTR SNW DPTH SPD SPD DIR MIN PSBL S-S WX SPD DR
================================================================================
1 100 83 92 2 0 27 0.00 M M 8.5 18 230 M M 1 27 250
2 101 81 91 2 0 26 0.00 M M 4.9 16 260 M M 0 20 250
3 106 77 92 3 0 27 0.00 M M 4.1 15 250 M M 0 21 260
4 112 79 96 7 0 31 0.00 M M 4.8 13 210 M M 0 17 220
5 112 85 99 10 0 34 0.00 M M 6.7 16 140 M M 0 21 130
6 110 83 97 8 0 32 0.00 M M 5.4 15 230 M M 0 21 240
7 106 79 93 5 0 28 0.00 M M 8.3 18 230 M M 0 23 220
8 97 75 86 -2 0 21 0.00 M M 12.1 24 350 M M 2 8 32 360
9 88 67 78 -10 0 13 0.00 M M 8.2 22 350 M M 0 25 360
10 89 66 78 -10 0 13 0.00 M M 6.0 14 40 M M 0 8 18 30
11 90 70 80 -7 0 15 0.00 M M 5.4 12 30 M M 0 15 210
12 97 69 83 -4 0 18 0.00 M M 5.8 13 210 M M 0 17 170
13 99 74 87 0 0 22 0.00 M M 7.2 14 30 M M 0 18 150
14 102 77 90 4 0 25 0.00 M M 6.7 17 140 M M 0 23 140
15 102 76 89 3 0 24 0.00 M M 4.7 13 250 M M 0 17 260
16 105 74 90 4 0 25 0.00 M M 5.6 13 240 M M 0 17 240
17 105 74 90 4 0 25 0.00 M M 5.8 15 20 M M 0 19 130
18 103 78 91 6 0 26 0.00 M M 4.9 16 120 M M 0 19 130
19 101 79 90 5 0 25 0.00 M M 6.9 17 120 M M 0 23 130
20 103 77 90 6 0 25 0.00 M M 5.0 14 250 M M 0 19 240
21 101 76 89 5 0 24 0.00 M M 5.1 16 260 M M 0 20 260
22 99 80 90 6 0 25 T M M 4.6 15 160 M M 1 8 19 170
23 102 72 87 4 0 22 0.00 M M 5.0 17 240 M M 0 22 250
24 103 72 88 5 0 23 0.00 M M 4.5 13 270 M M 0 16 270
25 103 72 88 5 0 23 0.00 M M 4.3 15 240 M M 0 19 250
26 99 70 85 3 0 20 0.00 M M 4.0 14 210 M M 0 20 270
27 99 68 84 2 0 19 0.00 M M 4.1 15 250 M M 0 18 270
28 101 70 86 5 0 21 0.00 M M 4.5 12 40 M M 0 16 210
29 99 77 88 7 0 23 0.00 M M 6.4 15 100 M M 0 22 70
30 101 72 87 7 0 22 0.00 M M 4.1 14 30 M M 0 8 17 30
================================================================================
SM 3035 2252 0 704 T M 173.6 M 4
================================================================================
AV101.2 75.1 5.8 FASTST M M 0 MAX(MPH)
MISC ----> 24 350 32 360
================================================================================
NOTES:
# LAST OF SEVERAL OCCURRENCES
COLUMN 17 PEAK WIND IN M.P.H.
PRELIMINARY LOCAL CLIMATOLOGICAL DATA (WS FORM: F-6) , PAGE 2
STATION: DEER VLY/PHOENIX AZ
MONTH: SEPTEMBER
YEAR: 2020
LATITUDE: 33 41 N
LONGITUDE: 112 4 W
[TEMPERATURE DATA] [PRECIPITATION DATA] SYMBOLS USED IN COLUMN 16
AVERAGE MONTHLY: 88.1 TOTAL FOR MONTH: T 1 = FOG OR MIST
DPTR FM NORMAL: 2.4 DPTR FM NORMAL: -0.90 2 = FOG REDUCING VISIBILITY
HIGHEST: 112 ON 5, 4 GRTST 24HR T ON 22-22 TO 1/4 MILE OR LESS
LOWEST: 66 ON 10 3 = THUNDER
SNOW, ICE PELLETS, HAIL 4 = ICE PELLETS
TOTAL MONTH: M 5 = HAIL
GRTST 24HR M ON M 6 = FREEZING RAIN OR DRIZZLE
GRTST DEPTH: M ON M 7 = DUSTSTORM OR SANDSTORM:
VSBY 1/2 MILE OR LESS
8 = SMOKE OR HAZE
[NO. OF DAYS WITH] [WEATHER - DAYS WITH] 9 = BLOWING SNOW
X = TORNADO
MAX 32 OR BELOW: 0 0.01 INCH OR MORE: 0
MAX 90 OR ABOVE: 28 0.10 INCH OR MORE: 0
MIN 32 OR BELOW: 0 0.50 INCH OR MORE: 0
MIN 0 OR BELOW: 0 1.00 INCH OR MORE: 0
[HDD (BASE 65) ]
TOTAL THIS MO. 0 CLEAR (SCALE 0-3) 30
DPTR FM NORMAL 0 PTCLDY (SCALE 4-7) 0
TOTAL FM JUL 1 0 CLOUDY (SCALE 8-10) 0
DPTR FM NORMAL 0
[CDD (BASE 65) ]
TOTAL THIS MO. 704
DPTR FM NORMAL 83 [PRESSURE DATA]
TOTAL FM JAN 1 3939 HIGHEST SLP 30.00 ON 29
DPTR FM NORMAL 391 LOWEST SLP 29.44 ON 8
[REMARKS]
#FINAL-09-20#