000
CXUS54 KEWX 011110
CF6ECU
PRELIMINARY LOCAL CLIMATOLOGICAL DATA (WS FORM: F-6)
STATION: EDWARDS COUNTY AIRPORT
MONTH: FEBRUARY
YEAR: 2023
LATITUDE: 29 57 N
LONGITUDE: 100 10 W
TEMPERATURE IN F: :PCPN: SNOW: WIND :SUNSHINE: SKY :PK WND
================================================================================
1 2 3 4 5 6A 6B 7 8 9 10 11 12 13 14 15 16 17 18
12Z AVG MX 2MIN
DY MAX MIN AVG DEP HDD CDD WTR SNW DPTH SPD SPD DIR MIN PSBL S-S WX SPD DR
================================================================================
1 30 25 28 M 37 0 0.01 M M 9.0 15 30 M M 10 1 22 30
2 41 30 36 M 29 0 0.01 M M 9.6 16 340 M M 9 1 23 340
3 59 34 47 M 18 0 0.00 M M 7.1 12 30 M M 0 1 20 30
4 54 36 45 M 20 0 0.00 M M 9.8 15 170 M M 4 12 23 170
5 73 45 59 M 6 0 0.00 M M 7.4 12 150 M M 0 17 150
6 68 52 60 M 5 0 0.00 M M 16.1 23 150 M M 4 1 30 160
7 68 43 56 M 9 0 0.00 M M 12.1 21 150 M M 10 1 30 150
8 61 41 51 M 14 0 0.00 M M 13.8 22 280 M M 4 1 30 320
9 70 43 57 M 8 0 0.00 M M 7.9 18 10 M M 0 26 0
10 52 36 44 M 21 0 0.00 M M 14.6 22 310 M M 4 31 320
11 57 27 42 M 23 0 0.00 M M 5.0 14 340 M M 0 20 340
12 57 36 47 M 18 0 0.00 M M 9.4 16 180 M M 0 22 180
13 61 45 53 M 12 0 0.00 M M 12.8 30 140 M M 4 37 140
14 72 52 62 M 3 0 0.00 M M 14.3 22 270 M M 3 1 37 270
15 84 54 69 M 0 4 0.00 M M 13.4 23 330 M M 1 33 330
16 55 34 45 M 20 0 0.00 M M 14.8 22 350 M M 3 31 350
17 50 27 39 M 26 0 0.00 M M 7.6 12 20 M M 1 17 10
18 48 32 40 M 25 0 0.00 M M 9.0 17 160 M M 3 23 160
19 66 45 56 M 9 0 0.00 M M 7.0 10 170 M M 1 15 200
20 79 50 65 M 0 0 0.00 M M 7.2 14 180 M M 0 20 190
21 84 57 71 M 0 6 0.00 M M 11.3 23 150 M M 0 31 150
22 84 63 74 M 0 9 0.00 M M 10.4 23 150 M M 3 1 30 230
23 79 55 67 M 0 2 0.00 M M 10.5 14 60 M M 2 8 23 40
24 55 48 52 M 13 0 0.00 M M 9.1 12 60 M M 9 18 18 40
25 70 43 57 M 8 0 0.00 M M 9.1 17 140 M M 8 12 22 150
26 79 63 71 M 0 6 0.00 M M 15.9 25 150 M M 7 1 36 150
27 81 48 65 M 0 0 0.00 M M 9.6 21 330 M M 4 31 330
28 84 55 70 M 0 5 0.00 M M 6.0 14 160 M M 3 18 160
================================================================================
SM 1821 1219 324 32 0.02 M 289.8 M 97
================================================================================
AV 65.0 43.5 10.3 FASTST M M 3 MAX(MPH)
MISC ----> 30 140 37 270
================================================================================
NOTES:
# LAST OF SEVERAL OCCURRENCES
COLUMN 17 PEAK WIND IN M.P.H.
PRELIMINARY LOCAL CLIMATOLOGICAL DATA (WS FORM: F-6) , PAGE 2
STATION: EDWARDS COUNTY AIRPORT
MONTH: FEBRUARY
YEAR: 2023
LATITUDE: 29 57 N
LONGITUDE: 100 10 W
[TEMPERATURE DATA] [PRECIPITATION DATA] SYMBOLS USED IN COLUMN 16
AVERAGE MONTHLY: 54.3 TOTAL FOR MONTH: 0.02 1 = FOG OR MIST
DPTR FM NORMAL: 0.0 DPTR FM NORMAL: 0.02 2 = FOG REDUCING VISIBILITY
HIGHEST: 84 ON 28,22 GRTST 24HR 0.01 ON 1- 1 TO 1/4 MILE OR LESS
LOWEST: 25 ON 1 3 = THUNDER
SNOW, ICE PELLETS, HAIL 4 = ICE PELLETS
TOTAL MONTH: M 5 = HAIL
GRTST 24HR M ON M 6 = FREEZING RAIN OR DRIZZLE
GRTST DEPTH: M ON M 7 = DUSTSTORM OR SANDSTORM:
VSBY 1/2 MILE OR LESS
8 = SMOKE OR HAZE
[NO. OF DAYS WITH] [WEATHER - DAYS WITH] 9 = BLOWING SNOW
X = TORNADO
MAX 32 OR BELOW: 1 0.01 INCH OR MORE: 2
MAX 90 OR ABOVE: 0 0.10 INCH OR MORE: 0
MIN 32 OR BELOW: 5 0.50 INCH OR MORE: 0
MIN 0 OR BELOW: 0 1.00 INCH OR MORE: 0
[HDD (BASE 65) ]
TOTAL THIS MO. 324 CLEAR (SCALE 0-3) 14
DPTR FM NORMAL M PTCLDY (SCALE 4-7) 9
TOTAL FM JUL 1 1453 CLOUDY (SCALE 8-10) 5
DPTR FM NORMAL M
[CDD (BASE 65) ]
TOTAL THIS MO. 32
DPTR FM NORMAL M [PRESSURE DATA]
TOTAL FM JAN 1 40 HIGHEST SLP M ON M
DPTR FM NORMAL M LOWEST SLP M ON M
[REMARKS]
#FINAL-02-23#