000
CXUS54 KEWX 011010
CF6ECU
PRELIMINARY LOCAL CLIMATOLOGICAL DATA (WS FORM: F-6)
STATION: EDWARDS COUNTY AIRPORT
MONTH: AUGUST
YEAR: 2023
LATITUDE: 29 57 N
LONGITUDE: 100 10 W
TEMPERATURE IN F: :PCPN: SNOW: WIND :SUNSHINE: SKY :PK WND
================================================================================
1 2 3 4 5 6A 6B 7 8 9 10 11 12 13 14 15 16 17 18
12Z AVG MX 2MIN
DY MAX MIN AVG DEP HDD CDD WTR SNW DPTH SPD SPD DIR MIN PSBL S-S WX SPD DR
================================================================================
1 99 73 86 M 0 21 0.00 M M 9.4 17 140 M M 0 23 180
2 99 73 86 M 0 21 0.00 M M 9.8 15 140 M M 1 22 140
3 97 73 85 M 0 20 0.00 M M 10.4 16 150 M M 1 24 150
4 99 73 86 M 0 21 0.00 M M 10.5 15 150 M M 0 23 140
5 100 75 88 M 0 23 0.00 M M 10.8 17 150 M M 0 25 150
6 100 73 87 M 0 22 0.00 M M 11.7 15 150 M M 0 21 140
7 100 73 87 M 0 22 0.00 M M 11.9 18 150 M M 0 25 150
8 100 73 87 M 0 22 0.00 M M 12.0 18 150 M M 0 24 150
9 102 73 88 M 0 23 0.00 M M 11.8 20 160 M M 0 28 160
10 102 75 89 M 0 24 0.00 M M 11.3 17 140 M M 0 25 140
11 100 75 88 M 0 23 0.00 M M 11.9 21 150 M M 2 27 150
12 99 73 86 M 0 21 0.00 M M 12.2 16 130 M M 2 26 130
13 99 72 86 M 0 21 0.00 M M 13.9 20 140 M M 2 26 140
14 100 72 86 M 0 21 0.00 M M 9.4 15 140 M M 0 23 140
15 99 75 87 M 0 22 0.00 M M 5.4 12 50 M M 3 17 99
16 99 75 87 M 0 22 0.00 M M 5.8 12 140 M M 1 14 99
17 102 75 89 M 0 24 0.00 M M 7.9 12 150 M M 0 21 99
18 100 73 87 M 0 22 0.00 M M 9.5 18 130 M M 0 25 130
19 100 72 86 M 0 21 0.00 M M 9.7 15 130 M M 0 8 24 150
20 99 72 86 M 0 21 0.00 M M 8.2 22 130 M M 0 29 130
21 100 77 89 M 0 24 0.00 M M 5.9 18 130 M M 1 25 130
22 90 70 80 M 0 15 0.42 M M 8.2 16 90 M M 4 25 50
23 86 73 80 M 0 15 0.06 M M 10.6 17 130 M M 7 1 28 100
24 93 73 83 M 0 18 0.00 M M 6.8 14 150 M M 3 22 130
25 99 75 87 M 0 22 0.00 M M 6.0 14 160 M M 1 23 160
26 99 73 86 M 0 21 0.00 M M 4.3 13 290 M M 3 15 290
27 100 75 88 M 0 23 0.00 M M 5.5 17 330 M M 1 21 0
28 95 72 84 M 0 19 0.08 M M 6.3 13 30 M M 3 28 0
29 93 68 81 M 0 16 0.00 M M 7.2 15 360 M M 1 23 30
30 90 70 80 M 0 15 0.07 M M 4.3 10 130 M M 2 22 70
31 97 70 84 M 0 19 0.00 M M 4.3 8 170 M M 2 15 120
================================================================================
SM 3037 2264 0 644 0.63 M 272.9 M 40
================================================================================
AV 98.0 73.0 8.8 FASTST M M 1 MAX(MPH)
MISC ----> 22 130 29 130
================================================================================
NOTES:
# LAST OF SEVERAL OCCURRENCES
COLUMN 17 PEAK WIND IN M.P.H.
PRELIMINARY LOCAL CLIMATOLOGICAL DATA (WS FORM: F-6) , PAGE 2
STATION: EDWARDS COUNTY AIRPORT
MONTH: AUGUST
YEAR: 2023
LATITUDE: 29 57 N
LONGITUDE: 100 10 W
[TEMPERATURE DATA] [PRECIPITATION DATA] SYMBOLS USED IN COLUMN 16
AVERAGE MONTHLY: 85.5 TOTAL FOR MONTH: 0.63 1 = FOG OR MIST
DPTR FM NORMAL: 0.0 DPTR FM NORMAL: M 2 = FOG REDUCING VISIBILITY
HIGHEST: 102 ON 17,10 GRTST 24HR 0.42 ON 22-22 TO 1/4 MILE OR LESS
LOWEST: 68 ON 29 3 = THUNDER
SNOW, ICE PELLETS, HAIL 4 = ICE PELLETS
TOTAL MONTH: M 5 = HAIL
GRTST 24HR M ON M 6 = FREEZING RAIN OR DRIZZLE
GRTST DEPTH: M ON M 7 = DUSTSTORM OR SANDSTORM:
VSBY 1/2 MILE OR LESS
8 = SMOKE OR HAZE
[NO. OF DAYS WITH] [WEATHER - DAYS WITH] 9 = BLOWING SNOW
X = TORNADO
MAX 32 OR BELOW: 0 0.01 INCH OR MORE: 4
MAX 90 OR ABOVE: 30 0.10 INCH OR MORE: 1
MIN 32 OR BELOW: 0 0.50 INCH OR MORE: 0
MIN 0 OR BELOW: 0 1.00 INCH OR MORE: 0
[HDD (BASE 65) ]
TOTAL THIS MO. 0 CLEAR (SCALE 0-3) 28
DPTR FM NORMAL M PTCLDY (SCALE 4-7) 3
TOTAL FM JUL 1 0 CLOUDY (SCALE 8-10) 0
DPTR FM NORMAL M
[CDD (BASE 65) ]
TOTAL THIS MO. 644
DPTR FM NORMAL M [PRESSURE DATA]
TOTAL FM JAN 1 2271 HIGHEST SLP M ON M
DPTR FM NORMAL M LOWEST SLP M ON M
[REMARKS]
#FINAL-08-23#