000
CXUS55 KVEF 010910
CF6EED
PRELIMINARY LOCAL CLIMATOLOGICAL DATA (WS FORM: F-6)
STATION: NEEDLES CA
MONTH: NOVEMBER
YEAR: 2021
LATITUDE: 34 46 N
LONGITUDE: 114 37 W
TEMPERATURE IN F: :PCPN: SNOW: WIND :SUNSHINE: SKY :PK WND
================================================================================
1 2 3 4 5 6A 6B 7 8 9 10 11 12 13 14 15 16 17 18
12Z AVG MX 2MIN
DY MAX MIN AVG DEP HDD CDD WTR SNW DPTH SPD SPD DIR MIN PSBL S-S WX SPD DR
================================================================================
1 M M M M M M 0.00 M M M M M M M M M M
2 M M M M M M 0.00 M M M M M M M M M M
3 M M M M M M 0.00 M M M M M M M M M M
4 M M M M M M 0.00 M M M M M M M M M M
5 M M M M M M 0.00 M M M M M M M M M M
6 M M M M M M 0.00 M M M M M M M M M M
7 M M M M M M 0.00 M M M M M M M M M M
8 M M M M M M 0.00 0.0 0 M M M M M M M M
9 M M M M M M 0.00 M M M M M M M M M M
10 86 55 71 5 0 6 0.00 M M 8.1 24 20 M M 0 29 350
11 84 62 73 7 0 8 0.00 M M 12.6 26 10 M M 0 33 10
12 86 67 77 12 0 12 0.00 M M 12.2 26 10 M M 0 32 10
13 88 62 75 10 0 10 0.00 M M 7.7 18 360 M M 0 25 340
14 88 59 74 10 0 9 0.00 M M 6.0 13 350 M M 0 15 350
15 84 53 69 5 0 4 0.00 M M 3.5 12 230 M M 0 13 240
16 81 57 69 5 0 4 0.00 M M 4.1 12 30 M M 0 13 30
17 80 52 66 3 0 1 0.00 M M 9.7 24 10 M M 0 29 350
18 76 56 66 3 0 1 0.00 M M 6.8 15 340 M M 0 19 340
19 79 50 65 3 0 0 0.00 M M 3.6 12 230 M M 0 13 230
20 79 50 65 3 0 0 0.00 M M 6.0 18 350 M M 0 22 350
21 76 60 68 7 0 3 0.00 M M 19.4 36 360 M M 0 44 350
22 76 58 67 6 0 2 0.00 M M 10.1 20 350 M M 0 23 360
23 75 54 65 5 0 0 0.00 M M 3.5 12 240 M M 0 14 240
24 69 48 59 -1 6 0 0.00 M M 18.8 35 360 M M 0 42 360
25 69 54 62 2 3 0 0.00 M M 21.8 33 360 M M 0 41 350
26 74 46 60 1 5 0 0.00 M M 8.2 17 360 M M 0 23 330
27 76 46 61 2 4 0 0.00 M M 5.6 12 10 M M 0 15 10
28 80 49 65 7 0 0 0.00 M M 6.2 13 360 M M 0 15 10
29 81 51 66 8 0 1 0.00 M M 6.2 12 340 M M 0 14 10
30 83 52 68 10 0 3 0.00 M M 10.1 23 10 M M 0 29 10
================================================================================
SM 1670 1141 18 64 0.00 0.0 190.2 M 0
================================================================================
AV 79.5 54.3 9.1 FASTST M M 0 MAX(MPH)
MISC ----> 36 360 44 350
================================================================================
NOTES:
# LAST OF SEVERAL OCCURRENCES
COLUMN 17 PEAK WIND IN M.P.H.
PRELIMINARY LOCAL CLIMATOLOGICAL DATA (WS FORM: F-6) , PAGE 2
STATION: NEEDLES CA
MONTH: NOVEMBER
YEAR: 2021
LATITUDE: 34 46 N
LONGITUDE: 114 37 W
[TEMPERATURE DATA] [PRECIPITATION DATA] SYMBOLS USED IN COLUMN 16
AVERAGE MONTHLY: 66.9 TOTAL FOR MONTH: 0.00 1 = FOG OR MIST
DPTR FM NORMAL: 3.1 DPTR FM NORMAL: -0.34 2 = FOG REDUCING VISIBILITY
HIGHEST: 88 ON 14,13 GRTST 24HR 0.00 ON 1- 1 TO 1/4 MILE OR LESS
LOWEST: 46 ON 27,26 3 = THUNDER
SNOW, ICE PELLETS, HAIL 4 = ICE PELLETS
TOTAL MONTH: 0.0 INCH 5 = HAIL
GRTST 24HR 0.0 6 = FREEZING RAIN OR DRIZZLE
GRTST DEPTH: 0 7 = DUSTSTORM OR SANDSTORM:
VSBY 1/2 MILE OR LESS
8 = SMOKE OR HAZE
[NO. OF DAYS WITH] [WEATHER - DAYS WITH] 9 = BLOWING SNOW
X = TORNADO
MAX 32 OR BELOW: 0 0.01 INCH OR MORE: 0
MAX 90 OR ABOVE: 0 0.10 INCH OR MORE: 0
MIN 32 OR BELOW: 0 0.50 INCH OR MORE: 0
MIN 0 OR BELOW: 0 1.00 INCH OR MORE: 0
[HDD (BASE 65) ]
TOTAL THIS MO. 18 CLEAR (SCALE 0-3) 21
DPTR FM NORMAL -87 PTCLDY (SCALE 4-7) 0
TOTAL FM JUL 1 28 CLOUDY (SCALE 8-10) 9
DPTR FM NORMAL -84
[CDD (BASE 65) ]
TOTAL THIS MO. 64
DPTR FM NORMAL -6 [PRESSURE DATA]
TOTAL FM JAN 1 5068 HIGHEST SLP M ON M
DPTR FM NORMAL 21 LOWEST SLP 29.77 ON 23
[REMARKS]
#FINAL-11-21#