000
CXUS54 KBMX 011010
CF6EET
PRELIMINARY LOCAL CLIMATOLOGICAL DATA (WS FORM: F-6)
STATION: SHELBY COUNTY AIRPORT
MONTH: APRIL
YEAR: 2021
LATITUDE: 33 10 N
LONGITUDE: 86 47 W
TEMPERATURE IN F: :PCPN: SNOW: WIND :SUNSHINE: SKY :PK WND
================================================================================
1 2 3 4 5 6A 6B 7 8 9 10 11 12 13 14 15 16 17 18
12Z AVG MX 2MIN
DY MAX MIN AVG DEP HDD CDD WTR SNW DPTH SPD SPD DIR MIN PSBL S-S WX SPD DR
================================================================================
1 54 39 47 -12 18 0 0.00 0.0 0 8.4 18 320 M M 0 30 350
2 60 35 48 -11 17 0 0.00 0.0 0 4.4 12 60 M M 0 18 20
3 67 36 52 -8 13 0 0.00 0.0 0 1.4 9 160 M M 0 13 160
4 73 39 56 -4 9 0 0.00 0.0 0 1.3 8 180 M M 0 12 180
5 78 45 62 2 3 0 0.00 0.0 M 1.2 9 120 M M 0 13 120
6 80 51 66 6 0 1 0.00 0.0 M 2.3 13 160 M M 2 1 18 200
7 81 56 69 9 0 4 0.00 0.0 M 6.2 21 190 M M 1 1 21 160
8 80 59 70 9 0 5 0.03 0.0 0 8.4 18 190 M M 4 1 30 180
9 72 57 65 4 0 0 1.11 0.0 0 4.6 15 150 M M 5 123 24 160
10 73 60 67 6 0 2 2.04 0.0 0 5.1 14 200 M M 7 13 23 310
11 73 53 63 2 2 0 0.00 0.0 0 3.4 13 200 M M 1 18 200
12 83 49 66 4 0 1 0.00 0.0 0 2.5 12 300 M M 0 17 300
13 84 54 69 7 0 4 0.00 0.0 0 1.7 8 230 M M 1 12 190
14 74 54 64 2 1 0 0.03 0.0 0 2.3 10 200 M M 5 13 14 200
15 72 58 65 3 0 0 T 0.0 0 5.3 12 320 M M 3 18 18 300
16 66 53 60 -3 5 0 T 0.0 0 1.8 7 350 M M 2 10 360
17 72 55 64 1 1 0 0.00 0.0 0 3.8 12 280 M M 5 17 300
18 69 50 60 -3 5 0 0.00 0.0 0 4.6 13 310 M M 3 17 320
19 70 47 59 -4 6 0 0.00 0.0 M 3.7 12 310 M M 0 15 300
20 75 52 64 0 1 0 0.00 0.0 M 2.0 12 170 M M 0 18 18 240
21 57 42 50 -14 15 0 0.00 0.0 0 7.0 17 320 M M 2 26 310
22 65 36 51 -13 14 0 0.00 0.0 0 1.9 10 300 M M 0 13 300
23 72 47 60 -4 5 0 0.01 0.0 M 3.8 14 160 M M 4 18 160
24 79 54 67 2 0 2 1.75 0.0 M 7.6 18 300 M M 8 138 26 290
25 72 52 62 -3 3 0 0.00 0.0 0 4.9 15 320 M M 3 19 310
26 80 49 65 0 0 0 0.00 0.0 0 2.3 9 140 M M 0 1 13 180
27 83 56 70 4 0 5 0.00 0.0 0 5.2 15 150 M M 1 23 130
28 84 66 75 9 0 10 0.00 0.0 0 4.4 13 180 M M 1 16 170
29 79 64 72 6 0 7 0.00 0.0 0 5.3 14 210 M M 4 1 20 200
30 77 59 68 2 0 3 0.00 0.0 0 4.2 13 20 M M 2 20 10
================================================================================
SM 2204 1527 118 44 4.97 0.0 121.0 M 64
================================================================================
AV 73.5 50.9 4.0 FASTST M M 2 MAX(MPH)
MISC ----> 21 190 # 30 350
================================================================================
NOTES:
# LAST OF SEVERAL OCCURRENCES
COLUMN 17 PEAK WIND IN M.P.H.
PRELIMINARY LOCAL CLIMATOLOGICAL DATA (WS FORM: F-6) , PAGE 2
STATION: SHELBY COUNTY AIRPORT
MONTH: APRIL
YEAR: 2021
LATITUDE: 33 10 N
LONGITUDE: 86 47 W
[TEMPERATURE DATA] [PRECIPITATION DATA] SYMBOLS USED IN COLUMN 16
AVERAGE MONTHLY: 62.2 TOTAL FOR MONTH: 4.97 1 = FOG OR MIST
DPTR FM NORMAL: -0.4 DPTR FM NORMAL: 1.08 2 = FOG REDUCING VISIBILITY
HIGHEST: 84 ON 28,13 GRTST 24HR 3.15 ON 9-10 TO 1/4 MILE OR LESS
LOWEST: 35 ON 2 3 = THUNDER
SNOW, ICE PELLETS, HAIL 4 = ICE PELLETS
TOTAL MONTH: 0.0 INCH 5 = HAIL
GRTST 24HR 0.0 6 = FREEZING RAIN OR DRIZZLE
GRTST DEPTH: 0 7 = DUSTSTORM OR SANDSTORM:
VSBY 1/2 MILE OR LESS
8 = SMOKE OR HAZE
[NO. OF DAYS WITH] [WEATHER - DAYS WITH] 9 = BLOWING SNOW
X = TORNADO
MAX 32 OR BELOW: 0 0.01 INCH OR MORE: 6
MAX 90 OR ABOVE: 0 0.10 INCH OR MORE: 3
MIN 32 OR BELOW: 0 0.50 INCH OR MORE: 3
MIN 0 OR BELOW: 0 1.00 INCH OR MORE: 3
[HDD (BASE 65) ]
TOTAL THIS MO. 118 CLEAR (SCALE 0-3) 21
DPTR FM NORMAL -12 PTCLDY (SCALE 4-7) 9
TOTAL FM JUL 1 2312 CLOUDY (SCALE 8-10) 0
DPTR FM NORMAL -256
[CDD (BASE 65) ]
TOTAL THIS MO. 44
DPTR FM NORMAL -14 [PRESSURE DATA]
TOTAL FM JAN 1 83 HIGHEST SLP 30.49 ON 2
DPTR FM NORMAL 8 LOWEST SLP 29.59 ON 24
[REMARKS]
#FINAL-04-21#