000
CXUS51 KRLX 030200
CF6EKN
PRELIMINARY LOCAL CLIMATOLOGICAL DATA (WS FORM: F-6)
STATION: ELKINS WV
MONTH: JULY
YEAR: 2022
LATITUDE: 38 52 N
LONGITUDE: 79 51 W
TEMPERATURE IN F: :PCPN: SNOW: WIND :SUNSHINE: SKY :PK WND
================================================================================
1 2 3 4 5 6A 6B 7 8 9 10 11 12 13 14 15 16 17 18
12Z AVG MX 2MIN
DY MAX MIN AVG DEP HDD CDD WTR SNW DPTH SPD SPD DIR MIN PSBL S-S WX SPD DR
================================================================================
1 85 57 71 0 0 6 0.00 0.0 0 3.4 13 310 M M 3 1 18 310
2 82 63 73 2 0 8 0.13 0.0 0 3.3 12 170 M M 4 138 16 180
3 82 58 70 -1 0 5 0.14 0.0 0 2.0 10 350 M M 5 1 15 290
4 85 56 71 0 0 6 0.00 0.0 0 1.1 9 240 M M 3 12 15 230
5 80 60 70 -1 0 5 0.92 0.0 0 3.2 16 330 M M 4 1238 23 10
6 85 64 75 4 0 10 0.32 0.0 0 3.7 15 150 M M 6 1238 19 160
7 83 67 75 4 0 10 0.06 0.0 0 1.8 9 350 M M 8 1 12 330
8 83 67 75 4 0 10 0.63 0.0 0 2.2 10 350 M M 7 12 14 330
9 72 64 68 -3 0 3 1.02 0.0 0 2.4 10 310 M M 10 1 14 320
10 80 57 69 -3 0 4 0.00 0.0 0 2.1 9 140 M M 3 1 15 140
11 85 54 70 -2 0 5 0.00 0.0 0 1.2 10 300 M M 2 12 14 320
12 87 60 74 2 0 9 0.11 0.0 0 3.2 17 10 M M 5 13 24 10
13 81 59 70 -2 0 5 0.00 0.0 0 2.7 14 300 M M 3 12 17 290
14 81 56 69 -3 0 4 0.00 0.0 0 2.4 14 360 M M 2 1 16 350
15 82 56 69 -3 0 4 0.00 0.0 0 1.5 12 300 M M 2 12 19 290
16 80 60 70 -2 0 5 0.02 0.0 0 1.6 9 360 M M 6 18 14 10
17 84 63 74 2 0 9 0.26 0.0 0 2.3 20 170 M M 6 13 27 180
18 79 67 73 1 0 8 0.41 0.0 0 4.2 16 230 M M 6 18 23 230
19 83 67 75 3 0 10 0.56 0.0 0 2.4 10 290 M M 7 1 14 290
20 87 65 76 4 0 11 0.00 0.0 0 3.5 12 230 M M 4 12 16 250
21 84 65 75 3 0 10 0.08 0.0 0 4.2 14 300 M M 6 13 19 250
22 86 61 74 2 0 9 0.00 0.0 0 3.2 15 290 M M 2 12 20 300
23 90 63 77 5 0 12 0.08 0.0 0 3.2 29 300 M M 2 1 45 300
24 89 59 74 2 0 9 0.00 0.0 0 2.4 13 260 M M 1 1 17 260
25 80 68 74 2 0 9 0.34 0.0 0 3.8 13 240 M M 6 138 18 290
26 77 68 73 2 0 8 1.42 0.0 0 2.0 9 250 M M 9 1 13 260
27 78 68 73 2 0 8 0.35 0.0 0 2.8 12 160 M M 8 138 18 180
28 83 68 76 5 0 11 0.04 0.0 0 3.7 14 260 M M 9 1 22 260
29 81 66 74 3 0 9 0.12 0.0 0 2.7 17 330 M M 8 1 23 320
30 80 61 71 0 0 6 T 0.0 0 2.7 10 360 M M 3 1 15 340
31 75 58 67 -4 0 2 0.40 0.0 0 1.7 8 170 M M 8 12 11 250
================================================================================
SM 2549 1925 0 230 7.41 0.0 82.6 M 158
================================================================================
AV 82.2 62.1 2.7 FASTST M M 5 MAX(MPH)
MISC ----> 29 300 45 300
================================================================================
NOTES:
# LAST OF SEVERAL OCCURRENCES
COLUMN 17 PEAK WIND IN M.P.H.
PRELIMINARY LOCAL CLIMATOLOGICAL DATA (WS FORM: F-6) , PAGE 2
STATION: ELKINS WV
MONTH: JULY
YEAR: 2022
LATITUDE: 38 52 N
LONGITUDE: 79 51 W
[TEMPERATURE DATA] [PRECIPITATION DATA] SYMBOLS USED IN COLUMN 16
AVERAGE MONTHLY: 72.2 TOTAL FOR MONTH: 7.41 1 = FOG OR MIST
DPTR FM NORMAL: 0.8 DPTR FM NORMAL: 1.42 2 = FOG REDUCING VISIBILITY
HIGHEST: 90 ON 23 GRTST 24HR 1.65 ON 8- 9 TO 1/4 MILE OR LESS
LOWEST: 54 ON 11 3 = THUNDER
SNOW, ICE PELLETS, HAIL 4 = ICE PELLETS
TOTAL MONTH: 0.0 INCH 5 = HAIL
GRTST 24HR 0.0 6 = FREEZING RAIN OR DRIZZLE
GRTST DEPTH: 0 7 = DUSTSTORM OR SANDSTORM:
VSBY 1/2 MILE OR LESS
8 = SMOKE OR HAZE
[NO. OF DAYS WITH] [WEATHER - DAYS WITH] 9 = BLOWING SNOW
X = TORNADO
MAX 32 OR BELOW: 0 0.01 INCH OR MORE: 20
MAX 90 OR ABOVE: 1 0.10 INCH OR MORE: 15
MIN 32 OR BELOW: 0 0.50 INCH OR MORE: 5
MIN 0 OR BELOW: 0 1.00 INCH OR MORE: 2
[HDD (BASE 65) ]
TOTAL THIS MO. 0 CLEAR (SCALE 0-3) 9
DPTR FM NORMAL -6 PTCLDY (SCALE 4-7) 17
TOTAL FM JUL 1 0 CLOUDY (SCALE 8-10) 5
DPTR FM NORMAL 0
[CDD (BASE 65) ]
TOTAL THIS MO. 230
DPTR FM NORMAL 25 [PRESSURE DATA]
TOTAL FM JAN 1 384 HIGHEST SLP 30.28 ON 4
DPTR FM NORMAL 14 LOWEST SLP 29.74 ON 21
[REMARKS]
#FINAL-07-22#