268
CXUS56 KLKN 041314
CF6EKO
PRELIMINARY LOCAL CLIMATOLOGICAL DATA (WS FORM: F-6)
STATION: ELKO AIRPORT NV
MONTH: MARCH
YEAR: 2020
LATITUDE: 40 49 N
LONGITUDE: 115 47 W
TEMPERATURE IN F: :PCPN: SNOW: WIND :SUNSHINE: SKY :PK WND
================================================================================
1 2 3 4 5 6A 6B 7 8 9 10 11 12 13 14 15 16 17 18
12Z AVG MX 2MIN
DY MAX MIN AVG DEP HDD CDD WTR SNW DPTH SPD SPD DIR MIN PSBL S-S WX SPD DR
================================================================================
1 38 18 28 -7 37 0 0.10 1.0 4 7.3 18 70 M M 6 1 22 40
2 46 12 29 -6 36 0 0.00 0.0 2 4.4 15 300 M M 0 21 330
3 54 25 40 5 25 0 0.00 0.0 T 4.7 14 250 M M 3 18 240
4 61 22 42 6 23 0 0.00 0.0 0 4.3 17 250 M M 0 22 250
5 69 24 47 11 18 0 0.00 0.0 0 5.5 20 250 M M 0 29 250
6 68 36 52 16 13 0 0.00 0.0 0 7.1 21 170 M M 0 26 180
7 59 34 47 10 18 0 0.07 T 0 11.1 29 270 M M 5 1 36 270
8 50 33 42 5 23 0 0.00 0.0 0 3.0 9 230 M M 6 12 240
9 50 35 43 6 22 0 T T 0 5.0 18 280 M M 9 23 270
10 59 28 44 6 21 0 0.00 0.0 0 3.5 13 30 M M 2 15 20
11 62 26 44 6 21 0 0.00 0.0 0 4.7 18 270 M M 1 22 260
12 59 25 42 4 23 0 0.00 0.0 0 4.5 16 40 M M 0 19 30
13 58 17 38 0 27 0 0.00 0.0 0 5.8 23 210 M M 1 30 210
14 57 33 45 6 20 0 0.51 0.6 0 12.0 26 270 M M 8 1 42 220
15 58 30 44 5 21 0 T T T 7.2 23 210 M M 5 33 210
16 60 32 46 7 19 0 0.00 0.0 0 6.9 22 190 M M 5 33 180
17 48 31 40 0 25 0 0.04 T 0 7.8 23 210 M M 9 1 31 200
18 43 23 33 -7 32 0 0.12 1.8 0 5.0 17 100 M M 6 12 20 100
19 48 24 36 -4 29 0 0.01 T 0 2.6 13 40 M M 6 1 19 170
20 51 28 40 0 25 0 0.00 0.0 0 3.5 16 230 M M 7 20 230
21 52 25 39 -1 26 0 0.02 0.0 0 4.6 21 330 M M 5 1 24 340
22 55 24 40 0 25 0 0.00 0.0 0 3.1 10 320 M M 6 128 13 320
23 54 29 42 1 23 0 T 0.0 0 6.5 32 280 M M 6 38 290
24 56 26 41 0 24 0 T 0.0 0 7.1 30 260 M M 6 38 260
25 43 30 37 -4 28 0 0.05 0.9 T 8.8 22 260 M M 9 1 26 260
26 43 20 32 -9 33 0 0.00 0.0 0 3.7 17 270 M M 5 24 270
27 47 16 32 -9 33 0 0.00 0.0 0 5.0 22 270 M M 7 28 260
28 50 31 41 -1 24 0 0.00 0.0 0 3.8 13 270 M M 10 18 280
29 52 28 40 -2 25 0 0.01 T 0 5.7 22 280 M M 8 26 280
30 55 26 41 -1 24 0 0.00 0.0 0 8.0 24 240 M M 7 28 240
31 64 39 52 10 13 0 0.00 0.0 0 16.9 36 250 M M 6 44 250
================================================================================
SM 1669 830 756 0 0.93 4.3 189.1 M 154
================================================================================
AV 53.8 26.8 6.1 FASTST M M 5 MAX(MPH)
MISC ----> # 36 250 # 44 250
================================================================================
NOTES:
# LAST OF SEVERAL OCCURRENCES
COLUMN 17 PEAK WIND IN M.P.H.
PRELIMINARY LOCAL CLIMATOLOGICAL DATA (WS FORM: F-6) , PAGE 2
STATION: ELKO AIRPORT NV
MONTH: MARCH
YEAR: 2020
LATITUDE: 40 49 N
LONGITUDE: 115 47 W
[TEMPERATURE DATA] [PRECIPITATION DATA] SYMBOLS USED IN COLUMN 16
AVERAGE MONTHLY: 40.3 TOTAL FOR MONTH: 0.93 1 = FOG OR MIST
DPTR FM NORMAL: 1.4 DPTR FM NORMAL: -0.07 2 = FOG REDUCING VISIBILITY
HIGHEST: 69 ON 5 GRTST 24HR 0.51 ON 14-14 TO 1/4 MILE OR LESS
LOWEST: 12 ON 2 3 = THUNDER
SNOW, ICE PELLETS, HAIL 4 = ICE PELLETS
TOTAL MONTH: 4.3 INCHES 5 = HAIL
GRTST 24HR 1.8 ON 18-18 6 = FREEZING RAIN OR DRIZZLE
GRTST DEPTH: 4 ON 1 7 = DUSTSTORM OR SANDSTORM:
VSBY 1/2 MILE OR LESS
8 = SMOKE OR HAZE
[NO. OF DAYS WITH] [WEATHER - DAYS WITH] 9 = BLOWING SNOW
X = TORNADO
MAX 32 OR BELOW: 0 0.01 INCH OR MORE: 9
MAX 90 OR ABOVE: 0 0.10 INCH OR MORE: 3
MIN 32 OR BELOW: 25 0.50 INCH OR MORE: 1
MIN 0 OR BELOW: 0 1.00 INCH OR MORE: 0
[HDD (BASE 65) ]
TOTAL THIS MO. 756 CLEAR (SCALE 0-3) 9
DPTR FM NORMAL -53 PTCLDY (SCALE 4-7) 16
TOTAL FM JUL 1 5441 CLOUDY (SCALE 8-10) 6
DPTR FM NORMAL -536
[CDD (BASE 65) ]
TOTAL THIS MO. 0
DPTR FM NORMAL 0 [PRESSURE DATA]
TOTAL FM JAN 1 0 HIGHEST SLP 30.35 ON 5
DPTR FM NORMAL 0 LOWEST SLP 29.54 ON 13
[REMARKS]
#FINAL-03-20#