000
CXUS54 KSHV 011300
CF6ELD
PRELIMINARY LOCAL CLIMATOLOGICAL DATA (WS FORM: F-6)
STATION: EL DORADO
MONTH: APRIL
YEAR: 2023
LATITUDE: 33 13 N
LONGITUDE: 92 49 W
TEMPERATURE IN F: :PCPN: SNOW: WIND :SUNSHINE: SKY :PK WND
================================================================================
1 2 3 4 5 6A 6B 7 8 9 10 11 12 13 14 15 16 17 18
12Z AVG MX 2MIN
DY MAX MIN AVG DEP HDD CDD WTR SNW DPTH SPD SPD DIR MIN PSBL S-S WX SPD DR
================================================================================
1 79 47 63 3 2 0 0.00 0.0 0 6.2 16 320 M M 0 23 320
2 79 45 62 1 3 0 1.04 0.0 0 6.9 17 100 M M 4 13 24 150
3 85 58 72 11 0 7 0.00 0.0 0 7.9 20 210 M M 6 1 29 210
4 85 69 77 16 0 12 T 0.0 0 13.1 28 150 M M 5 1 38 160
5 76 55 66 5 0 1 1.76 0.0 0 8.2 21 170 M M 7 123 33 260
6 55 48 52 -10 13 0 1.97 0.0 0 10.1 21 60 M M 10 13 30 40
7 56 48 52 -10 13 0 0.08 0.0 0 7.1 18 70 M M 10 1 25 20
8 73 51 62 0 3 0 0.00 0.0 0 6.0 14 60 M M 8 18 50
9 68 51 60 -2 5 0 0.00 0.0 0 5.8 13 60 M M 6 1 19 40
10 73 46 60 -2 5 0 0.00 0.0 0 2.2 13 120 M M 3 1 19 120
11 77 47 62 -1 3 0 0.00 0.0 0 3.5 15 100 M M 1 21 100
12 77 47 62 -1 3 0 0.00 0.0 0 2.7 12 150 M M 1 16 80
13 73 57 65 2 0 0 T 0.0 0 5.3 15 280 M M 6 25 260
14 81 51 66 3 0 1 0.00 0.0 0 5.9 16 220 M M 0 21 210
15 87 56 72 8 0 7 1.18 0.0 0 8.0 25 130 M M 5 13 33 130
16 69 45 57 -7 8 0 0.00 0.0 0 7.8 20 320 M M 0 34 270
17 77 40 59 -5 6 0 0.00 0.0 0 1.4 10 180 M M 0 8 16 200
18 78 46 62 -2 3 0 0.00 0.0 0 6.6 21 180 M M 0 27 140
19 84 53 69 4 0 4 0.00 0.0 0 9.2 18 140 M M 1 27 160
20 77 61 69 4 0 4 0.47 0.0 0 8.6 18 310 M M 6 13 30 310
21 66 51 59 -6 6 0 0.24 0.0 0 4.2 15 340 M M 7 123 22 170
22 73 47 60 -5 5 0 0.00 0.0 0 3.8 13 20 M M 2 12 21 30
23 56 45 51 -15 14 0 T 0.0 0 7.6 17 60 M M 8 25 50
24 69 45 57 -9 8 0 0.00 0.0 0 6.8 16 70 M M 4 22 40
25 67 50 59 -7 6 0 T 0.0 0 6.8 15 50 M M 9 20 40
26 68 51 60 -6 5 0 0.58 0.0 0 7.4 18 100 M M 8 13 25 100
27 75 57 66 -1 0 1 0.22 0.0 0 6.2 29 120 M M 5 13 38 120
28 76 51 64 -3 1 0 0.47 0.0 0 4.5 13 320 M M 2 13 20 110
29 68 52 60 -7 5 0 0.29 0.0 0 6.2 20 330 M M 6 13 27 300
30 77 49 63 -4 2 0 0.00 0.0 0 5.8 17 240 M M 0 24 310
================================================================================
SM 2204 1519 119 37 8.30 0.0 191.8 M 130
================================================================================
AV 73.5 50.6 6.4 FASTST M M 4 MAX(MPH)
MISC ----> 29 120 # 38 160
================================================================================
NOTES:
# LAST OF SEVERAL OCCURRENCES
COLUMN 17 PEAK WIND IN M.P.H.
PRELIMINARY LOCAL CLIMATOLOGICAL DATA (WS FORM: F-6) , PAGE 2
STATION: EL DORADO
MONTH: APRIL
YEAR: 2023
LATITUDE: 33 13 N
LONGITUDE: 92 49 W
[TEMPERATURE DATA] [PRECIPITATION DATA] SYMBOLS USED IN COLUMN 16
AVERAGE MONTHLY: 62.1 TOTAL FOR MONTH: 8.30 1 = FOG OR MIST
DPTR FM NORMAL: -1.8 DPTR FM NORMAL: 2.91 2 = FOG REDUCING VISIBILITY
HIGHEST: 87 ON 15 GRTST 24HR 3.34 ON 5- 6 TO 1/4 MILE OR LESS
LOWEST: 40 ON 17 3 = THUNDER
SNOW, ICE PELLETS, HAIL 4 = ICE PELLETS
TOTAL MONTH: 0.0 INCH 5 = HAIL
GRTST 24HR 0.0 6 = FREEZING RAIN OR DRIZZLE
GRTST DEPTH: 0 7 = DUSTSTORM OR SANDSTORM:
VSBY 1/2 MILE OR LESS
8 = SMOKE OR HAZE
[NO. OF DAYS WITH] [WEATHER - DAYS WITH] 9 = BLOWING SNOW
X = TORNADO
MAX 32 OR BELOW: 0 0.01 INCH OR MORE: 11
MAX 90 OR ABOVE: 0 0.10 INCH OR MORE: 10
MIN 32 OR BELOW: 0 0.50 INCH OR MORE: 5
MIN 0 OR BELOW: 0 1.00 INCH OR MORE: 4
[HDD (BASE 65) ]
TOTAL THIS MO. 119 CLEAR (SCALE 0-3) 12
DPTR FM NORMAL 8 PTCLDY (SCALE 4-7) 15
TOTAL FM JUL 1 2205 CLOUDY (SCALE 8-10) 3
DPTR FM NORMAL -336
[CDD (BASE 65) ]
TOTAL THIS MO. 37
DPTR FM NORMAL -40 [PRESSURE DATA]
TOTAL FM JAN 1 102 HIGHEST SLP 30.34 ON 10
DPTR FM NORMAL -8 LOWEST SLP 29.68 ON 4
[REMARKS]
#FINAL-04-23#