000
CXUS56 KLKN 011210
CF6ELY
PRELIMINARY LOCAL CLIMATOLOGICAL DATA (WS FORM: F-6)
STATION: ELY AIRPORT NV
MONTH: MARCH
YEAR: 2022
LATITUDE: 39 16 N
LONGITUDE: 114 51 W
TEMPERATURE IN F: :PCPN: SNOW: WIND :SUNSHINE: SKY :PK WND
================================================================================
1 2 3 4 5 6A 6B 7 8 9 10 11 12 13 14 15 16 17 18
12Z AVG MX 2MIN
DY MAX MIN AVG DEP HDD CDD WTR SNW DPTH SPD SPD DIR MIN PSBL S-S WX SPD DR
================================================================================
1 64 23 44 10 21 0 0.00 0.0 0 8.2 15 180 M M 0 19 180
2 63 28 46 12 19 0 0.00 0.0 0 9.8 16 160 M M 0 21 170
3 59 31 45 11 20 0 0.00 0.0 0 11.5 23 170 M M 0 30 160
4 48 31 40 5 25 0 0.07 0.4 0 11.4 24 240 M M 6 1 45 230
5 36 24 30 -5 35 0 0.18 0.7 1 7.9 29 170 M M 9 128 39 170
6 31 9 20 -15 45 0 0.09 1.9 3 9.5 18 10 M M 9 1 26 10
7 31 15 23 -13 42 0 0.01 T 1 9.2 16 20 M M 6 1 20 10
8 39 13 26 -10 39 0 0.00 0.0 T 7.4 17 300 M M 4 26 270
9 40 26 33 -3 32 0 T T T 7.4 26 290 M M 9 35 300
10 27 12 20 -16 45 0 0.05 1.0 1 15.1 29 20 M M 3 12 37 10
11 44 9 27 -10 38 0 0.00 0.0 0 6.4 15 50 M M 0 19 40
12 57 19 38 1 27 0 0.00 0.0 0 9.0 20 180 M M 0 25 180
13 49 28 39 2 26 0 0.00 0.0 0 11.2 26 330 M M 5 38 280
14 55 20 38 0 27 0 0.00 0.0 0 6.0 13 190 M M 0 16 210
15 56 29 43 5 22 0 0.00 0.0 0 8.4 23 330 M M 5 33 270
16 49 27 38 0 27 0 T 0.0 0 9.7 22 320 M M 4 29 330
17 50 15 33 -5 32 0 0.00 0.0 0 5.3 13 170 M M 1 16 180
18 54 23 39 1 26 0 0.00 0.0 0 7.8 15 190 M M 2 19 30
19 54 28 41 2 24 0 T 0.0 0 16.0 30 190 M M 4 50 190
20 43 22 33 -6 32 0 0.09 1.0 T 13.7 28 320 M M 5 1 41 300
21 50 20 35 -4 30 0 0.00 0.0 0 13.1 22 20 M M 1 30 30
22 55 24 40 1 25 0 0.00 0.0 0 12.7 28 350 M M 2 47 350
23 67 22 45 6 20 0 0.00 0.0 0 7.4 17 180 M M 0 21 180
24 69 28 49 9 16 0 0.00 0.0 0 8.0 16 170 M M 0 20 180
25 74 29 52 12 13 0 0.00 0.0 0 10.5 23 200 M M 0 32 200
26 73 37 55 15 10 0 0.00 0.0 0 10.7 23 160 M M 0 31 150
27 69 41 55 15 10 0 0.00 0.0 0 16.2 35 200 M M 0 51 200
28 60 37 49 9 16 0 0.00 0.0 0 14.0 35 190 M M 3 51 170
29 54 23 39 -1 26 0 0.01 0.0 0 12.0 29 320 M M 5 39 330
30 60 23 42 2 23 0 0.06 0.0 0 6.1 25 260 M M 3 1 37 250
31 55 29 42 1 23 0 0.02 0.0 0 5.9 16 340 M M 3 1 23 350
================================================================================
SM 1635 745 816 0 0.58 5.0 307.5 M 89
================================================================================
AV 52.7 24.0 9.9 FASTST M M 3 MAX(MPH)
MISC ----> # 35 200 # 51 200
================================================================================
NOTES:
# LAST OF SEVERAL OCCURRENCES
COLUMN 17 PEAK WIND IN M.P.H.
PRELIMINARY LOCAL CLIMATOLOGICAL DATA (WS FORM: F-6) , PAGE 2
STATION: ELY AIRPORT NV
MONTH: MARCH
YEAR: 2022
LATITUDE: 39 16 N
LONGITUDE: 114 51 W
[TEMPERATURE DATA] [PRECIPITATION DATA] SYMBOLS USED IN COLUMN 16
AVERAGE MONTHLY: 38.4 TOTAL FOR MONTH: 0.58 1 = FOG OR MIST
DPTR FM NORMAL: 0.7 DPTR FM NORMAL: -0.40 2 = FOG REDUCING VISIBILITY
HIGHEST: 74 ON 25 GRTST 24HR 0.34 ON 5- 6 TO 1/4 MILE OR LESS
LOWEST: 9 ON 11, 6 3 = THUNDER
SNOW, ICE PELLETS, HAIL 4 = ICE PELLETS
TOTAL MONTH: 5.0 INCHES 5 = HAIL
GRTST 24HR 1.9 ON 6- 6 6 = FREEZING RAIN OR DRIZZLE
GRTST DEPTH: 3 ON 6 7 = DUSTSTORM OR SANDSTORM:
VSBY 1/2 MILE OR LESS
8 = SMOKE OR HAZE
[NO. OF DAYS WITH] [WEATHER - DAYS WITH] 9 = BLOWING SNOW
X = TORNADO
MAX 32 OR BELOW: 3 0.01 INCH OR MORE: 9
MAX 90 OR ABOVE: 0 0.10 INCH OR MORE: 1
MIN 32 OR BELOW: 28 0.50 INCH OR MORE: 0
MIN 0 OR BELOW: 0 1.00 INCH OR MORE: 0
[HDD (BASE 65) ]
TOTAL THIS MO. 816 CLEAR (SCALE 0-3) 18
DPTR FM NORMAL -32 PTCLDY (SCALE 4-7) 10
TOTAL FM JUL 1 5777 CLOUDY (SCALE 8-10) 3
DPTR FM NORMAL -166
[CDD (BASE 65) ]
TOTAL THIS MO. 0
DPTR FM NORMAL 0 [PRESSURE DATA]
TOTAL FM JAN 1 0 HIGHEST SLP 30.50 ON 11
DPTR FM NORMAL 0 LOWEST SLP 29.46 ON 28
[REMARKS]
#FINAL-03-22#