000
CXUS56 KLKN 020937
CF6ELY
PRELIMINARY LOCAL CLIMATOLOGICAL DATA (WS FORM: F-6)
STATION: ELY AIRPORT NV
MONTH: AUGUST
YEAR: 2021
LATITUDE: 39 16 N
LONGITUDE: 114 51 W
TEMPERATURE IN F: :PCPN: SNOW: WIND :SUNSHINE: SKY :PK WND
================================================================================
1 2 3 4 5 6A 6B 7 8 9 10 11 12 13 14 15 16 17 18
12Z AVG MX 2MIN
DY MAX MIN AVG DEP HDD CDD WTR SNW DPTH SPD SPD DIR MIN PSBL S-S WX SPD DR
================================================================================
1 76 54 65 -5 0 0 0.04 0.0 0 6.7 23 30 M M 3 3 30 320
2 86 49 68 -2 0 3 0.00 0.0 0 7.4 15 330 M M 1 20 330
3 90 50 70 0 0 5 0.00 0.0 0 6.1 16 360 M M 1 22 30
4 93 52 73 3 0 8 T 0.0 0 7.5 20 150 M M 1 26 240
5 94 60 77 7 0 12 0.00 0.0 0 16.2 33 180 M M 0 8 44 190
6 80 47 64 -5 1 0 0.00 0.0 0 6.8 18 290 M M 8 8 23 290
7 87 41 64 -5 1 0 0.00 0.0 0 8.1 16 300 M M 0 8 21 210
8 90 48 69 0 0 4 0.00 0.0 0 10.1 23 230 M M 1 8 29 210
9 91 46 69 0 0 4 0.00 0.0 0 7.0 18 230 M M 0 8 24 200
10 90 47 69 0 0 4 0.00 0.0 0 7.6 22 350 M M 0 8 28 10
11 92 46 69 0 0 4 0.00 0.0 0 8.1 18 330 M M 0 8 27 350
12 92 47 70 2 0 5 0.00 0.0 0 7.4 31 250 M M 0 42 250
13 92 51 72 4 0 7 0.00 0.0 0 7.5 20 240 M M 0 24 240
14 92 53 73 5 0 8 T 0.0 0 8.5 28 190 M M 0 8 38 190
15 92 53 73 5 0 8 0.00 0.0 0 8.6 23 20 M M 0 8 30 30
16 94 46 70 2 0 5 0.00 0.0 0 8.6 15 190 M M 0 8 18 170
17 92 59 76 8 0 11 0.03 0.0 0 13.4 35 200 M M 2 138 45 220
18 64 41 53 -14 12 0 0.05 0.0 0 7.1 21 20 M M 7 138 24 30
19 68 39 54 -13 11 0 0.01 0.0 0 5.8 22 330 M M 3 18 26 330
20 78 32 55 -12 10 0 0.00 0.0 0 9.1 18 220 M M 0 25 220
21 79 54 67 0 0 2 T 0.0 0 13.0 31 180 M M 4 41 180
22 83 43 63 -3 2 0 0.00 0.0 0 9.4 22 210 M M 1 30 200
23 84 45 65 -1 0 0 0.00 0.0 0 14.6 28 140 M M 0 37 150
24 84 49 67 1 0 2 0.00 0.0 0 12.8 25 200 M M 0 35 200
25 86 45 66 0 0 1 0.00 0.0 0 14.8 31 200 M M 0 40 240
26 86 41 64 -1 1 0 0.00 0.0 0 7.5 17 320 M M 0 8 25 270
27 87 39 63 -2 2 0 0.00 0.0 0 9.1 17 210 M M 0 8 24 280
28 88 39 64 -1 1 0 0.00 0.0 0 7.1 16 20 M M 0 20 30
29 90 40 65 0 0 0 0.00 0.0 0 7.8 20 200 M M 0 26 250
30 90 45 68 4 0 3 0.00 0.0 0 9.3 28 210 M M 0 38 230
31 86 50 68 4 0 3 0.00 0.0 0 10.0 24 140 M M 1 3 33 130
================================================================================
SM 2676 1451 41 99 0.13 0.0 283.0 M 33
================================================================================
AV 86.3 46.8 9.1 FASTST M M 1 MAX(MPH)
MISC ----> 35 200 45 220
================================================================================
NOTES:
# LAST OF SEVERAL OCCURRENCES
COLUMN 17 PEAK WIND IN M.P.H.
PRELIMINARY LOCAL CLIMATOLOGICAL DATA (WS FORM: F-6) , PAGE 2
STATION: ELY AIRPORT NV
MONTH: AUGUST
YEAR: 2021
LATITUDE: 39 16 N
LONGITUDE: 114 51 W
[TEMPERATURE DATA] [PRECIPITATION DATA] SYMBOLS USED IN COLUMN 16
AVERAGE MONTHLY: 66.6 TOTAL FOR MONTH: 0.13 1 = FOG OR MIST
DPTR FM NORMAL: -0.9 DPTR FM NORMAL: -0.66 2 = FOG REDUCING VISIBILITY
HIGHEST: 94 ON 16, 5 GRTST 24HR 0.14 ON 31- 1 TO 1/4 MILE OR LESS
LOWEST: 32 ON 20 3 = THUNDER
SNOW, ICE PELLETS, HAIL 4 = ICE PELLETS
TOTAL MONTH: 0.0 INCH 5 = HAIL
GRTST 24HR 0.0 6 = FREEZING RAIN OR DRIZZLE
GRTST DEPTH: 0 7 = DUSTSTORM OR SANDSTORM:
VSBY 1/2 MILE OR LESS
8 = SMOKE OR HAZE
[NO. OF DAYS WITH] [WEATHER - DAYS WITH] 9 = BLOWING SNOW
X = TORNADO
MAX 32 OR BELOW: 0 0.01 INCH OR MORE: 4
MAX 90 OR ABOVE: 15 0.10 INCH OR MORE: 0
MIN 32 OR BELOW: 1 0.50 INCH OR MORE: 0
MIN 0 OR BELOW: 0 1.00 INCH OR MORE: 0
[HDD (BASE 65) ]
TOTAL THIS MO. 41 CLEAR (SCALE 0-3) 27
DPTR FM NORMAL 13 PTCLDY (SCALE 4-7) 4
TOTAL FM JUL 1 41 CLOUDY (SCALE 8-10) 0
DPTR FM NORMAL 2
[CDD (BASE 65) ]
TOTAL THIS MO. 99
DPTR FM NORMAL -5 [PRESSURE DATA]
TOTAL FM JAN 1 440 HIGHEST SLP 30.20 ON 2
DPTR FM NORMAL 152 LOWEST SLP 29.44 ON 17
[REMARKS]
#FINAL-08-21#