000
CXUS53 KTOP 011555
CLMEMP
CLIMATE REPORT
NATIONAL WEATHER SERVICE TOPEKA KS
955 AM CST MON JAN 01 2024
...................................
...THE EMPORIA KS CLIMATE SUMMARY FOR THE MONTH OF DECEMBER 2023...
CLIMATE NORMAL PERIOD 1991 TO 2020
CLIMATE RECORD PERIOD 9999 TO 9999
WEATHER OBSERVED NORMAL DEPART LAST YEAR`S
VALUE DATE(S) VALUE FROM VALUE
NORMAL
..............................................................
TEMPERATURE (F)
HIGHEST 68 12/07 68
LOWEST 23 12/10 -5
AVG. MAXIMUM 49.6 44.3 5.3 43.5
AVG. MINIMUM 31.6 24.2 7.4 23.2
MEAN 40.6 34.3 6.3 33.4
DAYS MAX >= 90 0 0.0 0.0 0
DAYS MAX <= 32 0 6.1 -6.1 3
DAYS MIN <= 32 21 25.4 -4.4 24
DAYS MIN <= 0 0 0.4 -0.4 2
PRECIPITATION (INCHES)
TOTALS 3.41 1.30 2.11 0.92
DAILY AVG. 0.11 0.03
DAYS >= .01 7 7
DAYS >= .10 3 3
DAYS >= .50 2 0
DAYS >= 1.00 1 0
GREATEST
24 HR. TOTAL 2.07 12/24 TO 12/24 0.58
DEGREE DAYS
HEATING TOTAL 692 953 -261 973
SINCE 7/1 1465 1891 -426 MM
COOLING TOTAL 0 0 0 0
SINCE 1/1 1850 1433 417 MM
..............................................................
WIND (MPH)
AVERAGE WIND SPEED 10.5
HIGHEST WIND SPEED/DIRECTION 32/190 DATE 12/07
HIGHEST GUST SPEED/DIRECTION 45/190 DATE 12/07
SKY COVER
POSSIBLE SUNSHINE (PERCENT) MM
AVERAGE SKY COVER 0.44
NUMBER OF DAYS FAIR 16
NUMBER OF DAYS PC 2
NUMBER OF DAYS CLOUDY 12
AVERAGE RH (PERCENT) 72
WEATHER CONDITIONS. NUMBER OF DAYS WITH
THUNDERSTORM 0 MIXED PRECIP 0
HEAVY RAIN 1 RAIN 5
LIGHT RAIN 7 FREEZING RAIN 0
LT FREEZING RAIN 0 HAIL 0
HEAVY SNOW 0 SNOW 1
LIGHT SNOW 3 SLEET 0
FOG 17 FOG W/VIS <= 1/4 MILE 6
HAZE 8
- INDICATES NEGATIVE NUMBERS.
R INDICATES RECORD WAS SET OR TIED.
MM INDICATES DATA IS MISSING.
T INDICATES TRACE AMOUNT.
$$