000
CXUS56 KOTX 010910
CF6EPH
PRELIMINARY LOCAL CLIMATOLOGICAL DATA (WS FORM: F-6)
STATION: EPHRATA WA AIRPORT
MONTH: JUNE
YEAR: 2022
LATITUDE: 47 18 N
LONGITUDE: 119 31 W
TEMPERATURE IN F: :PCPN: SNOW: WIND :SUNSHINE: SKY :PK WND
================================================================================
1 2 3 4 5 6A 6B 7 8 9 10 11 12 13 14 15 16 17 18
12Z AVG MX 2MIN
DY MAX MIN AVG DEP HDD CDD WTR SNW DPTH SPD SPD DIR MIN PSBL S-S WX SPD DR
================================================================================
1 79 52 66 2 0 1 T M M 7.2 16 50 M M 4 20 40
2 82 60 71 7 0 6 0.24 M M 11.2 25 300 M M 5 1 33 300
3 72 57 65 1 0 0 0.10 M M 7.4 25 250 M M 5 13 34 260
4 67 53 60 -5 5 0 0.04 M M 6.9 13 160 M M 9 17 120
5 75 54 65 0 0 0 0.35 M M 8.5 25 300 M M 6 13 32 300
6 75 46 61 -4 4 0 0.00 M M 11.1 22 310 M M 0 27 310
7 77 50 64 -1 1 0 0.00 M M 6.6 18 310 M M 1 24 300
8 80 56 68 3 0 3 0.00 M M 9.1 17 200 M M 2 24 210
9 72 57 65 -1 0 0 T M M 5.5 18 310 M M 7 23 310
10 78 57 68 2 0 3 0.08 M M 8.0 21 160 M M 5 26 160
11 79 54 67 1 0 2 T M M 10.0 24 210 M M 1 29 210
12 72 51 62 -4 3 0 0.30 M M 9.2 23 300 M M 4 27 300
13 69 47 58 -8 7 0 0.10 M M 15.0 33 290 M M 7 42 290
14 69 43 56 -11 9 0 0.00 M M 13.0 22 180 M M 3 28 260
15 71 41 56 -11 9 0 T M M 5.6 16 140 M M 1 19 140
16 77 57 67 0 0 2 0.01 M M 7.9 16 190 M M 4 23 60
17 76 58 67 0 0 2 0.00 M M 13.7 25 330 M M 2 32 330
18 75 54 65 -3 0 0 0.23 M M 12.2 31 150 M M 5 37 140
19 74 54 64 -4 1 0 0.04 M M 6.3 18 350 M M 8 24 320
20 80 56 68 0 0 3 0.00 M M 8.3 23 170 M M 2 26 170
21 85 52 69 1 0 4 0.00 M M 9.7 20 310 M M 0 25 170
22 88 56 72 3 0 7 0.00 M M 12.0 28 310 M M 0 38 310
23 80 57 69 0 0 4 0.00 M M 11.8 30 320 M M 2 36 320
24 80 57 69 0 0 4 0.00 M M 12.3 24 20 M M 1 30 20
25 88 51 70 0 0 5 0.00 M M 7.6 20 70 M M 0 26 60
26 94 59 77 7 0 12 0.00 M M 6.6 14 80 M M 0 20 20
27 99 59 79 9 0 14 0.00 M M 6.8 14 240 M M 0 17 280
28 89 60 75 5 0 10 T M M 12.7 29 220 M M 0 37 220
29 84 56 70 -1 0 5 0.00 M M 9.9 22 320 M M 1 26 320
30 87 61 74 3 0 9 0.00 M M 8.3 17 340 M M 0 22 310
================================================================================
SM 2373 1625 39 96 1.49 M 280.4 M 85
================================================================================
AV 79.1 54.2 9.3 FASTST M M 3 MAX(MPH)
MISC ----> 33 290 42 290
================================================================================
NOTES:
# LAST OF SEVERAL OCCURRENCES
COLUMN 17 PEAK WIND IN M.P.H.
PRELIMINARY LOCAL CLIMATOLOGICAL DATA (WS FORM: F-6) , PAGE 2
STATION: EPHRATA WA AIRPORT
MONTH: JUNE
YEAR: 2022
LATITUDE: 47 18 N
LONGITUDE: 119 31 W
[TEMPERATURE DATA] [PRECIPITATION DATA] SYMBOLS USED IN COLUMN 16
AVERAGE MONTHLY: 66.6 TOTAL FOR MONTH: 1.49 1 = FOG OR MIST
DPTR FM NORMAL: -0.6 DPTR FM NORMAL: 0.84 2 = FOG REDUCING VISIBILITY
HIGHEST: 99 ON 27 GRTST 24HR 0.40 ON 12-13 TO 1/4 MILE OR LESS
LOWEST: 41 ON 15 3 = THUNDER
SNOW, ICE PELLETS, HAIL 4 = ICE PELLETS
TOTAL MONTH: M 5 = HAIL
GRTST 24HR M ON M 6 = FREEZING RAIN OR DRIZZLE
GRTST DEPTH: M ON M 7 = DUSTSTORM OR SANDSTORM:
VSBY 1/2 MILE OR LESS
8 = SMOKE OR HAZE
[NO. OF DAYS WITH] [WEATHER - DAYS WITH] 9 = BLOWING SNOW
X = TORNADO
MAX 32 OR BELOW: 0 0.01 INCH OR MORE: 10
MAX 90 OR ABOVE: 2 0.10 INCH OR MORE: 6
MIN 32 OR BELOW: 0 0.50 INCH OR MORE: 0
MIN 0 OR BELOW: 0 1.00 INCH OR MORE: 0
[HDD (BASE 65) ]
TOTAL THIS MO. 39 CLEAR (SCALE 0-3) 18
DPTR FM NORMAL -14 PTCLDY (SCALE 4-7) 10
TOTAL FM JUL 1 6102 CLOUDY (SCALE 8-10) 2
DPTR FM NORMAL 346
[CDD (BASE 65) ]
TOTAL THIS MO. 96
DPTR FM NORMAL -23 [PRESSURE DATA]
TOTAL FM JAN 1 98 HIGHEST SLP M ON M
DPTR FM NORMAL -63 LOWEST SLP 29.57 ON 12
[REMARKS]
#FINAL-06-22#