000
CXUS56 KOTX 011010
CF6EPH
PRELIMINARY LOCAL CLIMATOLOGICAL DATA (WS FORM: F-6)
STATION: EPHRATA WA AIRPORT
MONTH: JANUARY
YEAR: 2021
LATITUDE: 47 18 N
LONGITUDE: 119 31 W
TEMPERATURE IN F: :PCPN: SNOW: WIND :SUNSHINE: SKY :PK WND
================================================================================
1 2 3 4 5 6A 6B 7 8 9 10 11 12 13 14 15 16 17 18
12Z AVG MX 2MIN
DY MAX MIN AVG DEP HDD CDD WTR SNW DPTH SPD SPD DIR MIN PSBL S-S WX SPD DR
================================================================================
1 37 31 34 8 31 0 0.01 M M 4.0 13 200 M M 10 12 14 200
2 46 23 35 8 30 0 0.00 M M 6.6 25 190 M M 7 12 31 190
3 50 31 41 14 24 0 T M M 8.7 24 190 M M 2 31 190
4 42 32 37 10 28 0 0.33 M M 7.2 16 210 M M 7 1 18 250
5 41 29 35 8 30 0 0.01 M M 4.9 15 40 M M 4 22 150
6 45 37 41 14 24 0 T M M 7.2 16 320 M M 8 20 320
7 44 34 39 12 26 0 T M M 7.2 16 330 M M 10 1 20 330
8 41 30 36 9 29 0 T M M 7.6 14 20 M M 6 16 30
9 39 27 33 5 32 0 0.00 M M 3.7 9 300 M M 9 12 310
10 41 35 38 10 27 0 0.00 M M 3.3 8 340 M M 10 9 340
11 39 34 37 9 28 0 0.13 M M 4.4 15 10 M M 10 12 17 10
12 44 37 41 13 24 0 0.14 M M 3.0 8 10 M M 9 1 10 360
13 52 33 43 15 22 0 0.04 M M 15.1 40 250 M M 2 1 50 250
14 45 29 37 9 28 0 0.00 M M 6.9 12 30 M M 4 27 330
15 43 25 34 5 31 0 0.00 M M 5.5 10 290 M M 2 13 40
16 40 25 33 4 32 0 0.00 M M 6.3 12 320 M M 7 1 14 20
17 45 30 38 9 27 0 0.00 M M 4.0 12 220 M M 5 1 14 200
18 51 25 38 9 27 0 0.00 M M 7.6 16 360 M M 0 20 10
19 39 25 32 3 33 0 0.00 M M 4.1 10 150 M M 1 1 12 170
20 40 28 34 4 31 0 0.00 M M 6.2 13 360 M M 3 15 360
21 41 31 36 6 29 0 0.00 M M 6.8 12 10 M M 9 14 360
22 38 28 33 3 32 0 0.00 M M 12.5 20 350 M M 4 22 320
23 35 15 25 -5 40 0 0.00 M M 6.2 18 320 M M 1 21 330
24 34 26 30 0 35 0 T M M 7.3 12 30 M M 8 1 16 40
25 34 28 31 1 34 0 T M M 5.7 10 280 M M 10 1 13 280
26 37 29 33 3 32 0 T M M 5.7 14 360 M M 9 1 16 360
27 38 30 34 3 31 0 0.34 M M 6.1 12 10 M M 10 1 13 20
28 41 34 38 7 27 0 0.01 M M 9.3 14 330 M M 9 17 330
29 39 31 35 4 30 0 T M M 5.3 16 310 M M 8 1 19 310
30 42 32 37 6 28 0 T M M 4.4 12 10 M M 10 12 13 20
31 47 35 41 10 24 0 0.03 M M 5.2 10 350 M M 9 12 320
================================================================================
SM 1290 919 906 0 1.04 M 198.0 M 203
================================================================================
AV 41.6 29.6 6.4 FASTST M M 7 MAX(MPH)
MISC ----> 40 250 50 250
================================================================================
NOTES:
# LAST OF SEVERAL OCCURRENCES
COLUMN 17 PEAK WIND IN M.P.H.
PRELIMINARY LOCAL CLIMATOLOGICAL DATA (WS FORM: F-6) , PAGE 2
STATION: EPHRATA WA AIRPORT
MONTH: JANUARY
YEAR: 2021
LATITUDE: 47 18 N
LONGITUDE: 119 31 W
[TEMPERATURE DATA] [PRECIPITATION DATA] SYMBOLS USED IN COLUMN 16
AVERAGE MONTHLY: 35.6 TOTAL FOR MONTH: 1.04 1 = FOG OR MIST
DPTR FM NORMAL: 6.8 DPTR FM NORMAL: 0.13 2 = FOG REDUCING VISIBILITY
HIGHEST: 52 ON 13 GRTST 24HR 0.96 ON 11-12 TO 1/4 MILE OR LESS
LOWEST: 15 ON 23 3 = THUNDER
SNOW, ICE PELLETS, HAIL 4 = ICE PELLETS
TOTAL MONTH: M 5 = HAIL
GRTST 24HR M ON M 6 = FREEZING RAIN OR DRIZZLE
GRTST DEPTH: M ON M 7 = DUSTSTORM OR SANDSTORM:
VSBY 1/2 MILE OR LESS
8 = SMOKE OR HAZE
[NO. OF DAYS WITH] [WEATHER - DAYS WITH] 9 = BLOWING SNOW
X = TORNADO
MAX 32 OR BELOW: 0 0.01 INCH OR MORE: 9
MAX 90 OR ABOVE: 0 0.10 INCH OR MORE: 4
MIN 32 OR BELOW: 23 0.50 INCH OR MORE: 0
MIN 0 OR BELOW: 0 1.00 INCH OR MORE: 0
[HDD (BASE 65) ]
TOTAL THIS MO. 906 CLEAR (SCALE 0-3) 7
DPTR FM NORMAL -216 PTCLDY (SCALE 4-7) 9
TOTAL FM JUL 1 3194 CLOUDY (SCALE 8-10) 15
DPTR FM NORMAL -514
[CDD (BASE 65) ]
TOTAL THIS MO. 0
DPTR FM NORMAL 0 [PRESSURE DATA]
TOTAL FM JAN 1 0 HIGHEST SLP M ON M
DPTR FM NORMAL 0 LOWEST SLP 29.46 ON 13
[REMARKS]
#FINAL-01-21#