000
CXUS56 KOTX 011240
CLMEPH
CLIMATE REPORT
NATIONAL WEATHER SERVICE SPOKANE WA
440 AM PST THU FEB 01 2024
...................................
...THE EPHRATA WA AIRPORT CLIMATE SUMMARY FOR THE MONTH OF JANUARY 2024...
CLIMATE NORMAL PERIOD 1991 TO 2020
CLIMATE RECORD PERIOD 9999 TO 9999
WEATHER OBSERVED NORMAL DEPART LAST YEAR`S
VALUE DATE(S) VALUE FROM VALUE DATE(S)
NORMAL
................................................................
TEMPERATURE (F)
RECORD
HIGH 61 01/31/1971
LOW -22 01/29/1950
HIGHEST 54 01/29 MM MM 51 01/27
LOWEST -6 01/13 MM MM 9 01/30
AVG. MAXIMUM 33.9 35.6 -1.7 37.5
AVG. MINIMUM 23.6 23.5 0.1 26.5
MEAN 28.8 29.6 -0.8 32.0
DAYS MAX >= 90 0 0.0 0.0 0
DAYS MAX <= 32 10 9.6 0.4 6
DAYS MIN <= 32 21 26.5 -5.5 28
DAYS MIN <= 0 2 0.7 1.3 0
PRECIPITATION (INCHES)
RECORD
MAXIMUM 2.49 2003
MINIMUM T 1977
TOTALS 1.36 0.91 0.45 1.18
DAILY AVG. 0.04 0.03 0.01 0.04
DAYS >= .01 17 8.7 8.3 9
DAYS >= .10 7 3.3 3.7 3
DAYS >= .50 0 0.1 -0.1 1
DAYS >= 1.00 0 0.0 0.0 0
GREATEST
24 HR. TOTAL 0.28 01/26 TO 01/27 0.52
DEGREE DAYS
HEATING TOTAL 1115 1099 16 1015
SINCE 7/1 3284 3569 -285 MM
COOLING TOTAL 0 0 0 0
SINCE 1/1 0 0 0 MM
................................................................
WIND (MPH)
AVERAGE WIND SPEED 6.3
HIGHEST WIND SPEED/DIRECTION 33/010 DATE 01/12
HIGHEST GUST SPEED/DIRECTION 44/210 DATE 01/09
SKY COVER
POSSIBLE SUNSHINE (PERCENT) MM
AVERAGE SKY COVER 0.67
NUMBER OF DAYS FAIR 8
NUMBER OF DAYS PC 5
NUMBER OF DAYS CLOUDY 18
AVERAGE RH (PERCENT) 79
WEATHER CONDITIONS. NUMBER OF DAYS WITH
THUNDERSTORM 0 MIXED PRECIP 1
HEAVY RAIN 0 RAIN 1
LIGHT RAIN 13 FREEZING RAIN 0
LT FREEZING RAIN 3 HAIL 0
HEAVY SNOW 0 SNOW 4
LIGHT SNOW 7 SLEET 0
FOG 21 FOG W/VIS <= 1/4 MILE 10
HAZE 2
- INDICATES NEGATIVE NUMBERS.
R INDICATES RECORD WAS SET OR TIED.
MM INDICATES DATA IS MISSING.
T INDICATES TRACE AMOUNT.
$$