000
CXUS56 KOTX 011614
CLMEPH
CLIMATE REPORT
NATIONAL WEATHER SERVICE SPOKANE WA
814 AM PST FRI DEC 01 2023
...................................
...THE EPHRATA WA AIRPORT CLIMATE SUMMARY FOR THE MONTH OF NOVEMBER 2023...
CLIMATE NORMAL PERIOD 1991 TO 2020
CLIMATE RECORD PERIOD 9999 TO 9999
WEATHER OBSERVED NORMAL DEPART LAST YEAR`S
VALUE DATE(S) VALUE FROM VALUE DATE(S)
NORMAL
................................................................
TEMPERATURE (F)
RECORD
HIGH 72 11/09/1989
LOW -15 11/23/1985
HIGHEST 58 11/11 MM MM 56 11/05
LOWEST 18 11/26 MM MM 14 11/30
11/28
AVG. MAXIMUM 44.7 45.7 -1.0 38.2
AVG. MINIMUM 29.8 29.5 0.3 23.1
MEAN 37.3 37.6 -0.3 30.6
DAYS MAX >= 90 0 0.0 0.0 0
DAYS MAX <= 32 3 2.0 1.0 6
DAYS MIN <= 32 21 18.8 2.2 28
DAYS MIN <= 0 0 0.1 -0.1 0
PRECIPITATION (INCHES)
RECORD
MAXIMUM 3.63 1983
MINIMUM T 2004
TOTALS 0.88 0.86 0.02 1.03
DAILY AVG. 0.03 0.03 0.00 0.03
DAYS >= .01 9 8.6 0.4 7
DAYS >= .10 4 2.9 1.1 4
DAYS >= .50 0 0.2 -0.2 0
DAYS >= 1.00 0 0.0 0.0 0
GREATEST
24 HR. TOTAL 0.41 11/05 TO 11/06 0.41
DEGREE DAYS
HEATING TOTAL 824 822 2 1023
SINCE 7/1 1309 1369 -60 MM
COOLING TOTAL 0 0 0 0
SINCE 1/1 1102 843 259 MM
................................................................
WIND (MPH)
AVERAGE WIND SPEED 6.0
HIGHEST WIND SPEED/DIRECTION 31/260 DATE 11/11
HIGHEST GUST SPEED/DIRECTION 37/260 DATE 11/11
SKY COVER
POSSIBLE SUNSHINE (PERCENT) MM
AVERAGE SKY COVER 0.45
NUMBER OF DAYS FAIR 14
NUMBER OF DAYS PC 7
NUMBER OF DAYS CLOUDY 9
AVERAGE RH (PERCENT) 78
WEATHER CONDITIONS. NUMBER OF DAYS WITH
THUNDERSTORM 0 MIXED PRECIP 0
HEAVY RAIN 0 RAIN 7
LIGHT RAIN 14 FREEZING RAIN 0
LT FREEZING RAIN 0 HAIL 0
HEAVY SNOW 0 SNOW 0
LIGHT SNOW 1 SLEET 0
FOG 17 FOG W/VIS <= 1/4 MILE 7
HAZE 3
- INDICATES NEGATIVE NUMBERS.
R INDICATES RECORD WAS SET OR TIED.
MM INDICATES DATA IS MISSING.
T INDICATES TRACE AMOUNT.
$$