000
CXUS54 KEWX 011110
CF6ERV
PRELIMINARY LOCAL CLIMATOLOGICAL DATA (WS FORM: F-6)
STATION: KERRVILLE
MONTH: FEBRUARY
YEAR: 2023
LATITUDE: 29 58 N
LONGITUDE: 99 5 W
TEMPERATURE IN F: :PCPN: SNOW: WIND :SUNSHINE: SKY :PK WND
================================================================================
1 2 3 4 5 6A 6B 7 8 9 10 11 12 13 14 15 16 17 18
12Z AVG MX 2MIN
DY MAX MIN AVG DEP HDD CDD WTR SNW DPTH SPD SPD DIR MIN PSBL S-S WX SPD DR
================================================================================
1 32 28 30 M 35 0 0.05 M M 7.4 13 340 M M 10 18 340
2 43 32 38 M 27 0 0.06 M M 7.4 15 320 M M 9 1 20 320
3 59 29 44 M 21 0 M M M 4.1 10 10 M M 0 1 M M
4 55 36 46 M 19 0 M M M 4.2 15 170 M M 8 12 17 170
5 74 31 53 M 12 0 M M M 2.6 10 200 M M 0 18 190
6 71 42 57 M 8 0 M M M 11.8 21 180 M M 7 1 25 180
7 69 47 58 M 7 0 M M M 11.0 17 150 M M 10 22 150
8 63 33 48 M 17 0 0.20 M M 9.9 17 290 M M 6 3 25 290
9 71 29 50 M 15 0 M M M 4.8 16 230 M M 0 23 0
10 53 29 41 M 24 0 M M M 15.6 24 320 M M 5 32 340
11 59 25 42 M 23 0 M M M 3.3 13 340 M M 0 18 320
12 60 25 43 M 22 0 M M M 4.0 12 200 M M 0 17 200
13 67 35 51 M 14 0 M M M 6.9 18 150 M M 4 25 150
14 75 41 58 M 7 0 0.01 M M 10.7 30 150 M M 3 37 150
15 82 36 59 M 6 0 M M M 7.4 21 170 M M 1 29 180
16 65 36 51 M 14 0 M M M 17.3 23 350 M M 5 33 350
17 52 30 41 M 24 0 M M M 8.2 15 350 M M 0 24 20
18 54 24 39 M 26 0 M M M 3.5 15 150 M M 0 17 160
19 73 42 58 M 7 0 M M M 4.6 13 210 M M 1 17 210
20 80 45 63 M 2 0 M M M 4.4 12 210 M M 3 20 230
21 84 47 66 M 0 1 M M M 7.6 21 160 M M 0 25 160
22 86 51 69 M 0 4 M M M 8.1 16 150 M M 3 27 150
23 78 51 65 M 0 0 M M M 7.6 16 60 M M 1 1 23 20
24 59 49 54 M 11 0 M M M 6.4 10 40 M M 10 M M
25 73 45 59 M 6 0 M M M 6.1 15 150 M M 10 18 20 150
26 80 61 71 M 0 6 0.01 M M 12.2 23 190 M M 9 1 30 190
27 85 46 66 M 0 1 M M M 8.2 22 320 M M 2 26 320
28 85 42 64 M 1 0 M M M 5.5 13 150 M M 0 21 150
================================================================================
SM 1887 1067 348 12 0.33 M 210.9 M 107
================================================================================
AV 67.4 38.1 7.5 FASTST M M 4 MAX(MPH)
MISC ----> 30 150 37 150
================================================================================
NOTES:
# LAST OF SEVERAL OCCURRENCES
COLUMN 17 PEAK WIND IN M.P.H.
PRELIMINARY LOCAL CLIMATOLOGICAL DATA (WS FORM: F-6) , PAGE 2
STATION: KERRVILLE
MONTH: FEBRUARY
YEAR: 2023
LATITUDE: 29 58 N
LONGITUDE: 99 5 W
[TEMPERATURE DATA] [PRECIPITATION DATA] SYMBOLS USED IN COLUMN 16
AVERAGE MONTHLY: 52.8 TOTAL FOR MONTH: 0.33 1 = FOG OR MIST
DPTR FM NORMAL: 0.0 DPTR FM NORMAL: 0.33 2 = FOG REDUCING VISIBILITY
HIGHEST: 86 ON 22 GRTST 24HR 0.20 ON 8- 8 TO 1/4 MILE OR LESS
LOWEST: 24 ON 18 3 = THUNDER
SNOW, ICE PELLETS, HAIL 4 = ICE PELLETS
TOTAL MONTH: M 5 = HAIL
GRTST 24HR M ON M 6 = FREEZING RAIN OR DRIZZLE
GRTST DEPTH: M ON M 7 = DUSTSTORM OR SANDSTORM:
VSBY 1/2 MILE OR LESS
8 = SMOKE OR HAZE
[NO. OF DAYS WITH] [WEATHER - DAYS WITH] 9 = BLOWING SNOW
X = TORNADO
MAX 32 OR BELOW: 1 0.01 INCH OR MORE: 5
MAX 90 OR ABOVE: 0 0.10 INCH OR MORE: 1
MIN 32 OR BELOW: 10 0.50 INCH OR MORE: 0
MIN 0 OR BELOW: 0 1.00 INCH OR MORE: 0
[HDD (BASE 65) ]
TOTAL THIS MO. 348 CLEAR (SCALE 0-3) 13
DPTR FM NORMAL M PTCLDY (SCALE 4-7) 9
TOTAL FM JUL 1 1543 CLOUDY (SCALE 8-10) 6
DPTR FM NORMAL M
[CDD (BASE 65) ]
TOTAL THIS MO. 12
DPTR FM NORMAL M [PRESSURE DATA]
TOTAL FM JAN 1 13 HIGHEST SLP M ON M
DPTR FM NORMAL M LOWEST SLP M ON M
[REMARKS]
#FINAL-02-23#