000
CXUS51 KOKX 011010
CF6EWR
PRELIMINARY LOCAL CLIMATOLOGICAL DATA (WS FORM: F-6)
STATION: NEWARK NJ
MONTH: JANUARY
YEAR: 2023
LATITUDE: 40 42 N
LONGITUDE: 74 10 W
TEMPERATURE IN F: :PCPN: SNOW: WIND :SUNSHINE: SKY :PK WND
================================================================================
1 2 3 4 5 6A 6B 7 8 9 10 11 12 13 14 15 16 17 18
12Z AVG MX 2MIN
DY MAX MIN AVG DEP HDD CDD WTR SNW DPTH SPD SPD DIR MIN PSBL S-S WX SPD DR
================================================================================
1 58 45 52 18 13 0 T 0.0 0 8.0 18 280 M M 7 1 23 280
2 59 43 51 17 14 0 0.05 0.0 0 4.8 15 260 M M 8 1 18 260
3 56 49 53 19 12 0 0.45 0.0 0 3.4 15 230 M M 10 12 19 220
4 66 50 58 24 7 0 0.02 0.0 0 5.5 13 210 M M 9 1 15 210
5 55 47 51 17 14 0 T 0.0 0 4.3 10 20 M M 10 12 12 20
6 50 39 45 12 20 0 0.31 0.0 0 6.3 21 290 M M 9 1 30 290
7 48 37 43 10 22 0 0.00 0.0 0 10.0 18 310 M M 6 27 290
8 42 33 38 5 27 0 0.00 0.0 0 5.7 13 10 M M 5 21 300
9 48 37 43 10 22 0 0.01 T 0 7.1 20 300 M M 5 26 300
10 43 33 38 5 27 0 0.00 0.0 0 7.7 14 340 M M 9 19 270
11 41 36 39 6 26 0 0.00 0.0 0 6.1 15 10 M M 10 17 20
12 57 39 48 15 17 0 0.21 0.0 0 6.4 14 180 M M 10 13 19 110
13 59 38 49 16 16 0 0.11 0.0 0 13.9 23 340 M M 9 33 290
14 38 33 36 4 29 0 T T 0 17.8 29 360 M M 10 34 340
15 46 32 39 7 26 0 0.00 0.0 0 19.3 29 350 M M 5 38 350
16 51 29 40 8 25 0 0.00 0.0 0 10.7 20 350 M M 3 26 310
17 48 31 40 8 25 0 0.00 0.0 0 6.3 15 240 M M 8 19 240
18 57 40 49 17 16 0 0.02 0.0 0 12.1 28 300 M M 6 35 300
19 44 38 41 9 24 0 0.95 0.0 0 5.6 18 350 M M 9 13 21 340
20 51 38 45 13 20 0 T 0.0 0 11.9 28 270 M M 8 33 280
21 42 38 40 8 25 0 T 0.0 0 10.0 21 340 M M 9 31 300
22 43 37 40 8 25 0 0.50 0.0 0 7.2 18 20 M M 10 1 22 10
23 41 37 39 7 26 0 0.29 T 0 14.8 26 310 M M 10 1 34 300
24 50 36 43 11 22 0 0.00 0.0 0 12.9 26 290 M M 6 34 290
25 58 34 46 14 19 0 0.95 T 0 8.5 25 130 M M 8 1 36 120
26 58 40 49 17 16 0 0.38 0.0 0 18.3 33 260 M M 8 1 44 260
27 45 31 38 6 27 0 0.00 0.0 0 8.4 16 260 M M 4 22 270
28 55 31 43 11 22 0 T T 0 9.0 25 270 M M 6 33 280
29 54 38 46 14 19 0 0.00 0.0 0 7.5 22 210 M M 8 30 200
30 57 39 48 16 17 0 0.00 0.0 0 5.7 14 230 M M 7 21 230
31 49 32 41 8 24 0 0.06 T 0 10.4 20 350 M M 9 4 23 340
================================================================================
SM 1569 1160 644 0 4.31 T 285.6 M 241
================================================================================
AV 50.6 37.4 9.2 FASTST M M 8 MAX(MPH)
MISC ----> 33 260 44 260
================================================================================
NOTES:
# LAST OF SEVERAL OCCURRENCES
COLUMN 17 PEAK WIND IN M.P.H.
PRELIMINARY LOCAL CLIMATOLOGICAL DATA (WS FORM: F-6) , PAGE 2
STATION: NEWARK NJ
MONTH: JANUARY
YEAR: 2023
LATITUDE: 40 42 N
LONGITUDE: 74 10 W
[TEMPERATURE DATA] [PRECIPITATION DATA] SYMBOLS USED IN COLUMN 16
AVERAGE MONTHLY: 44.0 TOTAL FOR MONTH: 4.31 1 = FOG OR MIST
DPTR FM NORMAL: 11.2 DPTR FM NORMAL: 0.89 2 = FOG REDUCING VISIBILITY
HIGHEST: 66 ON 4 GRTST 24HR 1.44 ON 25-26 TO 1/4 MILE OR LESS
LOWEST: 29 ON 16 3 = THUNDER
SNOW, ICE PELLETS, HAIL 4 = ICE PELLETS
TOTAL MONTH: T 5 = HAIL
GRTST 24HR T ON 9- 9 6 = FREEZING RAIN OR DRIZZLE
GRTST DEPTH: 0 7 = DUSTSTORM OR SANDSTORM:
VSBY 1/2 MILE OR LESS
8 = SMOKE OR HAZE
[NO. OF DAYS WITH] [WEATHER - DAYS WITH] 9 = BLOWING SNOW
X = TORNADO
MAX 32 OR BELOW: 0 0.01 INCH OR MORE: 14
MAX 90 OR ABOVE: 0 0.10 INCH OR MORE: 9
MIN 32 OR BELOW: 6 0.50 INCH OR MORE: 3
MIN 0 OR BELOW: 0 1.00 INCH OR MORE: 0
[HDD (BASE 65) ]
TOTAL THIS MO. 644 CLEAR (SCALE 0-3) 1
DPTR FM NORMAL -356 PTCLDY (SCALE 4-7) 13
TOTAL FM JUL 1 2216 CLOUDY (SCALE 8-10) 17
DPTR FM NORMAL -451
[CDD (BASE 65) ]
TOTAL THIS MO. 0
DPTR FM NORMAL 0 [PRESSURE DATA]
TOTAL FM JAN 1 0 HIGHEST SLP M ON M
DPTR FM NORMAL 0 LOWEST SLP 29.41 ON 26
[REMARKS]
#FINAL-01-23#