000
CXUS53 KIND 010700
CF6EYE
PRELIMINARY LOCAL CLIMATOLOGICAL DATA (WS FORM: F-6)
STATION: INDIANAPOLIS EAGLE CREEK IN
MONTH: FEBRUARY
YEAR: 2022
LATITUDE: 39 49 N
LONGITUDE: 86 18 W
TEMPERATURE IN F: :PCPN: SNOW: WIND :SUNSHINE: SKY :PK WND
================================================================================
1 2 3 4 5 6A 6B 7 8 9 10 11 12 13 14 15 16 17 18
12Z AVG MX 2MIN
DY MAX MIN AVG DEP HDD CDD WTR SNW DPTH SPD SPD DIR MIN PSBL S-S WX SPD DR
================================================================================
1 59 32 46 17 19 0 T M M 7.8 20 210 M M 5 30 210
2 49 27 38 9 27 0 1.24 M M 8.3 20 360 M M 10 146 30 360
3 27 20 24 -6 41 0 0.21 M M 13.9 21 10 M M 10 12 31 10
4 21 13 17 -13 48 0 T M M 8.1 17 280 M M 8 18 23 290
5 22 3 13 -17 52 0 T M M 6.7 22 300 M M 2 8 30 290
6 39 13 26 -4 39 0 0.00 M M 5.1 15 210 M M 0 1 22 190
7 28 12 20 -10 45 0 T M M 6.5 16 300 M M 3 18 24 300
8 48 7 28 -3 37 0 0.00 M M 6.9 17 200 M M 2 18 27 220
9 48 37 43 12 22 0 T M M 7.6 21 270 M M 3 34 260
10 39 26 33 2 32 0 T M M 7.9 17 290 M M 7 24 280
11 46 30 38 7 27 0 M M M 8.4 21 300 M M 4 1 28 270
12 34 17 26 -6 39 0 T M M 11.9 23 300 M M 8 18 30 310
13 22 11 17 -15 48 0 T M M 5.7 14 310 M M 6 8 18 300
14 28 11 20 -12 45 0 0.00 M M 2.4 8 270 M M 4 14 200
15 46 16 31 -1 34 0 0.00 M M 5.5 14 120 M M 0 20 140
16 60 44 52 19 13 0 T M M 9.4 24 200 M M 4 37 210
17 60 27 44 11 21 0 1.71 M M 10.6 26 330 M M 8 168 43 330
18 32 15 24 -9 41 0 T M M 9.6 23 300 M M 2 33 300
19 35 18 27 -7 38 0 0.00 M M 10.5 30 280 M M 1 43 310
20 56 19 38 4 27 0 0.00 M M 9.0 28 200 M M 0 48 200
21 63 31 47 13 18 0 0.00 M M 6.5 18 200 M M 2 26 190
22 62 30 46 11 19 0 M M M 10.7 29 280 M M 9 3 41 280
23 30 23 27 -8 38 0 M M M 10.2 22 290 M M 10 31 290
24 32 25 29 -6 36 0 0.21 M M 8.1 17 100 M M 10 16 26 70
25 31 25 28 -8 37 0 T M M 9.5 24 290 M M 10 18 33 280
26 36 23 30 -6 35 0 T T M 4.4 10 270 M M 4 8 14 280
27 47 22 35 -1 30 0 0.00 M M 5.2 17 280 M M 0 24 270
28 53 24 39 2 26 0 0.00 M M 4.9 16 200 M M 0 1 25 230
================================================================================
SM 1153 601 934 0 3.37 T 221.3 M 132
================================================================================
AV 41.2 21.5 7.9 FASTST M M 5 MAX(MPH)
MISC ----> 30 280 48 200
================================================================================
NOTES:
# LAST OF SEVERAL OCCURRENCES
COLUMN 17 PEAK WIND IN M.P.H.
PRELIMINARY LOCAL CLIMATOLOGICAL DATA (WS FORM: F-6) , PAGE 2
STATION: INDIANAPOLIS EAGLE CREEK IN
MONTH: FEBRUARY
YEAR: 2022
LATITUDE: 39 49 N
LONGITUDE: 86 18 W
[TEMPERATURE DATA] [PRECIPITATION DATA] SYMBOLS USED IN COLUMN 16
AVERAGE MONTHLY: 31.3 TOTAL FOR MONTH: 3.37 1 = FOG OR MIST
DPTR FM NORMAL: -1.2 DPTR FM NORMAL: 1.30 2 = FOG REDUCING VISIBILITY
HIGHEST: 63 ON 21 GRTST 24HR 1.71 ON 16-17 TO 1/4 MILE OR LESS
LOWEST: 3 ON 5 3 = THUNDER
SNOW, ICE PELLETS, HAIL 4 = ICE PELLETS
TOTAL MONTH: T 5 = HAIL
GRTST 24HR T ON 26-26 6 = FREEZING RAIN OR DRIZZLE
GRTST DEPTH: M ON M 7 = DUSTSTORM OR SANDSTORM:
VSBY 1/2 MILE OR LESS
8 = SMOKE OR HAZE
[NO. OF DAYS WITH] [WEATHER - DAYS WITH] 9 = BLOWING SNOW
X = TORNADO
MAX 32 OR BELOW: 10 0.01 INCH OR MORE: 4
MAX 90 OR ABOVE: 0 0.10 INCH OR MORE: 4
MIN 32 OR BELOW: 26 0.50 INCH OR MORE: 2
MIN 0 OR BELOW: 0 1.00 INCH OR MORE: 2
[HDD (BASE 65) ]
TOTAL THIS MO. 934 CLEAR (SCALE 0-3) 10
DPTR FM NORMAL 24 PTCLDY (SCALE 4-7) 12
TOTAL FM JUL 1 3727 CLOUDY (SCALE 8-10) 6
DPTR FM NORMAL -301
[CDD (BASE 65) ]
TOTAL THIS MO. 0
DPTR FM NORMAL 0 [PRESSURE DATA]
TOTAL FM JAN 1 0 HIGHEST SLP M ON M
DPTR FM NORMAL 0 LOWEST SLP 29.59 ON 17
[REMARKS]
#FINAL-02-22#