000
CXUS52 KKEY 011926
CLMEYW
CLIMATE REPORT
NATIONAL WEATHER SERVICE KEY WEST FL
226 PM EST THU FEB 1 2024
...................................
...THE KEY WEST CLIMATE SUMMARY FOR THE MONTH OF JANUARY 2024...
CLIMATE NORMAL PERIOD 1991 TO 2020
CLIMATE RECORD PERIOD 1871 TO 2024
WEATHER OBSERVED NORMAL DEPART LAST YEAR`S
VALUE DATE(S) VALUE FROM VALUE DATE(S)
NORMAL
................................................................
TEMPERATURE (F)
RECORD
HIGH 90 01/16/1877
LOW 41 01/13/1981
01/12/1886
HIGHEST 81 01/15 83 01/01
01/30
LOWEST 55 01/01 53 01/16
01/02
AVG. MAXIMUM 76.3 75.8 0.5 77.9
AVG. MINIMUM 66.5 65.5 1.0 67.3
MEAN 71.4 70.6 0.8 72.6
DAYS MAX >= 90 0 0.0 0.0 0
DAYS MAX <= 32 0 0.0 0.0 0
DAYS MIN <= 32 0 0.0 0.0 0
DAYS MIN <= 0 0 0.0 0.0 0
PRECIPITATION (INCHES)
RECORD
MAXIMUM 17.64 1983
MINIMUM T 1990
TOTALS 1.83 1.83 0.00 0.08
DAILY AVG. 0.06 0.06 0.00 0.00
DAYS >= .01 9 6.9 2.1 2
DAYS >= .10 3 3.3 -0.3 0
DAYS >= .50 1 0.9 0.1 0
DAYS >= 1.00 1 0.4 0.6 0
GREATEST
24 HR. TOTAL 1.15 01/16 TO 01/16
DEGREE DAYS
HEATING TOTAL 4 22 -18 7
SINCE 7/1 7 32 -25 29
COOLING TOTAL 209 197 12 250
SINCE 1/1 209 197 12 250
................................................................
WIND (MPH)
AVERAGE WIND SPEED 10.1
HIGHEST WIND SPEED/DIRECTION 28/160 DATE 01/09
28/340 01/10
HIGHEST GUST SPEED/DIRECTION 45/160 DATE 01/09
SKY COVER
POSSIBLE SUNSHINE (PERCENT) MM
AVERAGE SKY COVER 0.46
NUMBER OF DAYS FAIR 10
NUMBER OF DAYS PC 15
NUMBER OF DAYS CLOUDY 6
AVERAGE RH (PERCENT) 84
WEATHER CONDITIONS. NUMBER OF DAYS WITH
THUNDERSTORM 2 MIXED PRECIP 0
HEAVY RAIN 2 RAIN 2
LIGHT RAIN 10 FREEZING RAIN 0
LT FREEZING RAIN 0 HAIL 0
HEAVY SNOW 0 SNOW 0
LIGHT SNOW 0 SLEET 0
FOG 11 FOG W/VIS <= 1/4 MILE 1
HAZE 4
- INDICATES NEGATIVE NUMBERS.
R INDICATES RECORD WAS SET OR TIED.
MM INDICATES DATA IS MISSING.
T INDICATES TRACE AMOUNT.
$$
KEY WEST DAILY RECORDS, JANUARY 2024 AND 2024-TO-DATE
RECORD JAN 2024 2024
====== ======== ========
MAXIMUM TEMPERATURE 0 0
COOL MAXIMUM TEMPERATURE 0 0
WARM MINIMUM TEMPERATURE 0 0
MINIMUM TEMPERATURE 0 0
RAINFALL 0 0
ROSS