000
CXUS52 KRAH 191357
CF6FAY
PRELIMINARY LOCAL CLIMATOLOGICAL DATA (WS FORM: F-6)
STATION: FAYETTEVILLE NC
MONTH: JANUARY
YEAR: 2022
LATITUDE: 35 0 N
LONGITUDE: 78 53 W
TEMPERATURE IN F: :PCPN: SNOW: WIND :SUNSHINE: SKY :PK WND
================================================================================
1 2 3 4 5 6A 6B 7 8 9 10 11 12 13 14 15 16 17 18
12Z AVG MX 2MIN
DY MAX MIN AVG DEP HDD CDD WTR SNW DPTH SPD SPD DIR MIN PSBL S-S WX SPD DR
================================================================================
1 81 66 74 30 0 9 0.36 M M 13.1 25 210 M M 6 1 31 220
2 71 60 66 22 0 1 1.04 M M 12.7 25 200 M M 8 18 33 190
3 67 35 51 7 14 0 0.48 M M 14.8 35 220 M M 7 18 47 200
4 47 28 38 -6 27 0 0.00 M M 5.4 13 30 M M 1 16 30
5 56 35 46 2 19 0 0.07 M M 4.6 10 240 M M 7 18 13 240
6 61 36 49 5 16 0 0.00 M M 6.6 16 210 M M 2 21 220
7 55 31 43 -1 22 0 0.00 M M 12.5 26 300 M M 1 33 300
8 43 25 34 -10 31 0 0.00 M M 5.7 15 10 M M 2 20 10
9 70 37 54 10 11 0 0.41 M M 6.6 21 210 M M 8 1 28 200
10 56 34 45 1 20 0 0.00 M M 10.7 20 350 M M 5 29 340
11 44 27 36 -8 29 0 0.00 M M 4.8 15 10 M M 0 20 10
12 54 22 38 -6 27 0 0.00 M M 3.7 13 240 M M 0 16 210
13 55 27 41 -3 24 0 0.01 M M 3.6 18 320 M M 2 27 310
14 56 35 46 2 19 0 0.00 M M 9.4 21 320 M M 2 26 310
15 43 32 38 -6 27 0 0.00 M M 7.9 14 50 M M 3 20 50
16 39 30 35 -9 30 0 1.04 M M 12.3 22 30 M M 10 16 29 40
17 47 34 41 -3 24 0 0.00 M M 16.3 30 230 M M 6 38 240
18 53 26 40 -4 25 0 0.00 M M 5.1 14 250 M M 0 17 260
19 61 27 44 0 21 0 0.00 M M 5.9 17 200 M M 0 23 220
20 56 35 46 2 19 0 0.20 M M 9.6 24 20 M M 5 1 31 20
21 35 25 30 -14 35 0 0.42 M M 15.3 23 20 M M 10 16 29 10
22 36 20 28 -16 37 0 T M M 8.3 18 360 M M 7 1 23 10
23 48 16 32 -12 33 0 0.00 M M 6.2 14 220 M M 0 17 220
24 53 28 41 -3 24 0 0.00 M M 4.2 12 210 M M 0 14 220
25 57 33 45 1 20 0 0.00 M M 2.7 8 240 M M 1 10 240
26 46 27 37 -7 28 0 0.00 M M 11.2 21 30 M M 1 26 30
27 45 21 33 -11 32 0 0.00 M M 5.2 13 20 M M 0 15 350
28 48 25 37 -7 28 0 0.00 M M 4.2 12 350 M M 3 16 350
29 39 27 33 -12 32 0 0.02 M M 13.7 25 330 M M 5 18 35 310
30 48 16 32 -13 33 0 0.00 M M 7.1 20 190 M M 0 25 220
31 57 25 41 -4 24 0 0.00 M M 2.0 9 50 M M 0 11 40
================================================================================
SM 1627 945 731 10 4.05 M 251.4 M 102
================================================================================
AV 52.5 30.5 8.1 FASTST M M 3 MAX(MPH)
MISC ----> 35 220 47 200
================================================================================
NOTES:
# LAST OF SEVERAL OCCURRENCES
COLUMN 17 PEAK WIND IN M.P.H.
PRELIMINARY LOCAL CLIMATOLOGICAL DATA (WS FORM: F-6) , PAGE 2
STATION: FAYETTEVILLE NC
MONTH: JANUARY
YEAR: 2022
LATITUDE: 35 0 N
LONGITUDE: 78 53 W
[TEMPERATURE DATA] [PRECIPITATION DATA] SYMBOLS USED IN COLUMN 16
AVERAGE MONTHLY: 41.5 TOTAL FOR MONTH: 4.05 1 = FOG OR MIST
DPTR FM NORMAL: -2.5 DPTR FM NORMAL: 0.90 2 = FOG REDUCING VISIBILITY
HIGHEST: 81 ON 1 GRTST 24HR 1.04 ON 2- 2 TO 1/4 MILE OR LESS
LOWEST: 16 ON 30,23 3 = THUNDER
SNOW, ICE PELLETS, HAIL 4 = ICE PELLETS
TOTAL MONTH: M 5 = HAIL
GRTST 24HR M ON M 6 = FREEZING RAIN OR DRIZZLE
GRTST DEPTH: M ON M 7 = DUSTSTORM OR SANDSTORM:
VSBY 1/2 MILE OR LESS
8 = SMOKE OR HAZE
[NO. OF DAYS WITH] [WEATHER - DAYS WITH] 9 = BLOWING SNOW
X = TORNADO
MAX 32 OR BELOW: 0 0.01 INCH OR MORE: 10
MAX 90 OR ABOVE: 0 0.10 INCH OR MORE: 7
MIN 32 OR BELOW: 20 0.50 INCH OR MORE: 2
MIN 0 OR BELOW: 0 1.00 INCH OR MORE: 2
[HDD (BASE 65) ]
TOTAL THIS MO. 731 CLEAR (SCALE 0-3) 19
DPTR FM NORMAL 79 PTCLDY (SCALE 4-7) 10
TOTAL FM JUL 1 1509 CLOUDY (SCALE 8-10) 2
DPTR FM NORMAL -189
[CDD (BASE 65) ]
TOTAL THIS MO. 10
DPTR FM NORMAL 8 [PRESSURE DATA]
TOTAL FM JAN 1 10 HIGHEST SLP 9999.00 ON 1
DPTR FM NORMAL 8 LOWEST SLP 9999.00 ON 1
[REMARKS]
#FINAL-01-22#