000
CXUS52 KFFC 011010
CF6FFC
PRELIMINARY LOCAL CLIMATOLOGICAL DATA (WS FORM: F-6)
STATION: PEACHTREE CITY
MONTH: AUGUST
YEAR: 2020
LATITUDE: 33 20 N
LONGITUDE: 84 34 W
TEMPERATURE IN F: :PCPN: SNOW: WIND :SUNSHINE: SKY :PK WND
================================================================================
1 2 3 4 5 6A 6B 7 8 9 10 11 12 13 14 15 16 17 18
12Z AVG MX 2MIN
DY MAX MIN AVG DEP HDD CDD WTR SNW DPTH SPD SPD DIR MIN PSBL S-S WX SPD DR
================================================================================
1 90 70 80 0 0 15 0.00 0.0 M 2.7 10 270 M M 1 18 16 180
2 94 70 82 2 0 17 0.00 M M 1.5 10 310 M M 1 1 13 250
3 88 71 80 0 0 15 1.23 M M 2.9 28 310 M M 2 123 32 310
4 90 66 78 -2 0 13 0.00 M M 1.4 8 270 M M 4 12 11 250
5 90 69 80 1 0 15 0.00 M M 1.8 15 320 M M 1 13 20 320
6 91 71 81 2 0 16 0.00 M M 3.2 9 260 M M 2 1 14 260
7 91 71 81 2 0 16 T M M 1.9 10 290 M M 2 138 15 290
8 93 69 81 2 0 16 0.00 M M 1.1 9 160 M M 1 18 14 130
9 95 69 82 3 0 17 0.05 M M 2.1 17 150 M M 2 13 27 150
10 92 70 81 2 0 16 0.05 M M 2.1 23 290 M M 1 138 30 300
11 92 69 81 2 0 16 0.10 M M 2.7 12 350 M M 1 138 15 350
12 94 70 82 3 0 17 T M M 2.3 21 360 M M 1 138 28 360
13 92 70 81 2 0 16 0.93 M M 3.3 13 300 M M 2 138 17 310
14 86 71 79 0 0 14 0.58 M M 2.4 15 280 M M 6 1238 22 280
15 88 72 80 1 0 15 0.15 M M 2.3 24 320 M M 6 13 28 340
16 90 70 80 1 0 15 0.00 M M 4.4 14 320 M M 0 1 18 330
17 90 68 79 0 0 14 0.02 M M 1.8 20 320 M M 1 138 23 310
18 91 63 77 -2 0 12 0.00 M M 1.8 14 340 M M 0 13 18 360
19 87 67 77 -2 0 12 1.16 M M 4.2 22 330 M M 3 13 27 320
20 85 67 76 -2 0 11 0.64 M M 3.7 20 100 M M 4 13 26 120
21 83 70 77 -1 0 12 0.16 0.0 M 2.1 12 330 M M 7 1 14 320
22 85 66 76 -2 0 11 0.00 0.0 M 2.9 10 150 M M 2 12 15 140
23 86 70 78 0 0 13 0.00 0.0 M 3.0 13 130 M M 4 1 16 120
24 86 73 80 2 0 15 0.17 0.0 M 5.6 14 110 M M 8 1 20 120
25 78 72 75 -3 0 10 3.27 0.0 M 3.6 10 50 M M 9 12 13 20
26 90 74 82 4 0 17 T 0.0 M 1.5 7 130 M M 5 1 9 170
27 90 71 81 3 0 16 0.00 M M 3.2 12 140 M M 2 1 16 130
28 87 74 81 4 0 16 0.04 M M 2.1 9 230 M M 4 138 17 220
29 88 75 82 5 0 17 T M M 5.5 14 280 M M 6 1 21 280
30 91 73 82 5 0 17 T M M 3.2 10 320 M M 5 138 15 210
31 90 73 82 5 0 17 0.01 M M 1.5 8 290 M M 6 1 11 290
================================================================================
SM 2763 2174 0 459 8.56 0.0 83.8 M 99
================================================================================
AV 89.1 70.1 2.7 FASTST M M 3 MAX(MPH)
MISC ----> 28 310 32 310
================================================================================
NOTES:
# LAST OF SEVERAL OCCURRENCES
COLUMN 17 PEAK WIND IN M.P.H.
PRELIMINARY LOCAL CLIMATOLOGICAL DATA (WS FORM: F-6) , PAGE 2
STATION: PEACHTREE CITY
MONTH: AUGUST
YEAR: 2020
LATITUDE: 33 20 N
LONGITUDE: 84 34 W
[TEMPERATURE DATA] [PRECIPITATION DATA] SYMBOLS USED IN COLUMN 16
AVERAGE MONTHLY: 79.6 TOTAL FOR MONTH: 8.56 1 = FOG OR MIST
DPTR FM NORMAL: 1.0 DPTR FM NORMAL: 4.24 2 = FOG REDUCING VISIBILITY
HIGHEST: 95 ON 9 GRTST 24HR 3.33 ON 24-25 TO 1/4 MILE OR LESS
LOWEST: 63 ON 18 3 = THUNDER
SNOW, ICE PELLETS, HAIL 4 = ICE PELLETS
TOTAL MONTH: 0.0 INCH 5 = HAIL
GRTST 24HR 0.0 6 = FREEZING RAIN OR DRIZZLE
GRTST DEPTH: M ON M 7 = DUSTSTORM OR SANDSTORM:
VSBY 1/2 MILE OR LESS
8 = SMOKE OR HAZE
[NO. OF DAYS WITH] [WEATHER - DAYS WITH] 9 = BLOWING SNOW
X = TORNADO
MAX 32 OR BELOW: 0 0.01 INCH OR MORE: 15
MAX 90 OR ABOVE: 19 0.10 INCH OR MORE: 10
MIN 32 OR BELOW: 0 0.50 INCH OR MORE: 6
MIN 0 OR BELOW: 0 1.00 INCH OR MORE: 3
[HDD (BASE 65) ]
TOTAL THIS MO. 0 CLEAR (SCALE 0-3) 17
DPTR FM NORMAL 0 PTCLDY (SCALE 4-7) 13
TOTAL FM JUL 1 0 CLOUDY (SCALE 8-10) 1
DPTR FM NORMAL 0
[CDD (BASE 65) ]
TOTAL THIS MO. 459
DPTR FM NORMAL 39 [PRESSURE DATA]
TOTAL FM JAN 1 1583 HIGHEST SLP 30.17 ON 9
DPTR FM NORMAL 203 LOWEST SLP 29.77 ON 30
[REMARKS]
#FINAL-08-20#