000
CXUS52 KFFC 011010
CF6FFC
PRELIMINARY LOCAL CLIMATOLOGICAL DATA (WS FORM: F-6)
STATION: PEACHTREE CITY
MONTH: JUNE
YEAR: 2020
LATITUDE: 33 20 N
LONGITUDE: 84 34 W
TEMPERATURE IN F: :PCPN: SNOW: WIND :SUNSHINE: SKY :PK WND
================================================================================
1 2 3 4 5 6A 6B 7 8 9 10 11 12 13 14 15 16 17 18
12Z AVG MX 2MIN
DY MAX MIN AVG DEP HDD CDD WTR SNW DPTH SPD SPD DIR MIN PSBL S-S WX SPD DR
================================================================================
1 86 61 74 1 0 9 0.00 0.0 M 5.1 18 140 M M 1 28 140
2 88 62 75 2 0 10 0.00 0.0 M 2.2 9 140 M M 1 1 14 120
3 89 66 78 4 0 13 0.00 0.0 M 1.5 9 280 M M 1 1 13 270
4 91 70 81 7 0 16 0.00 M M 2.8 12 180 M M 1 1 18 180
5 87 69 78 4 0 13 0.56 M M 2.4 24 310 M M 3 13 30 310
6 88 67 78 4 0 13 0.00 M M 1.2 9 170 M M 1 1 14 170
7 87 70 79 5 0 14 0.00 M M 4.9 13 150 M M 3 1 19 150
8 88 73 81 6 0 16 0.05 M M 5.9 15 120 M M 5 18 19 120
9 90 70 80 5 0 15 0.34 M M 2.8 16 180 M M 4 138 27 180
10 87 74 81 6 0 16 0.31 M M 3.0 15 270 M M 6 138 25 220
11 84 65 75 0 0 10 T M M 6.4 22 330 M M 2 28 320
12 88 61 75 0 0 10 0.00 M M 4.7 10 60 M M 1 16 90
13 88 63 76 0 0 11 0.00 M M 3.2 13 130 M M 1 1 16 90
14 85 60 73 -3 0 8 0.05 M M 2.7 14 30 M M 2 138 20 40
15 84 59 72 -4 0 7 0.00 0.0 M 3.4 21 50 M M 3 1 29 40
16 75 59 67 -9 0 2 0.00 0.0 M 5.1 10 110 M M 6 17 40
17 77 56 67 -9 0 2 0.00 0.0 M 2.5 10 320 M M 7 13 330
18 83 59 71 -5 0 6 0.00 M M 1.0 9 320 M M 5 1 12 300
19 86 61 74 -3 0 9 0.04 M M 0.8 9 310 M M 2 138 11 300
20 91 63 77 0 0 12 0.00 0.0 M 2.5 10 300 M M 0 1 15 310
21 90 65 78 1 0 13 0.22 0.0 M 3.0 28 320 M M 2 13 36 320
22 87 65 76 -1 0 11 0.21 0.0 M 1.7 14 260 M M 2 138 24 230
23 85 69 77 0 0 12 0.09 0.0 M 5.3 14 260 M M 4 18 24 230
24 82 70 76 -1 0 11 0.26 0.0 M 4.2 10 270 M M 5 1 15 270
25 83 70 77 -1 0 12 0.59 0.0 M 3.7 25 300 M M 8 123 37 290
26 83 65 74 -4 0 9 T 0.0 M 3.8 21 310 M M 2 18 27 320
27 86 67 77 -1 0 12 0.00 0.0 M 2.9 14 360 M M 1 18 19 260
28 89 73 81 3 0 16 T 0.0 M 4.5 14 280 M M 3 1 19 300
29 92 69 81 3 0 16 0.05 M M 3.6 25 330 M M 1 13 33 310
30 89 70 80 2 0 15 0.15 0.0 M 3.0 25 320 M M 1 13 30 320
================================================================================
SM 2588 1971 0 339 2.92 0.0 99.8 M 84
================================================================================
AV 86.3 65.7 3.3 FASTST M M 3 MAX(MPH)
MISC ----> 28 320 37 290
================================================================================
NOTES:
# LAST OF SEVERAL OCCURRENCES
COLUMN 17 PEAK WIND IN M.P.H.
PRELIMINARY LOCAL CLIMATOLOGICAL DATA (WS FORM: F-6) , PAGE 2
STATION: PEACHTREE CITY
MONTH: JUNE
YEAR: 2020
LATITUDE: 33 20 N
LONGITUDE: 84 34 W
[TEMPERATURE DATA] [PRECIPITATION DATA] SYMBOLS USED IN COLUMN 16
AVERAGE MONTHLY: 76.0 TOTAL FOR MONTH: 2.92 1 = FOG OR MIST
DPTR FM NORMAL: 0.1 DPTR FM NORMAL: -0.71 2 = FOG REDUCING VISIBILITY
HIGHEST: 92 ON 29 GRTST 24HR 0.83 ON 24-25 TO 1/4 MILE OR LESS
LOWEST: 56 ON 17 3 = THUNDER
SNOW, ICE PELLETS, HAIL 4 = ICE PELLETS
TOTAL MONTH: 0.0 INCH 5 = HAIL
GRTST 24HR 0.0 6 = FREEZING RAIN OR DRIZZLE
GRTST DEPTH: M ON M 7 = DUSTSTORM OR SANDSTORM:
VSBY 1/2 MILE OR LESS
8 = SMOKE OR HAZE
[NO. OF DAYS WITH] [WEATHER - DAYS WITH] 9 = BLOWING SNOW
X = TORNADO
MAX 32 OR BELOW: 0 0.01 INCH OR MORE: 13
MAX 90 OR ABOVE: 5 0.10 INCH OR MORE: 8
MIN 32 OR BELOW: 0 0.50 INCH OR MORE: 2
MIN 0 OR BELOW: 0 1.00 INCH OR MORE: 0
[HDD (BASE 65) ]
TOTAL THIS MO. 0 CLEAR (SCALE 0-3) 21
DPTR FM NORMAL -1 PTCLDY (SCALE 4-7) 9
TOTAL FM JUL 1 2068 CLOUDY (SCALE 8-10) 0
DPTR FM NORMAL -882
[CDD (BASE 65) ]
TOTAL THIS MO. 339
DPTR FM NORMAL 12 [PRESSURE DATA]
TOTAL FM JAN 1 631 HIGHEST SLP 30.24 ON 26
DPTR FM NORMAL 114 LOWEST SLP 29.85 ON 23
[REMARKS]
#FINAL-06-20#