000
CXUS52 KILM 011000
CF6FLO
PRELIMINARY LOCAL CLIMATOLOGICAL DATA (WS FORM: F-6)
STATION: FLORENCE SOUTH CAROLINA
MONTH: OCTOBER
YEAR: 2023
LATITUDE: 34 10 N
LONGITUDE: 79 43 W
TEMPERATURE IN F: :PCPN: SNOW: WIND :SUNSHINE: SKY :PK WND
================================================================================
1 2 3 4 5 6A 6B 7 8 9 10 11 12 13 14 15 16 17 18
12Z AVG MX 2MIN
DY MAX MIN AVG DEP HDD CDD WTR SNW DPTH SPD SPD DIR MIN PSBL S-S WX SPD DR
================================================================================
1 81 59 70 -1 0 5 0.00 M M 6.9 15 10 M M 2 20 40
2 84 59 72 1 0 7 0.00 M M 6.0 13 10 M M 0 20 30
3 84 60 72 2 0 7 0.00 M M 6.8 14 40 M M 0 20 40
4 82 61 72 2 0 7 0.00 M M 6.7 15 60 M M 0 22 70
5 85 61 73 3 0 8 0.00 M M 7.5 17 110 M M 4 22 110
6 81 64 73 4 0 8 0.00 M M 4.3 10 360 M M 4 1 15 10
7 80 56 68 -1 0 3 T M M 8.9 18 350 M M 4 12 26 350
8 70 43 57 -11 8 0 0.00 M M 5.4 15 280 M M 0 22 300
9 75 41 58 -10 7 0 0.00 M M 5.3 15 220 M M 0 21 190
10 82 52 67 -1 0 2 0.00 M M 7.9 17 200 M M 0 26 210
11 75 56 66 -1 0 1 0.03 M M 4.0 14 180 M M 3 15 180
12 67 57 62 -5 3 0 0.78 M M 7.2 16 70 M M 9 1 24 70
13 77 55 66 -1 0 1 T M M 5.8 12 50 M M 5 18 17 100
14 71 61 66 0 0 1 0.06 M M 7.1 17 290 M M 8 1 25 300
15 70 51 61 -5 4 0 T M M 6.6 17 30 M M 5 24 330
16 67 48 58 -8 7 0 T M M 8.3 15 10 M M 6 22 350
17 69 45 57 -8 8 0 0.00 M M 4.8 12 360 M M 3 17 360
18 73 48 61 -4 4 0 0.00 M M 1.7 9 170 M M 4 13 240
19 74 44 59 -5 6 0 0.00 M M 1.8 9 100 M M 0 19 70
20 75 50 63 -1 2 0 0.11 M M 6.4 38 300 M M 3 138 55 300
21 73 47 60 -4 5 0 0.00 M M 9.3 18 280 M M 0 26 310
22 79 48 64 1 1 0 0.00 M M 7.0 17 10 M M 0 23 340
23 71 43 57 -6 8 0 0.00 M M 4.9 13 50 M M 0 19 50
24 74 37 56 -6 9 0 0.00 M M 3.0 9 20 M M 0 12 40
25 81 48 65 3 0 0 0.00 M M 3.9 9 90 M M 1 1 13 100
26 82 53 68 6 0 3 0.00 M M 3.0 8 130 M M 2 12 12 70
27 83 55 69 8 0 4 0.00 M M 1.7 8 270 M M 2 12 11 260
28 84 55 70 9 0 5 0.00 M M 3.2 12 300 M M 1 12 17 270
29 84 56 70 9 0 5 0.00 M M 6.1 15 230 M M 0 12 21 230
30 86 64 75 15 0 10 0.00 M M 7.7 20 260 M M 1 18 24 270
31 65 49 57 -3 8 0 T M M 9.8 18 50 M M 7 25 70
================================================================================
SM 2384 1626 80 77 0.98 M 179.0 M 74
================================================================================
AV 76.9 52.5 5.8 FASTST M M 2 MAX(MPH)
MISC ----> 38 300 55 300
================================================================================
NOTES:
# LAST OF SEVERAL OCCURRENCES
COLUMN 17 PEAK WIND IN M.P.H.
PRELIMINARY LOCAL CLIMATOLOGICAL DATA (WS FORM: F-6) , PAGE 2
STATION: FLORENCE SOUTH CAROLINA
MONTH: OCTOBER
YEAR: 2023
LATITUDE: 34 10 N
LONGITUDE: 79 43 W
[TEMPERATURE DATA] [PRECIPITATION DATA] SYMBOLS USED IN COLUMN 16
AVERAGE MONTHLY: 64.7 TOTAL FOR MONTH: 0.98 1 = FOG OR MIST
DPTR FM NORMAL: -0.8 DPTR FM NORMAL: -2.44 2 = FOG REDUCING VISIBILITY
HIGHEST: 86 ON 30 GRTST 24HR 0.81 ON 11-12 TO 1/4 MILE OR LESS
LOWEST: 37 ON 24 3 = THUNDER
SNOW, ICE PELLETS, HAIL 4 = ICE PELLETS
TOTAL MONTH: M 5 = HAIL
GRTST 24HR M ON M 6 = FREEZING RAIN OR DRIZZLE
GRTST DEPTH: M ON M 7 = DUSTSTORM OR SANDSTORM:
VSBY 1/2 MILE OR LESS
8 = SMOKE OR HAZE
[NO. OF DAYS WITH] [WEATHER - DAYS WITH] 9 = BLOWING SNOW
X = TORNADO
MAX 32 OR BELOW: 0 0.01 INCH OR MORE: 4
MAX 90 OR ABOVE: 0 0.10 INCH OR MORE: 2
MIN 32 OR BELOW: 0 0.50 INCH OR MORE: 1
MIN 0 OR BELOW: 0 1.00 INCH OR MORE: 0
[HDD (BASE 65) ]
TOTAL THIS MO. 80 CLEAR (SCALE 0-3) 20
DPTR FM NORMAL -8 PTCLDY (SCALE 4-7) 10
TOTAL FM JUL 1 81 CLOUDY (SCALE 8-10) 1
DPTR FM NORMAL -14
[CDD (BASE 65) ]
TOTAL THIS MO. 77
DPTR FM NORMAL -27 [PRESSURE DATA]
TOTAL FM JAN 1 2087 HIGHEST SLP 30.41 ON 24
DPTR FM NORMAL -147 LOWEST SLP 29.57 ON 20
[REMARKS]
#FINAL-10-23#