000
CXUS52 KTBW 031231
CF6FMY
PRELIMINARY LOCAL CLIMATOLOGICAL DATA (WS FORM: F-6)
STATION: FORT MYERS
MONTH: JULY
YEAR: 2023
LATITUDE: 26 34 N
LONGITUDE: 81 52 W
TEMPERATURE IN F: :PCPN: SNOW: WIND :SUNSHINE: SKY :PK WND
================================================================================
1 2 3 4 5 6A 6B 7 8 9 10 11 12 13 14 15 16 17 18
12Z AVG MX 2MIN
DY MAX MIN AVG DEP HDD CDD WTR SNW DPTH SPD SPD DIR MIN PSBL S-S WX SPD DR
================================================================================
1 95 76 86 3 0 21 T 0.0 0 4.8 14 190 M M 2 3 20 180
2 94 77 86 3 0 21 0.00 0.0 0 4.3 14 260 M M 2 3 19 250
3 94 78 86 3 0 21 T 0.0 0 4.5 15 290 M M 2 3 23 280
4 96 77 87 4 0 22 0.12 0.0 0 3.5 14 240 M M 2 13 19 240
5 95 80 88 5 0 23 T 0.0 0 4.6 18 290 M M M 3 25 270
6 93 79 86 3 0 21 0.26 0.0 0 4.6 15 140 M M M 3 20 150
7 93 80 87 4 0 22 0.00 0.0 0 6.5 20 250 M M M 25 260
8 94 80 87 4 0 22 T 0.0 0 7.3 21 270 M M 3 3 26 270
9 93 81 87 4 0 22 0.00 0.0 0 9.2 17 270 M M 2 23 240
10 94 79 87 4 0 22 0.00 0.0 0 10.1 16 260 M M 1 23 260
11 95 80 88 5 0 23 0.00 0.0 0 4.9 15 260 M M 1 20 250
12 96 79 88 5 0 23 0.00 0.0 0 5.5 15 270 M M 2 22 310
13 98 80 89 6 0 24 0.00 0.0 0 6.2 15 160 M M 1 3 22 290
14 93 78 86 3 0 21 0.48 0.0 0 2.7 23 290 M M 2 138 32 280
15 90 77 84 1 0 19 0.21 0.0 0 3.1 24 260 M M 1 3 32 240
16 94 79 87 4 0 22 0.00 0.0 0 4.5 15 260 M M 1 3 21 290
17 90 78 84 1 0 19 0.01 0.0 0 3.9 10 260 M M 1 3 14 270
18 93 77 85 2 0 20 T 0.0 0 4.6 15 130 M M 2 3 20 130
19 97 77 87 4 0 22 T 0.0 0 6.3 20 20 M M 1 13 27 170
20 96 77 87 4 0 22 0.09 0.0 0 5.1 18 140 M M 3 3 28 150
21 96 78 87 4 0 22 0.81 0.0 0 4.2 25 280 M M 3 3 35 280
22 95 79 87 4 0 22 T 0.0 0 5.9 21 240 M M 2 3 27 260
23 94 79 87 4 0 22 0.00 0.0 0 5.8 17 260 M M 2 23 240
24 95 81 88 5 0 23 0.00 0.0 0 6.0 16 270 M M 1 22 260
25 98 77 88 5 0 23 0.00 0.0 0 5.1 21 290 M M 1 3 27 80
26 93 73 83 0 0 18 1.59 0.0 0 5.0 43 100 M M 1 1238 68 100
27 92 76 84 1 0 19 0.05 0.0 0 6.3 15 110 M M 2 13 22 40
28 87 77 82 -1 0 17 0.33 0.0 0 6.2 13 120 M M 2 138 18 170
29 95 78 87 3 0 22 0.29 0.0 0 4.9 18 150 M M 2 13 25 80
30 95 79 87 3 0 22 0.00 0.0 0 3.7 16 70 M M 2 3 23 250
31 94 78 86 2 0 21 T 0.0 0 5.5 17 50 M M 0 3 25 60
================================================================================
SM 2917 2424 0 663 4.24 0.0 164.8 M 47
================================================================================
AV 94.1 78.2 5.3 FASTST M M 2 MAX(MPH)
MISC ----> 43 100 68 100
================================================================================
NOTES:
# LAST OF SEVERAL OCCURRENCES
COLUMN 17 PEAK WIND IN M.P.H.
PRELIMINARY LOCAL CLIMATOLOGICAL DATA (WS FORM: F-6) , PAGE 2
STATION: FORT MYERS
MONTH: JULY
YEAR: 2023
LATITUDE: 26 34 N
LONGITUDE: 81 52 W
[TEMPERATURE DATA] [PRECIPITATION DATA] SYMBOLS USED IN COLUMN 16
AVERAGE MONTHLY: 86.1 TOTAL FOR MONTH: 4.24 1 = FOG OR MIST
DPTR FM NORMAL: 2.9 DPTR FM NORMAL: -5.14 2 = FOG REDUCING VISIBILITY
HIGHEST: 98 ON 25,13 GRTST 24HR 1.64 ON 26-27 TO 1/4 MILE OR LESS
LOWEST: 73 ON 26 3 = THUNDER
SNOW, ICE PELLETS, HAIL 4 = ICE PELLETS
TOTAL MONTH: 0.0 INCH 5 = HAIL
GRTST 24HR 0.0 6 = FREEZING RAIN OR DRIZZLE
GRTST DEPTH: 0 7 = DUSTSTORM OR SANDSTORM:
VSBY 1/2 MILE OR LESS
8 = SMOKE OR HAZE
[NO. OF DAYS WITH] [WEATHER - DAYS WITH] 9 = BLOWING SNOW
X = TORNADO
MAX 32 OR BELOW: 0 0.01 INCH OR MORE: 11
MAX 90 OR ABOVE: 30 0.10 INCH OR MORE: 8
MIN 32 OR BELOW: 0 0.50 INCH OR MORE: 2
MIN 0 OR BELOW: 0 1.00 INCH OR MORE: 1
[HDD (BASE 65) ]
TOTAL THIS MO. 0 CLEAR (SCALE 0-3) 27
DPTR FM NORMAL 0 PTCLDY (SCALE 4-7) 1
TOTAL FM JUL 1 0 CLOUDY (SCALE 8-10) 3
DPTR FM NORMAL 0
[CDD (BASE 65) ]
TOTAL THIS MO. 663
DPTR FM NORMAL 100 [PRESSURE DATA]
TOTAL FM JAN 1 2894 HIGHEST SLP 30.16 ON 24
DPTR FM NORMAL 683 LOWEST SLP 29.91 ON 1
[REMARKS]
#FINAL-07-23#