000
CXUS53 KOAX 011327
CF6FNB
PRELIMINARY LOCAL CLIMATOLOGICAL DATA (WS FORM: F-6)
STATION: FALLS CITY NE
MONTH: DECEMBER
YEAR: 2021
LATITUDE: 40 4 N
LONGITUDE: 95 35 W
TEMPERATURE IN F: :PCPN: SNOW: WIND :SUNSHINE: SKY :PK WND
================================================================================
1 2 3 4 5 6A 6B 7 8 9 10 11 12 13 14 15 16 17 18
12Z AVG MX 2MIN
DY MAX MIN AVG DEP HDD CDD WTR SNW DPTH SPD SPD DIR MIN PSBL S-S WX SPD DR
================================================================================
1 64 36 50 15 15 0 0.00 M M 9.4 17 240 M M 1 24 260
2 71 41 56 21 9 0 0.00 M M 6.0 12 240 M M 0 8 16 260
3 63 36 50 16 15 0 0.00 M M 8.5 21 350 M M 0 29 350
4 49 33 41 7 24 0 0.00 M M 8.3 16 80 M M 1 1 22 60
5 59 34 47 13 18 0 0.00 M M 13.0 33 320 M M 3 57 310
6 34 20 27 -6 38 0 0.00 M M 11.3 30 320 M M 0 44 310
7 44 24 34 1 31 0 0.00 M M 10.4 20 220 M M 2 29 180
8 52 23 38 5 27 0 0.00 M M 7.6 15 150 M M 1 8 21 140
9 60 34 47 15 18 0 T M M 8.3 18 280 M M 0 24 350
10 49 32 41 9 24 0 0.00 M M 14.6 30 310 M M 4 1 43 330
11 48 30 39 7 26 0 0.00 M M 13.8 28 320 M M 2 40 300
12 58 33 46 15 19 0 0.00 M M 11.8 26 210 M M 0 36 210
13 57 30 44 13 21 0 0.00 M M 5.4 13 140 M M 0 8 19 190
14 63 36 50 19 15 0 0.00 M M 9.6 20 200 M M 1 29 180
15 75 28 52 22 13 0 0.23 M M M M M M M M 62 200
16 M M M M M M 0.00 M M M M M M M M M M
17 M M M M M M 0.00 M M M M M M M M M M
18 30 17 24 -6 41 0 0.00 M M 10.9 21 320 M M 7 31 320
19 38 12 25 -5 40 0 0.00 M M 9.6 20 180 M M 0 31 170
20 41 19 30 1 35 0 0.00 M M 8.9 18 350 M M 0 26 200
21 48 14 31 2 34 0 0.00 M M 6.7 21 320 M M 0 28 310
22 53 15 34 5 31 0 0.00 M M 7.8 21 210 M M 0 27 200
23 63 33 48 19 17 0 0.00 M M 8.5 17 220 M M 0 22 210
24 62 37 50 22 15 0 0.04 M M 6.5 15 340 M M 3 12 24 330
25 51 30 41 13 24 0 0.03 M M 3.9 14 320 M M 1 1 19 350
26 56 26 41 13 24 0 0.00 M M 9.0 24 140 M M 0 1 34 130
27 47 30 39 11 26 0 0.00 M M 8.7 22 290 M M 0 1 30 300
28 53 16 35 7 30 0 T M M 12.3 23 320 M M 4 33 120
29 26 14 20 -8 45 0 0.01 M M 7.4 12 40 M M 7 1 17 40
30 44 23 34 7 31 0 0.00 M M 5.8 15 190 M M 5 23 230
31 36 20 28 1 37 0 0.00 M M 9.8 21 10 M M 8 128 30 350
================================================================================
SM 1494 776 743 0 0.31 M 253.8 M 50
================================================================================
AV 51.5 26.8 9.1 FASTST M M 2 MAX(MPH)
MISC ----> 33 320 62 200
================================================================================
NOTES:
# LAST OF SEVERAL OCCURRENCES
COLUMN 17 PEAK WIND IN M.P.H.
PRELIMINARY LOCAL CLIMATOLOGICAL DATA (WS FORM: F-6) , PAGE 2
STATION: FALLS CITY NE
MONTH: DECEMBER
YEAR: 2021
LATITUDE: 40 4 N
LONGITUDE: 95 35 W
[TEMPERATURE DATA] [PRECIPITATION DATA] SYMBOLS USED IN COLUMN 16
AVERAGE MONTHLY: 39.1 TOTAL FOR MONTH: 0.31 1 = FOG OR MIST
DPTR FM NORMAL: 8.5 DPTR FM NORMAL: -0.90 2 = FOG REDUCING VISIBILITY
HIGHEST: 75 ON 15 GRTST 24HR 0.23 ON 15-15 TO 1/4 MILE OR LESS
LOWEST: 12 ON 19 3 = THUNDER
SNOW, ICE PELLETS, HAIL 4 = ICE PELLETS
TOTAL MONTH: M 5 = HAIL
GRTST 24HR M ON M 6 = FREEZING RAIN OR DRIZZLE
GRTST DEPTH: M ON M 7 = DUSTSTORM OR SANDSTORM:
VSBY 1/2 MILE OR LESS
8 = SMOKE OR HAZE
[NO. OF DAYS WITH] [WEATHER - DAYS WITH] 9 = BLOWING SNOW
X = TORNADO
MAX 32 OR BELOW: 2 0.01 INCH OR MORE: 4
MAX 90 OR ABOVE: 0 0.10 INCH OR MORE: 1
MIN 32 OR BELOW: 19 0.50 INCH OR MORE: 0
MIN 0 OR BELOW: 0 1.00 INCH OR MORE: 0
[HDD (BASE 65) ]
TOTAL THIS MO. 743 CLEAR (SCALE 0-3) 21
DPTR FM NORMAL -325 PTCLDY (SCALE 4-7) 7
TOTAL FM JUL 1 1598 CLOUDY (SCALE 8-10) 3
DPTR FM NORMAL -607
[CDD (BASE 65) ]
TOTAL THIS MO. 0
DPTR FM NORMAL 0 [PRESSURE DATA]
TOTAL FM JAN 1 1413 HIGHEST SLP 30.43 ON 18
DPTR FM NORMAL 175 LOWEST SLP 29.23 ON 15
[REMARKS]
#FINAL-12-21#