000
CXUS53 KOAX 010930
CF6FNB
PRELIMINARY LOCAL CLIMATOLOGICAL DATA (WS FORM: F-6)
STATION: FALLS CITY NE
MONTH: APRIL
YEAR: 2021
LATITUDE: 40 4 N
LONGITUDE: 95 35 W
TEMPERATURE IN F: :PCPN: SNOW: WIND :SUNSHINE: SKY :PK WND
================================================================================
1 2 3 4 5 6A 6B 7 8 9 10 11 12 13 14 15 16 17 18
12Z AVG MX 2MIN
DY MAX MIN AVG DEP HDD CDD WTR SNW DPTH SPD SPD DIR MIN PSBL S-S WX SPD DR
================================================================================
1 54 20 37 -11 28 0 0.00 M M 7.7 16 150 M M 0 20 150
2 73 34 54 6 11 0 0.00 M M 16.1 29 190 M M 0 41 190
3 76 46 61 12 4 0 0.00 M M 8.4 20 220 M M 0 27 230
4 85 45 65 16 0 0 0.00 M M 10.9 25 210 M M 0 36 200
5 82 54 68 19 0 3 0.00 M M 14.3 25 190 M M 0 40 180
6 78 60 69 19 0 4 T M M 16.1 29 160 M M 4 3 44 190
7 68 48 58 8 7 0 0.77 M M 11.1 21 240 M M 9 13 29 230
8 50 46 48 -2 17 0 0.27 M M 14.1 24 290 M M 9 1 31 320
9 66 38 52 1 13 0 T M M 10.0 23 300 M M 3 32 360
10 60 39 50 -1 15 0 0.10 M M 12.7 26 310 M M 5 1 37 310
11 72 34 53 1 12 0 0.00 M M 7.7 23 320 M M 0 34 340
12 60 40 50 -2 15 0 0.00 M M 12.4 22 320 M M 2 30 330
13 58 33 46 -6 19 0 0.00 M M 10.0 20 300 M M 0 29 290
14 54 29 42 -11 23 0 0.00 M M 9.6 21 300 M M 0 28 310
15 57 30 44 -9 21 0 0.00 M M 6.3 14 350 M M 0 24 340
16 49 40 45 -8 20 0 0.16 M M 6.0 12 300 M M 8 1 16 360
17 58 41 50 -4 15 0 T M M 11.4 21 310 M M 8 1 29 310
18 63 38 51 -3 14 0 0.00 M M 9.4 18 290 M M 4 24 290
19 47 31 39 -15 26 0 T M M 11.8 23 350 M M 5 18 32 350
20 49 31 40 -15 25 0 0.20 M M 7.5 17 340 M M 7 1 26 350
21 48 29 39 -16 26 0 0.00 M M 10.6 24 320 M M 5 31 320
22 59 24 42 -14 23 0 T M M 7.9 21 200 M M 3 32 180
23 57 41 49 -7 16 0 T M M 7.6 16 160 M M 10 12 22 160
24 65 40 53 -3 12 0 0.00 M M 8.9 21 330 M M 1 12 30 350
25 76 38 57 0 8 0 0.00 M M 13.2 30 160 M M 0 43 180
26 88 56 72 15 0 7 0.00 M M 17.4 31 210 M M 0 45 230
27 84 62 73 16 0 8 0.00 M M 10.8 24 210 M M 1 36 200
28 67 56 62 4 3 0 T M M 8.4 17 350 M M 10 23 340
29 79 48 64 6 1 0 0.00 M M 8.8 23 320 M M 2 34 340
30 83 42 63 5 2 0 0.00 M M 7.2 18 210 M M 1 25 230
================================================================================
SM 1965 1213 376 22 1.50 M 314.3 M 97
================================================================================
AV 65.5 40.4 10.5 FASTST M M 3 MAX(MPH)
MISC ----> 31 210 45 230
================================================================================
NOTES:
# LAST OF SEVERAL OCCURRENCES
COLUMN 17 PEAK WIND IN M.P.H.
PRELIMINARY LOCAL CLIMATOLOGICAL DATA (WS FORM: F-6) , PAGE 2
STATION: FALLS CITY NE
MONTH: APRIL
YEAR: 2021
LATITUDE: 40 4 N
LONGITUDE: 95 35 W
[TEMPERATURE DATA] [PRECIPITATION DATA] SYMBOLS USED IN COLUMN 16
AVERAGE MONTHLY: 53.0 TOTAL FOR MONTH: 1.50 1 = FOG OR MIST
DPTR FM NORMAL: -0.2 DPTR FM NORMAL: -1.68 2 = FOG REDUCING VISIBILITY
HIGHEST: 88 ON 26 GRTST 24HR 0.77 ON 7- 7 TO 1/4 MILE OR LESS
LOWEST: 20 ON 1 3 = THUNDER
SNOW, ICE PELLETS, HAIL 4 = ICE PELLETS
TOTAL MONTH: M 5 = HAIL
GRTST 24HR M ON M 6 = FREEZING RAIN OR DRIZZLE
GRTST DEPTH: M ON M 7 = DUSTSTORM OR SANDSTORM:
VSBY 1/2 MILE OR LESS
8 = SMOKE OR HAZE
[NO. OF DAYS WITH] [WEATHER - DAYS WITH] 9 = BLOWING SNOW
X = TORNADO
MAX 32 OR BELOW: 0 0.01 INCH OR MORE: 5
MAX 90 OR ABOVE: 0 0.10 INCH OR MORE: 5
MIN 32 OR BELOW: 7 0.50 INCH OR MORE: 1
MIN 0 OR BELOW: 0 1.00 INCH OR MORE: 0
[HDD (BASE 65) ]
TOTAL THIS MO. 376 CLEAR (SCALE 0-3) 17
DPTR FM NORMAL 2 PTCLDY (SCALE 4-7) 9
TOTAL FM JUL 1 5255 CLOUDY (SCALE 8-10) 4
DPTR FM NORMAL -253
[CDD (BASE 65) ]
TOTAL THIS MO. 22
DPTR FM NORMAL 2 [PRESSURE DATA]
TOTAL FM JAN 1 22 HIGHEST SLP 30.64 ON 1
DPTR FM NORMAL 0 LOWEST SLP 29.44 ON 8
[REMARKS]
#FINAL-04-21#