000
CXUS55 KBOU 010900
CF6FNL
PRELIMINARY LOCAL CLIMATOLOGICAL DATA (WS FORM: F-6)
STATION: FT COLLINS/LOVELAND CO
MONTH: OCTOBER
YEAR: 2022
LATITUDE: 40 27 N
LONGITUDE: 105 1 W
TEMPERATURE IN F: :PCPN: SNOW: WIND :SUNSHINE: SKY :PK WND
================================================================================
1 2 3 4 5 6A 6B 7 8 9 10 11 12 13 14 15 16 17 18
12Z AVG MX 2MIN
DY MAX MIN AVG DEP HDD CDD WTR SNW DPTH SPD SPD DIR MIN PSBL S-S WX SPD DR
================================================================================
1 72 47 60 M 5 0 0.04 M M 5.7 16 270 M M 5 1 24 270
2 73 46 60 M 5 0 0.00 M M 5.2 10 150 M M 2 M M
3 76 48 62 M 3 0 0.08 M M 5.7 16 340 M M 6 M M
4 68 42 55 M 10 0 T M M 4.9 16 290 M M 3 21 290
5 73 43 58 M 7 0 0.00 M M 4.9 8 10 M M 1 M M
6 73 41 57 M 8 0 0.00 M M 6.3 15 30 M M 1 22 150
7 52 39 46 M 19 0 T M M 6.0 16 90 M M 8 M M
8 68 35 52 M 13 0 0.00 M M 3.5 6 140 M M 0 M M
9 74 39 57 M 8 0 0.00 M M 4.1 8 130 M M 0 8 M M
10 78 40 59 M 6 0 0.00 M M 4.7 12 130 M M 0 M M
11 M M M M M M 0.00 M M M M M M M M M M
12 69 35 52 M 13 0 0.00 M M 4.6 5 260 M M 0 M M
13 69 34 52 M 13 0 0.00 M M 5.9 22 10 M M 0 8 31 10
14 79 34 57 M 8 0 0.00 M M 4.8 12 180 M M 0 M M
15 65 42 54 M 11 0 0.00 M M 5.3 13 40 M M 3 M M
16 62 41 52 M 13 0 0.00 M M 4.4 9 80 M M 5 M M
17 65 34 50 M 15 0 0.00 M M 3.7 8 80 M M 0 M M
18 73 36 55 M 10 0 0.00 M M 3.6 8 150 M M 0 M M
19 80 37 59 M 6 0 0.00 M M 8.0 28 10 M M 0 33 10
20 82 37 60 M 5 0 0.00 M M 5.8 14 180 M M 0 M M
21 79 42 61 M 4 0 0.00 M M 8.6 18 280 M M 0 38 260
22 78 49 64 M 1 0 0.00 M M 7.9 23 260 M M 0 39 260
23 66 37 52 M 13 0 T M M 10.5 30 350 M M 4 3 37 30
24 54 29 42 M 23 0 0.00 M M 5.1 10 20 M M 0 16 330
25 62 27 45 M 20 0 0.00 M M 5.8 14 20 M M 3 M M
26 59 36 48 M 17 0 0.00 0.0 0 5.8 12 30 M M 3 M M
27 53 34 44 M 21 0 0.03 M M 11.6 21 340 M M 6 25 340
28 60 27 44 M 21 0 0.00 M M 4.1 10 180 M M 0 M M
29 63 29 46 M 19 0 0.00 M M 5.2 14 120 M M 0 M M
30 63 32 48 M 17 0 0.00 M M 4.0 8 30 M M 0 M M
31 68 33 51 M 14 0 0.00 M M 4.6 10 150 M M 0 M M
================================================================================
SM 2056 1125 348 0 0.15 0.0 170.3 M 50
================================================================================
AV 68.5 37.5 5.7 FASTST M M 2 MAX(MPH)
MISC ----> 30 350 39 260
================================================================================
NOTES:
# LAST OF SEVERAL OCCURRENCES
COLUMN 17 PEAK WIND IN M.P.H.
PRELIMINARY LOCAL CLIMATOLOGICAL DATA (WS FORM: F-6) , PAGE 2
STATION: FT COLLINS/LOVELAND CO
MONTH: OCTOBER
YEAR: 2022
LATITUDE: 40 27 N
LONGITUDE: 105 1 W
[TEMPERATURE DATA] [PRECIPITATION DATA] SYMBOLS USED IN COLUMN 16
AVERAGE MONTHLY: 53.0 TOTAL FOR MONTH: 0.15 1 = FOG OR MIST
DPTR FM NORMAL: 0.0 DPTR FM NORMAL: M 2 = FOG REDUCING VISIBILITY
HIGHEST: 82 ON 20 GRTST 24HR 0.08 ON 30- 1 TO 1/4 MILE OR LESS
LOWEST: 27 ON 28,25 3 = THUNDER
SNOW, ICE PELLETS, HAIL 4 = ICE PELLETS
TOTAL MONTH: 0.0 INCH 5 = HAIL
GRTST 24HR 0.0 6 = FREEZING RAIN OR DRIZZLE
GRTST DEPTH: 0 7 = DUSTSTORM OR SANDSTORM:
VSBY 1/2 MILE OR LESS
8 = SMOKE OR HAZE
[NO. OF DAYS WITH] [WEATHER - DAYS WITH] 9 = BLOWING SNOW
X = TORNADO
MAX 32 OR BELOW: 0 0.01 INCH OR MORE: 3
MAX 90 OR ABOVE: 0 0.10 INCH OR MORE: 0
MIN 32 OR BELOW: 5 0.50 INCH OR MORE: 0
MIN 0 OR BELOW: 0 1.00 INCH OR MORE: 0
[HDD (BASE 65) ]
TOTAL THIS MO. 348 CLEAR (SCALE 0-3) 23
DPTR FM NORMAL M PTCLDY (SCALE 4-7) 6
TOTAL FM JUL 1 411 CLOUDY (SCALE 8-10) 2
DPTR FM NORMAL M
[CDD (BASE 65) ]
TOTAL THIS MO. 0
DPTR FM NORMAL M [PRESSURE DATA]
TOTAL FM JAN 1 1041 HIGHEST SLP 30.37 ON 28
DPTR FM NORMAL M LOWEST SLP 29.70 ON 24
[REMARKS]
#FINAL-10-22#