000
CXUS53 KDTX 011522 RRA
CF6FNT
PRELIMINARY LOCAL CLIMATOLOGICAL DATA (WS FORM: F-6)
STATION: FLINT MI
MONTH: FEBRUARY
YEAR: 2022
LATITUDE: 42 58 N
LONGITUDE: 83 44 W
TEMPERATURE IN F: :PCPN: SNOW: WIND :SUNSHINE: SKY :PK WND
================================================================================
1 2 3 4 5 6A 6B 7 8 9 10 11 12 13 14 15 16 17 18
12Z AVG MX 2MIN
DY MAX MIN AVG DEP HDD CDD WTR SNW DPTH SPD SPD DIR MIN PSBL S-S WX SPD DR
================================================================================
1 47 20 34 12 31 0 0.03 0.0 3 11.8 22 180 M M 4 1 33 180
2 40 20 30 8 35 0 0.77 11.0 2 9.5 20 360 M M 10 128 26 360
3 20 9 15 -7 50 0 T 0.1 11 13.8 25 30 M M 10 33 40
4 18 0 9 -14 56 0 T T 10 6.0 14 360 M M 4 19 360
5 21 -6 8 -15 57 0 T 0.1 9 5.7 18 180 M M 5 18 26 180
6 34 15 25 2 40 0 0.00 0.0 9 11.5 20 200 M M 5 30 200
7 32 16 24 1 41 0 T 0.5 9 9.1 21 270 M M 8 18 31 250
8 29 21 25 2 40 0 T 0.3 7 9.2 16 180 M M 6 1 25 180
9 41 28 35 12 30 0 T T 7 9.4 18 220 M M 6 28 240
10 35 28 32 8 33 0 T T 5 10.7 18 260 M M 10 1 26 270
11 38 28 33 9 32 0 0.04 1.3 6 13.0 22 200 M M 10 1 35 200
12 32 15 24 0 41 0 0.02 0.6 4 11.4 21 300 M M 10 18 29 310
13 19 1 10 -14 55 0 T T 4 5.8 15 10 M M 7 8 18 20
14 20 -4 8 -16 57 0 0.00 0.0 4 4.0 9 230 M M 6 M M
15 28 15 22 -2 43 0 0.00 0.0 4 8.2 21 150 M M 5 27 160
16 50 25 38 13 27 0 0.17 0.0 3 14.6 24 210 M M 6 1 39 200
17 48 18 33 8 32 0 0.72 3.8 T 12.7 23 10 M M 10 18 32 360
18 28 3 16 -9 49 0 0.04 0.7 4 13.4 29 220 M M 5 18 41 210
19 28 10 19 -7 46 0 T 0.1 3 17.8 37 280 M M 5 1289 51 290
20 48 12 30 4 35 0 0.00 0.0 3 14.3 31 220 M M 1 51 220
21 44 28 36 10 29 0 0.00 0.0 2 9.7 17 70 M M 3 23 60
22 48 32 40 14 25 0 0.40 T T 6.0 24 270 M M 10 12 36 260
23 32 15 24 -3 41 0 T T T 14.0 29 280 M M 9 40 280
24 28 15 22 -5 43 0 0.01 T T 11.5 21 70 M M 8 8 28 50
25 25 17 21 -6 44 0 0.16 4.0 3 8.9 18 340 M M 10 18 26 10
26 30 12 21 -7 44 0 T T 3 11.0 22 260 M M 5 32 240
27 37 25 31 3 34 0 0.00 0.0 2 13.2 23 290 M M 3 32 280
28 34 19 27 -1 38 0 0.00 0.0 2 9.2 18 150 M M 4 25 160
================================================================================
SM 934 437 1128 0 2.36 22.5 295.4 M 185
================================================================================
AV 33.4 15.6 10.6 FASTST M M 7 MAX(MPH)
MISC ----> 37 280 # 51 290
================================================================================
NOTES:
# LAST OF SEVERAL OCCURRENCES
COLUMN 17 PEAK WIND IN M.P.H.
PRELIMINARY LOCAL CLIMATOLOGICAL DATA (WS FORM: F-6) , PAGE 2
STATION: FLINT MI
MONTH: FEBRUARY
YEAR: 2022
LATITUDE: 42 58 N
LONGITUDE: 83 44 W
[TEMPERATURE DATA] [PRECIPITATION DATA] SYMBOLS USED IN COLUMN 16
AVERAGE MONTHLY: 24.5 TOTAL FOR MONTH: 2.36 1 = FOG OR MIST
DPTR FM NORMAL: -0.2 DPTR FM NORMAL: 0.68 2 = FOG REDUCING VISIBILITY
HIGHEST: 50 ON 16 GRTST 24HR 2.68 ON 2- 3 TO 1/4 MILE OR LESS
LOWEST: -6 ON 5 3 = THUNDER
SNOW, ICE PELLETS, HAIL 4 = ICE PELLETS
TOTAL MONTH: 22.5 INCHES 5 = HAIL
GRTST 24HR 11.0 ON 2- 2 6 = FREEZING RAIN OR DRIZZLE
GRTST DEPTH: 11 ON 3 7 = DUSTSTORM OR SANDSTORM:
VSBY 1/2 MILE OR LESS
8 = SMOKE OR HAZE
[NO. OF DAYS WITH] [WEATHER - DAYS WITH] 9 = BLOWING SNOW
X = TORNADO
MAX 32 OR BELOW: 15 0.01 INCH OR MORE: 10
MAX 90 OR ABOVE: 0 0.10 INCH OR MORE: 5
MIN 32 OR BELOW: 28 0.50 INCH OR MORE: 2
MIN 0 OR BELOW: 3 1.00 INCH OR MORE: 0
[HDD (BASE 65) ]
TOTAL THIS MO. 1128 CLEAR (SCALE 0-3) 2
DPTR FM NORMAL 1 PTCLDY (SCALE 4-7) 16
TOTAL FM JUL 1 4625 CLOUDY (SCALE 8-10) 10
DPTR FM NORMAL -370
[CDD (BASE 65) ]
TOTAL THIS MO. 0
DPTR FM NORMAL 0 [PRESSURE DATA]
TOTAL FM JAN 1 0 HIGHEST SLP 30.58 ON 15
DPTR FM NORMAL 0 LOWEST SLP 29.50 ON 11
[REMARKS]
#FINAL-02-22#