000
CXUS56 KSGX 011045
CF6FUL
PRELIMINARY LOCAL CLIMATOLOGICAL DATA (WS FORM: F-6)
STATION: FULLERTON AIRPORT CA
MONTH: SEPTEMBER
YEAR: 2022
LATITUDE: 33 52 N
LONGITUDE: 117 58 W
TEMPERATURE IN F: :PCPN: SNOW: WIND :SUNSHINE: SKY :PK WND
================================================================================
1 2 3 4 5 6A 6B 7 8 9 10 11 12 13 14 15 16 17 18
12Z AVG MX 2MIN
DY MAX MIN AVG DEP HDD CDD WTR SNW DPTH SPD SPD DIR MIN PSBL S-S WX SPD DR
================================================================================
1 93 72 83 6 0 18 0.00 M M 3.3 10 220 M M 0 13 230
2 96 72 84 7 0 19 0.00 M M 3.5 14 220 M M 1 19 210
3 103 76 90 13 0 25 0.00 M M 3.4 13 170 M M 1 16 180
4 111 80 96 19 0 31 0.00 M M 4.5 14 180 M M 2 18 190
5 100 76 88 12 0 23 0.00 M M 3.5 10 200 M M 1 15 210
6 96 73 85 9 0 20 0.00 M M 3.4 10 190 M M 0 13 180
7 99 72 86 10 0 21 0.00 M M 2.8 12 190 M M 0 15 210
8 103 76 90 14 0 25 0.00 M M 3.7 13 290 M M 0 19 280
9 99 71 85 9 0 20 0.23 M M 5.7 26 90 M M 4 18 36 70
10 82 71 77 1 0 12 T M M 2.0 9 190 M M 7 12 190
11 93 76 85 9 0 20 T M M 3.1 14 190 M M 5 20 180
12 91 76 84 8 0 19 0.00 M M 3.0 12 270 M M 3 18 270
13 86 73 80 4 0 15 0.00 M M 4.9 13 220 M M 2 18 180
14 83 68 76 0 0 11 0.00 M M 5.0 12 200 M M 3 8 16 180
15 82 68 75 0 0 10 0.00 M M 3.8 10 210 M M 2 8 16 230
16 82 65 74 -1 0 9 0.00 M M 3.5 12 200 M M 1 18 200
17 79 67 73 -2 0 8 0.00 M M 5.1 12 200 M M 4 15 210
18 79 67 73 -2 0 8 0.00 M M 5.4 13 200 M M 5 18 170
19 83 63 73 -2 0 8 0.00 M M 3.2 12 200 M M 1 18 210
20 86 66 76 2 0 11 0.00 M M 3.5 12 290 M M 3 17 310
21 85 62 74 0 0 9 0.00 M M 3.2 10 290 M M 0 15 290
22 90 60 75 1 0 10 0.00 M M 2.2 10 200 M M 0 14 200
23 92 62 77 3 0 12 0.00 M M 1.8 12 190 M M 0 16 190
24 95 68 82 8 0 17 0.00 M M 3.0 10 290 M M 0 14 190
25 95 67 81 8 0 16 0.00 M M 2.4 10 290 M M 1 15 260
26 95 68 82 9 0 17 0.00 M M 2.2 10 190 M M 1 13 290
27 93 67 80 7 0 15 0.00 M M 2.2 9 290 M M 1 14 200
28 90 67 79 6 0 14 0.00 M M M M 99 M M M M M
29 83 68 76 3 0 11 0.00 M M 3.4 12 190 M M 3 15 180
30 79 68 74 2 0 9 0.00 M M 4.3 10 200 M M 6 14 210
================================================================================
SM 2723 2085 0 463 0.23 M 101.0 M 57
================================================================================
AV 90.8 69.5 3.5 FASTST M M 2 MAX(MPH)
MISC ----> 26 90 36 70
================================================================================
NOTES:
# LAST OF SEVERAL OCCURRENCES
COLUMN 17 PEAK WIND IN M.P.H.
PRELIMINARY LOCAL CLIMATOLOGICAL DATA (WS FORM: F-6) , PAGE 2
STATION: FULLERTON AIRPORT CA
MONTH: SEPTEMBER
YEAR: 2022
LATITUDE: 33 52 N
LONGITUDE: 117 58 W
[TEMPERATURE DATA] [PRECIPITATION DATA] SYMBOLS USED IN COLUMN 16
AVERAGE MONTHLY: 80.1 TOTAL FOR MONTH: 0.23 1 = FOG OR MIST
DPTR FM NORMAL: 5.1 DPTR FM NORMAL: 0.09 2 = FOG REDUCING VISIBILITY
HIGHEST: 111 ON 4 GRTST 24HR 0.23 ON 9- 9 TO 1/4 MILE OR LESS
LOWEST: 60 ON 22 3 = THUNDER
SNOW, ICE PELLETS, HAIL 4 = ICE PELLETS
TOTAL MONTH: M 5 = HAIL
GRTST 24HR M ON M 6 = FREEZING RAIN OR DRIZZLE
GRTST DEPTH: M ON M 7 = DUSTSTORM OR SANDSTORM:
VSBY 1/2 MILE OR LESS
8 = SMOKE OR HAZE
[NO. OF DAYS WITH] [WEATHER - DAYS WITH] 9 = BLOWING SNOW
X = TORNADO
MAX 32 OR BELOW: 0 0.01 INCH OR MORE: 1
MAX 90 OR ABOVE: 18 0.10 INCH OR MORE: 1
MIN 32 OR BELOW: 0 0.50 INCH OR MORE: 0
MIN 0 OR BELOW: 0 1.00 INCH OR MORE: 0
[HDD (BASE 65) ]
TOTAL THIS MO. 0 CLEAR (SCALE 0-3) 22
DPTR FM NORMAL 0 PTCLDY (SCALE 4-7) 7
TOTAL FM JUL 1 0 CLOUDY (SCALE 8-10) 1
DPTR FM NORMAL 0
[CDD (BASE 65) ]
TOTAL THIS MO. 463
DPTR FM NORMAL 163 [PRESSURE DATA]
TOTAL FM JAN 1 1655 HIGHEST SLP 30.00 ON 25
DPTR FM NORMAL 332 LOWEST SLP 29.50 ON 9
[REMARKS]
#FINAL-09-22#