330
CXUS56 KSGX 011145
CF6FUL
PRELIMINARY LOCAL CLIMATOLOGICAL DATA (WS FORM: F-6)
STATION: FULLERTON AIRPORT CA
MONTH: FEBRUARY
YEAR: 2021
LATITUDE: 33 52 N
LONGITUDE: 117 58 W
TEMPERATURE IN F: :PCPN: SNOW: WIND :SUNSHINE: SKY :PK WND
================================================================================
1 2 3 4 5 6A 6B 7 8 9 10 11 12 13 14 15 16 17 18
12Z AVG MX 2MIN
DY MAX MIN AVG DEP HDD CDD WTR SNW DPTH SPD SPD DIR MIN PSBL S-S WX SPD DR
================================================================================
1 74 57 66 9 0 1 T M M 1.7 7 280 M M 6 10 110
2 75 51 63 6 2 0 0.00 M M 2.2 9 240 M M 3 8 13 280
3 66 47 57 0 8 0 0.00 M M 2.8 10 190 M M 1 18 13 220
4 68 52 60 3 5 0 0.00 M M 3.3 10 190 M M 5 14 190
5 73 45 59 2 6 0 0.00 M M 2.1 10 200 M M 0 1 14 230
6 77 44 61 4 4 0 0.00 M M 2.0 9 180 M M 0 12 190
7 70 45 58 1 7 0 0.00 M M 1.8 10 200 M M 4 128 12 190
8 63 51 57 0 8 0 0.00 M M 2.6 9 220 M M 6 18 14 230
9 61 53 57 0 8 0 0.00 M M 3.5 10 200 M M 8 16 220
10 64 51 58 1 7 0 0.00 M M 2.2 10 210 M M 6 1 13 210
11 70 46 58 0 7 0 0.00 M M 2.5 12 210 M M 0 18 15 210
12 69 55 62 4 3 0 0.05 M M 3.8 15 290 M M 4 1 25 290
13 64 50 57 -1 8 0 0.00 M M 4.9 14 190 M M 6 18 190
14 71 47 59 1 6 0 0.00 M M 5.1 21 260 M M 2 18 26 260
15 64 48 56 -2 9 0 T M M 6.0 12 150 M M 4 18 16 140
16 70 53 62 4 3 0 0.05 M M 4.3 12 230 M M 5 1 16 230
17 67 46 57 -1 8 0 0.00 M M 3.2 12 210 M M 0 1 17 230
18 71 49 60 2 5 0 0.00 M M 7.6 22 70 M M 0 30 60
19 73 43 58 0 7 0 0.00 M M 1.8 10 200 M M 0 8 14 210
20 72 45 59 1 6 0 0.00 M M 6.0 22 280 M M 2 8 34 290
21 77 43 60 2 5 0 0.00 M M 3.1 17 80 M M 0 8 22 70
22 84 47 66 7 0 1 0.00 M M 6.0 18 90 M M 0 8 26 90
23 80 48 64 5 1 0 0.00 M M 2.4 10 190 M M 0 8 15 230
24 73 49 61 2 4 0 0.00 M M 2.7 10 200 M M 0 8 14 210
25 75 47 61 2 4 0 0.00 M M 3.8 18 90 M M 1 128 23 80
26 74 45 60 1 5 0 0.00 M M 3.6 12 220 M M 0 15 230
27 69 49 59 0 6 0 0.00 M M 4.4 13 230 M M 2 8 15 210
28 75 47 61 2 4 0 0.00 M M 11.4 26 80 M M 1 8 33 70
================================================================================
SM 1989 1353 146 2 0.10 M 106.8 M 66
================================================================================
AV 71.0 48.3 3.8 FASTST M M 2 MAX(MPH)
MISC ----> 26 80 34 290
================================================================================
NOTES:
# LAST OF SEVERAL OCCURRENCES
COLUMN 17 PEAK WIND IN M.P.H.
PRELIMINARY LOCAL CLIMATOLOGICAL DATA (WS FORM: F-6) , PAGE 2
STATION: FULLERTON AIRPORT CA
MONTH: FEBRUARY
YEAR: 2021
LATITUDE: 33 52 N
LONGITUDE: 117 58 W
[TEMPERATURE DATA] [PRECIPITATION DATA] SYMBOLS USED IN COLUMN 16
AVERAGE MONTHLY: 59.7 TOTAL FOR MONTH: 0.10 1 = FOG OR MIST
DPTR FM NORMAL: 1.8 DPTR FM NORMAL: -3.15 2 = FOG REDUCING VISIBILITY
HIGHEST: 84 ON 22 GRTST 24HR 0.05 ON 12-12 TO 1/4 MILE OR LESS
LOWEST: 43 ON 21,19 3 = THUNDER
SNOW, ICE PELLETS, HAIL 4 = ICE PELLETS
TOTAL MONTH: M 5 = HAIL
GRTST 24HR M ON M 6 = FREEZING RAIN OR DRIZZLE
GRTST DEPTH: M ON M 7 = DUSTSTORM OR SANDSTORM:
VSBY 1/2 MILE OR LESS
8 = SMOKE OR HAZE
[NO. OF DAYS WITH] [WEATHER - DAYS WITH] 9 = BLOWING SNOW
X = TORNADO
MAX 32 OR BELOW: 0 0.01 INCH OR MORE: 2
MAX 90 OR ABOVE: 0 0.10 INCH OR MORE: 0
MIN 32 OR BELOW: 0 0.50 INCH OR MORE: 0
MIN 0 OR BELOW: 0 1.00 INCH OR MORE: 0
[HDD (BASE 65) ]
TOTAL THIS MO. 146 CLEAR (SCALE 0-3) 17
DPTR FM NORMAL -59 PTCLDY (SCALE 4-7) 11
TOTAL FM JUL 1 598 CLOUDY (SCALE 8-10) 0
DPTR FM NORMAL -323
[CDD (BASE 65) ]
TOTAL THIS MO. 2
DPTR FM NORMAL -3 [PRESSURE DATA]
TOTAL FM JAN 1 22 HIGHEST SLP 30.32 ON 18
DPTR FM NORMAL 18 LOWEST SLP 29.81 ON 13
[REMARKS]
#FINAL-02-21#