000
CXUS53 KUNR 011526
CLMGCC
CLIMATE REPORT
NATIONAL WEATHER SERVICE RAPID CITY SD
926 AM MDT SAT APR 01 2023
...................................
...THE GILLETTE AIRPORT WY CLIMATE SUMMARY FOR THE MONTH OF MARCH 2023...
CLIMATE NORMAL PERIOD 1991 TO 2020
CLIMATE RECORD PERIOD 9999 TO 9999
WEATHER OBSERVED NORMAL DEPART LAST YEAR`S
VALUE DATE(S) VALUE FROM VALUE DATE(S)
NORMAL
................................................................
TEMPERATURE (F)
HIGHEST 56 03/15 80 03/28
LOWEST 2 03/09 -6 03/09
AVG. MAXIMUM 37.3 48.0 -10.7 50.4
AVG. MINIMUM 17.4 23.3 -5.9 21.8
MEAN 27.3 35.6 -8.3 36.1
DAYS MAX >= 90 0 0
DAYS MAX <= 32 12 6
DAYS MIN <= 32 30 28
DAYS MIN <= 0 0 2
PRECIPITATION (INCHES)
TOTALS 0.71 0.83 -0.12 0.62
DAILY AVG. 0.02 0.03 -0.01 0.02
DAYS >= .01 10 9
DAYS >= .10 3 2
DAYS >= .50 0 0
DAYS >= 1.00 0 0
GREATEST
24 HR. TOTAL 0.22 03/31 TO 03/31 0.16
DEGREE DAYS
HEATING TOTAL 1158 910 248 889
SINCE 7/1 6624 6278 346 MM
COOLING TOTAL 0 0 0 0
SINCE 1/1 0 0 0 MM
................................................................
WIND (MPH)
AVERAGE WIND SPEED 11.8
HIGHEST WIND SPEED/DIRECTION 41/210 DATE 03/10
HIGHEST GUST SPEED/DIRECTION 58/220 DATE 03/10
AVERAGE RH (PERCENT) 71
WEATHER CONDITIONS. NUMBER OF DAYS WITH
THUNDERSTORM 0 MIXED PRECIP 0
HEAVY RAIN 0 RAIN 0
LIGHT RAIN 0 FREEZING RAIN 0
LT FREEZING RAIN 0 HAIL 0
HEAVY SNOW 1 SNOW 6
LIGHT SNOW 16 SLEET 0
FOG 16 FOG W/VIS <= 1/4 MILE 7
HAZE 13
- INDICATES NEGATIVE NUMBERS.
R INDICATES RECORD WAS SET OR TIED.
MM INDICATES DATA IS MISSING.
T INDICATES TRACE AMOUNT.
$$