000
CXUS56 KFGZ 010910
CF6GCN
PRELIMINARY LOCAL CLIMATOLOGICAL DATA (WS FORM: F-6)
STATION: GRAND CANYON AZ AIRPORT
MONTH: SEPTEMBER
YEAR: 2023
LATITUDE: 35 57 N
LONGITUDE: 112 9 W
TEMPERATURE IN F: :PCPN: SNOW: WIND :SUNSHINE: SKY :PK WND
================================================================================
1 2 3 4 5 6A 6B 7 8 9 10 11 12 13 14 15 16 17 18
12Z AVG MX 2MIN
DY MAX MIN AVG DEP HDD CDD WTR SNW DPTH SPD SPD DIR MIN PSBL S-S WX SPD DR
================================================================================
1 72 57 65 2 0 0 0.11 M M 6.2 23 210 M M 7 3 29 240
2 75 55 65 2 0 0 0.90 M M 3.8 14 260 M M 9 13 19 250
3 76 50 63 0 2 0 0.00 M M 7.4 21 230 M M 2 1 26 220
4 76 46 61 -1 4 0 0.00 M M 8.9 22 220 M M 2 34 210
5 79 40 60 -2 5 0 0.00 M M 5.0 17 210 M M 0 24 220
6 81 40 61 -1 4 0 0.00 M M 4.8 20 240 M M 0 27 210
7 84 38 61 -1 4 0 0.00 M M 2.9 14 250 M M 0 21 270
8 85 43 64 3 1 0 0.00 M M 2.3 14 230 M M 1 19 240
9 87 47 67 6 0 2 0.00 M M 3.5 16 120 M M 1 23 130
10 84 52 68 7 0 3 T M M 3.6 17 240 M M 4 3 22 280
11 82 44 63 3 2 0 0.00 M M 3.5 14 220 M M 2 19 220
12 70 48 59 -1 6 0 0.04 M M 2.1 17 220 M M 5 3 22 220
13 77 45 61 1 4 0 0.00 M M 3.5 17 250 M M 3 13 24 240
14 72 42 57 -2 8 0 0.06 M M 4.4 14 230 M M 5 3 20 250
15 74 39 57 -2 8 0 0.00 M M 4.6 15 60 M M 1 20 50
16 77 40 59 0 6 0 0.00 M M 8.2 18 50 M M 1 24 70
17 82 45 64 6 1 0 T M M 4.3 15 190 M M 3 26 190
18 80 37 59 1 6 0 0.00 M M 3.9 21 220 M M 0 26 220
19 78 35 57 -1 8 0 0.00 M M 3.4 18 230 M M 0 26 210
20 77 33 55 -2 10 0 0.00 M M 7.3 24 210 M M 0 34 230
21 75 36 56 -1 9 0 0.00 M M 12.8 31 220 M M 0 42 220
22 77 35 56 0 9 0 0.00 M M 9.5 24 230 M M 0 33 240
23 66 42 54 -2 11 0 0.36 M M 2.3 14 150 M M 8 13 21 150
24 75 36 56 0 9 0 0.00 M M 3.1 13 170 M M 1 1 20 160
25 78 39 59 4 6 0 0.00 M M 4.2 22 50 M M 1 26 50
26 79 36 58 3 7 0 0.00 M M 2.7 15 220 M M 0 19 250
27 82 35 59 4 6 0 0.00 M M 3.1 17 250 M M 0 22 240
28 80 32 56 2 9 0 0.00 M M 5.8 21 240 M M 0 36 210
29 79 33 56 2 9 0 0.00 M M 8.2 24 210 M M 0 36 210
30 75 38 57 3 8 0 0.32 M M 12.7 32 210 M M 3 3 48 220
================================================================================
SM 2334 1238 162 5 1.79 M 158.0 M 59
================================================================================
AV 77.8 41.3 5.3 FASTST M M 2 MAX(MPH)
MISC ----> 32 210 48 220
================================================================================
NOTES:
# LAST OF SEVERAL OCCURRENCES
COLUMN 17 PEAK WIND IN M.P.H.
PRELIMINARY LOCAL CLIMATOLOGICAL DATA (WS FORM: F-6) , PAGE 2
STATION: GRAND CANYON AZ AIRPORT
MONTH: SEPTEMBER
YEAR: 2023
LATITUDE: 35 57 N
LONGITUDE: 112 9 W
[TEMPERATURE DATA] [PRECIPITATION DATA] SYMBOLS USED IN COLUMN 16
AVERAGE MONTHLY: 59.5 TOTAL FOR MONTH: 1.79 1 = FOG OR MIST
DPTR FM NORMAL: 0.9 DPTR FM NORMAL: 0.42 2 = FOG REDUCING VISIBILITY
HIGHEST: 87 ON 9 GRTST 24HR 0.92 ON 1- 2 TO 1/4 MILE OR LESS
LOWEST: 32 ON 28 3 = THUNDER
SNOW, ICE PELLETS, HAIL 4 = ICE PELLETS
TOTAL MONTH: M 5 = HAIL
GRTST 24HR M ON M 6 = FREEZING RAIN OR DRIZZLE
GRTST DEPTH: M ON M 7 = DUSTSTORM OR SANDSTORM:
VSBY 1/2 MILE OR LESS
8 = SMOKE OR HAZE
[NO. OF DAYS WITH] [WEATHER - DAYS WITH] 9 = BLOWING SNOW
X = TORNADO
MAX 32 OR BELOW: 0 0.01 INCH OR MORE: 6
MAX 90 OR ABOVE: 0 0.10 INCH OR MORE: 4
MIN 32 OR BELOW: 1 0.50 INCH OR MORE: 1
MIN 0 OR BELOW: 0 1.00 INCH OR MORE: 0
[HDD (BASE 65) ]
TOTAL THIS MO. 162 CLEAR (SCALE 0-3) 24
DPTR FM NORMAL -33 PTCLDY (SCALE 4-7) 5
TOTAL FM JUL 1 163 CLOUDY (SCALE 8-10) 1
DPTR FM NORMAL -81
[CDD (BASE 65) ]
TOTAL THIS MO. 5
DPTR FM NORMAL 1 [PRESSURE DATA]
TOTAL FM JAN 1 313 HIGHEST SLP M ON M
DPTR FM NORMAL 152 LOWEST SLP 29.60 ON 30
[REMARKS]
#FINAL-09-23#