000
CXUS54 KFWD 230730
CF6GDJ
PRELIMINARY LOCAL CLIMATOLOGICAL DATA (WS FORM: F-6)
STATION: GRANBURY
MONTH: APRIL
YEAR: 2024
LATITUDE: 32 26 N
LONGITUDE: 97 48 W
TEMPERATURE IN F: :PCPN: SNOW: WIND :SUNSHINE: SKY :PK WND
================================================================================
1 2 3 4 5 6A 6B 7 8 9 10 11 12 13 14 15 16 17 18
12Z AVG MX 2MIN
DY MAX MIN AVG DEP HDD CDD WTR SNW DPTH SPD SPD DIR MIN PSBL S-S WX SPD DR
================================================================================
1 81 62 72 12 0 7 1.12 M M 10.3 18 180 M M 7 3 51 0
2 62 46 54 -6 11 0 0.00 M M 12.2 23 320 M M 4 28 320
3 71 41 56 -4 9 0 0.00 M M 6.1 17 310 M M 0 21 320
4 83 42 63 2 2 0 0.00 M M 2.7 9 210 M M 0 M M
5 86 53 70 9 0 5 0.00 M M 9.1 20 190 M M 0 24 190
6 75 59 67 6 0 2 0.00 M M 13.8 23 190 M M 6 30 190
7 78 47 63 1 2 0 0.00 M M 9.4 17 290 M M 0 23 280
8 81 47 64 2 1 0 0.00 M M 6.5 16 210 M M 4 22 210
9 70 61 66 4 0 1 0.01 M M 8.9 18 60 M M 10 23 60
10 64 47 56 -6 9 0 0.33 M M 9.5 21 330 M M 7 3 33 320
11 71 42 57 -6 8 0 0.00 M M 5.0 13 340 M M 0 18 320
12 81 44 63 0 2 0 0.00 M M 7.0 15 180 M M 0 25 180
13 83 60 72 9 0 7 0.00 M M 13.1 21 180 M M 0 30 170
14 86 65 76 12 0 11 0.00 M M 10.5 14 190 M M 2 20 210
15 79 69 74 10 0 9 0.00 M M 11.9 21 160 M M 9 29 140
16 86 67 77 13 0 12 0.03 M M 9.8 16 150 M M 4 3 22 150
17 84 68 76 11 0 11 0.00 M M 8.2 20 170 M M 5 23 170
18 86 62 74 9 0 9 0.00 M M 9.3 15 350 M M 6 22 350
19 68 57 63 -2 2 0 0.00 M M 7.5 14 350 M M 10 20 350
20 63 47 55 -11 10 0 1.30 M M 10.3 16 50 M M 10 3 23 30
21 65 48 57 -9 8 0 0.00 M M 7.3 13 30 M M 4 18 60
22 71 42 57 -9 8 0 0.00 M M 6.0 13 160 M M 0 20 160
================================================================================
SM 1674 1176 72 74 2.79 M 194.4 M 88
================================================================================
AV 76.1 53.5 8.8 FASTST M M 4 MAX(MPH)
MISC ----> # 23 320 51 0
================================================================================
NOTES:
# LAST OF SEVERAL OCCURRENCES
COLUMN 17 PEAK WIND IN M.P.H.
PRELIMINARY LOCAL CLIMATOLOGICAL DATA (WS FORM: F-6) , PAGE 2
STATION: GRANBURY
MONTH: APRIL
YEAR: 2024
LATITUDE: 32 26 N
LONGITUDE: 97 48 W
[TEMPERATURE DATA] [PRECIPITATION DATA] SYMBOLS USED IN COLUMN 16
AVERAGE MONTHLY: 64.8 TOTAL FOR MONTH: 2.79 1 = FOG OR MIST
DPTR FM NORMAL: 1.8 DPTR FM NORMAL: 2.79 2 = FOG REDUCING VISIBILITY
HIGHEST: 86 ON 18,16 GRTST 24HR 1.30 ON 20-20 TO 1/4 MILE OR LESS
LOWEST: 41 ON 3 3 = THUNDER
SNOW, ICE PELLETS, HAIL 4 = ICE PELLETS
TOTAL MONTH: M 5 = HAIL
GRTST 24HR M ON M 6 = FREEZING RAIN OR DRIZZLE
GRTST DEPTH: M ON M 7 = DUSTSTORM OR SANDSTORM:
VSBY 1/2 MILE OR LESS
8 = SMOKE OR HAZE
[NO. OF DAYS WITH] [WEATHER - DAYS WITH] 9 = BLOWING SNOW
X = TORNADO
MAX 32 OR BELOW: 0 0.01 INCH OR MORE: 5
MAX 90 OR ABOVE: 0 0.10 INCH OR MORE: 3
MIN 32 OR BELOW: 0 0.50 INCH OR MORE: 2
MIN 0 OR BELOW: 0 1.00 INCH OR MORE: 2
[HDD (BASE 65) ]
TOTAL THIS MO. 72 CLEAR (SCALE 0-3) 9
DPTR FM NORMAL -19 PTCLDY (SCALE 4-7) 9
TOTAL FM JUL 1 2115 CLOUDY (SCALE 8-10) 4
DPTR FM NORMAL -526
[CDD (BASE 65) ]
TOTAL THIS MO. 74
DPTR FM NORMAL 27 [PRESSURE DATA]
TOTAL FM JAN 1 135 HIGHEST SLP M ON M
DPTR FM NORMAL 67 LOWEST SLP M ON M
[REMARKS]