000
CXUS54 KFWD 072133
CF6GDJ
PRELIMINARY LOCAL CLIMATOLOGICAL DATA (WS FORM: F-6)
STATION: GRANBURY
MONTH: MARCH
YEAR: 2022
LATITUDE: 32 26 N
LONGITUDE: 97 48 W
TEMPERATURE IN F: :PCPN: SNOW: WIND :SUNSHINE: SKY :PK WND
================================================================================
1 2 3 4 5 6A 6B 7 8 9 10 11 12 13 14 15 16 17 18
12Z AVG MX 2MIN
DY MAX MIN AVG DEP HDD CDD WTR SNW DPTH SPD SPD DIR MIN PSBL S-S WX SPD DR
================================================================================
1 74 31 53 2 12 0 0.00 M M 3.3 7 140 M M 0 M M
2 78 38 58 6 7 0 0.00 M M 4.8 13 140 M M 0 16 180
3 80 36 58 6 7 0 0.00 M M 4.6 12 100 M M 0 16 100
4 73 51 62 10 3 0 0.00 M M 10.5 16 160 M M 5 22 160
5 80 63 72 20 0 7 0.00 M M 13.8 22 200 M M 5 29 160
6 79 38 59 6 6 0 0.11 M M 11.7 21 310 M M 8 30 330
7 51 35 43 -10 22 0 0.01 M M 11.5 18 330 M M 6 24 330
8 47 29 38 -15 27 0 0.00 M M 4.7 9 30 M M 4 M M
9 60 24 42 -12 23 0 0.00 M M 4.1 10 120 M M 0 2 M M
10 68 36 52 -2 13 0 0.00 M M 8.3 13 320 M M 0 18 320
11 40 26 33 -21 32 0 0.00 M M 15.5 22 330 M M 8 29 330
12 58 18 38 -16 27 0 0.00 M M 4.3 8 170 M M 0 M M
13 65 29 47 -8 18 0 0.00 M M 10.3 20 180 M M 0 28 170
14 81 47 64 9 1 0 0.00 M M 11.7 18 280 M M 6 28 190
15 71 46 59 4 6 0 0.00 M M 10.3 20 310 M M 0 26 310
16 82 38 60 5 5 0 0.00 M M 6.8 14 190 M M 0 23 190
17 78 52 65 9 0 0 0.01 M M 16.0 28 160 M M 1 36 150
18 66 40 53 -3 12 0 0.00 M M 11.1 21 M M M 2 29 310
19 77 32 55 -1 10 0 0.00 M M 3.1 9 190 M M 0 17 160
20 79 44 62 6 3 0 0.00 M M 12.1 21 130 M M 1 32 150
21 79 54 67 10 0 2 0.20 M M 12.2 22 180 M M 7 13 38 170
22 58 43 51 -6 14 0 0.00 M M 15.2 26 310 M M 6 33 300
23 63 41 52 -5 13 0 0.00 M M 11.8 22 320 M M 1 36 310
24 68 32 50 -8 15 0 0.00 M M 7.4 22 320 M M 1 26 300
25 83 33 58 0 7 0 0.00 M M 4.6 12 100 M M 0 17 100
26 90 40 65 7 0 0 0.00 M M 4.3 12 150 M M 0 10 340
27 94 44 69 11 0 4 0.00 M M 8.2 20 190 M M 0 26 160
28 86 56 71 12 0 6 0.00 M M 12.4 21 140 M M 0 25 160
29 76 65 71 12 0 6 0.00 M M 17.7 29 160 M M 4 39 160
30 73 42 58 -1 7 0 0.56 M M 12.5 29 300 M M 4 39 310
31 69 40 55 -5 10 0 0.00 M M 5.3 15 290 M M 3 23 290
================================================================================
SM 2226 1243 300 25 0.89 M 290.1 M 72
================================================================================
AV 71.8 40.1 9.4 FASTST M M 2 MAX(MPH)
MISC ----> # 29 160 # 39 160
================================================================================
NOTES:
# LAST OF SEVERAL OCCURRENCES
COLUMN 17 PEAK WIND IN M.P.H.
PRELIMINARY LOCAL CLIMATOLOGICAL DATA (WS FORM: F-6) , PAGE 2
STATION: GRANBURY
MONTH: MARCH
YEAR: 2022
LATITUDE: 32 26 N
LONGITUDE: 97 48 W
[TEMPERATURE DATA] [PRECIPITATION DATA] SYMBOLS USED IN COLUMN 16
AVERAGE MONTHLY: 56.0 TOTAL FOR MONTH: 0.89 1 = FOG OR MIST
DPTR FM NORMAL: 0.6 DPTR FM NORMAL: M 2 = FOG REDUCING VISIBILITY
HIGHEST: 94 ON 27 GRTST 24HR 0.56 ON 30-30 TO 1/4 MILE OR LESS
LOWEST: 18 ON 12 3 = THUNDER
SNOW, ICE PELLETS, HAIL 4 = ICE PELLETS
TOTAL MONTH: M 5 = HAIL
GRTST 24HR M ON M 6 = FREEZING RAIN OR DRIZZLE
GRTST DEPTH: M ON M 7 = DUSTSTORM OR SANDSTORM:
VSBY 1/2 MILE OR LESS
8 = SMOKE OR HAZE
[NO. OF DAYS WITH] [WEATHER - DAYS WITH] 9 = BLOWING SNOW
X = TORNADO
MAX 32 OR BELOW: 0 0.01 INCH OR MORE: 5
MAX 90 OR ABOVE: 2 0.10 INCH OR MORE: 3
MIN 32 OR BELOW: 8 0.50 INCH OR MORE: 1
MIN 0 OR BELOW: 0 1.00 INCH OR MORE: 0
[HDD (BASE 65) ]
TOTAL THIS MO. 300 CLEAR (SCALE 0-3) 19
DPTR FM NORMAL -15 PTCLDY (SCALE 4-7) 11
TOTAL FM JUL 1 1894 CLOUDY (SCALE 8-10) 1
DPTR FM NORMAL -657
[CDD (BASE 65) ]
TOTAL THIS MO. 25
DPTR FM NORMAL 8 [PRESSURE DATA]
TOTAL FM JAN 1 29 HIGHEST SLP M ON M
DPTR FM NORMAL 8 LOWEST SLP M ON M
[REMARKS]
#FINAL-03-22#