000
CXUS55 KRIW 011010
CF6GEY
PRELIMINARY LOCAL CLIMATOLOGICAL DATA (WS FORM: F-6)
STATION: GREYBULL WY
MONTH: MARCH
YEAR: 2022
LATITUDE: 44 30 N
LONGITUDE: 108 4 W
TEMPERATURE IN F: :PCPN: SNOW: WIND :SUNSHINE: SKY :PK WND
================================================================================
1 2 3 4 5 6A 6B 7 8 9 10 11 12 13 14 15 16 17 18
12Z AVG MX 2MIN
DY MAX MIN AVG DEP HDD CDD WTR SNW DPTH SPD SPD DIR MIN PSBL S-S WX SPD DR
================================================================================
1 62 27 45 14 20 0 0.00 M M 4.6 15 130 M M 2 20 140
2 66 27 47 16 18 0 0.00 M M 4.1 12 150 M M 2 16 150
3 67 25 46 14 19 0 0.00 M M 5.5 18 130 M M 0 24 130
4 50 27 39 7 26 0 0.18 M M 11.7 22 330 M M 5 1 29 320
5 33 22 28 -5 37 0 0.02 M M 15.3 25 330 M M 10 1 30 320
6 32 15 24 -10 41 0 0.00 M M 12.9 26 330 M M 1 32 340
7 33 9 21 -13 44 0 0.00 M M 5.9 14 140 M M 1 20 170
8 26 13 20 -15 45 0 T M M 15.0 25 320 M M 9 18 34 320
9 19 0 10 -25 55 0 T M M 11.1 25 330 M M 7 89 32 330
10 19 -6 7 -29 58 0 T M M 6.1 12 130 M M 1 20 140
11 31 0 16 -20 49 0 0.00 M M 5.4 16 100 M M 5 20 100
12 50 15 33 -4 32 0 0.00 M M 5.2 14 110 M M 2 18 120
13 54 22 38 1 27 0 0.01 M M 8.7 35 340 M M 4 46 340
14 53 24 39 1 26 0 0.00 M M 5.6 16 130 M M 0 24 150
15 59 24 42 4 23 0 0.00 M M 5.5 16 150 M M 2 21 140
16 50 30 40 2 25 0 0.00 M M 11.6 29 340 M M 7 36 340
17 49 22 36 -3 29 0 0.00 M M 6.1 15 170 M M 1 23 160
18 52 19 36 -3 29 0 0.00 M M 4.2 10 170 M M 1 16 100
19 60 25 43 3 22 0 0.00 M M 6.5 21 130 M M 0 29 120
20 58 33 46 6 19 0 0.02 M M 13.9 46 330 M M 6 1 63 330
21 46 23 35 -5 30 0 0.00 M M 8.0 18 290 M M 1 23 310
22 53 27 40 -1 25 0 0.00 M M 9.6 26 330 M M 5 37 340
23 61 18 40 -1 25 0 0.00 M M 4.2 12 130 M M 0 17 130
24 68 28 48 7 17 0 0.00 M M 11.5 31 330 M M 0 43 340
25 58 31 45 3 20 0 0.00 M M 5.7 21 320 M M 3 29 330
26 70 32 51 9 14 0 0.00 M M 5.8 16 300 M M 0 21 300
27 74 30 52 10 13 0 0.00 M M 3.0 12 150 M M 0 16 150
28 79 42 61 19 4 0 T M M 5.1 32 340 M M 0 49 350
29 63 33 48 5 17 0 T M M 25.5 44 330 M M 4 58 330
30 56 20 38 -5 27 0 0.00 M M 5.1 15 320 M M 0 22 330
31 52 23 38 -5 27 0 0.00 M M 10.1 31 320 M M 4 40 330
================================================================================
SM 1603 680 863 0 0.23 M 258.5 M 83
================================================================================
AV 51.7 21.9 8.3 FASTST M M 3 MAX(MPH)
MISC ----> 46 330 63 330
================================================================================
NOTES:
# LAST OF SEVERAL OCCURRENCES
COLUMN 17 PEAK WIND IN M.P.H.
PRELIMINARY LOCAL CLIMATOLOGICAL DATA (WS FORM: F-6) , PAGE 2
STATION: GREYBULL WY
MONTH: MARCH
YEAR: 2022
LATITUDE: 44 30 N
LONGITUDE: 108 4 W
[TEMPERATURE DATA] [PRECIPITATION DATA] SYMBOLS USED IN COLUMN 16
AVERAGE MONTHLY: 36.8 TOTAL FOR MONTH: 0.23 1 = FOG OR MIST
DPTR FM NORMAL: -1.1 DPTR FM NORMAL: 0.01 2 = FOG REDUCING VISIBILITY
HIGHEST: 79 ON 28 GRTST 24HR 0.20 ON 4- 5 TO 1/4 MILE OR LESS
LOWEST: -6 ON 10 3 = THUNDER
SNOW, ICE PELLETS, HAIL 4 = ICE PELLETS
TOTAL MONTH: M 5 = HAIL
GRTST 24HR M ON M 6 = FREEZING RAIN OR DRIZZLE
GRTST DEPTH: M ON M 7 = DUSTSTORM OR SANDSTORM:
VSBY 1/2 MILE OR LESS
8 = SMOKE OR HAZE
[NO. OF DAYS WITH] [WEATHER - DAYS WITH] 9 = BLOWING SNOW
X = TORNADO
MAX 32 OR BELOW: 5 0.01 INCH OR MORE: 4
MAX 90 OR ABOVE: 0 0.10 INCH OR MORE: 1
MIN 32 OR BELOW: 28 0.50 INCH OR MORE: 0
MIN 0 OR BELOW: 3 1.00 INCH OR MORE: 0
[HDD (BASE 65) ]
TOTAL THIS MO. 863 CLEAR (SCALE 0-3) 20
DPTR FM NORMAL 23 PTCLDY (SCALE 4-7) 9
TOTAL FM JUL 1 6187 CLOUDY (SCALE 8-10) 2
DPTR FM NORMAL -475
[CDD (BASE 65) ]
TOTAL THIS MO. 0
DPTR FM NORMAL 0 [PRESSURE DATA]
TOTAL FM JAN 1 0 HIGHEST SLP 30.46 ON 11
DPTR FM NORMAL 0 LOWEST SLP 29.39 ON 28
[REMARKS]
#FINAL-03-22#