000
CXUS53 KFGF 010915
CF6GFK
PRELIMINARY LOCAL CLIMATOLOGICAL DATA (WS FORM: F-6)
STATION: GRAND FORKS INTL AP ND
MONTH: OCTOBER
YEAR: 2020
LATITUDE: 47 57 N
LONGITUDE: 97 11 W
TEMPERATURE IN F: :PCPN: SNOW: WIND :SUNSHINE: SKY :PK WND
================================================================================
1 2 3 4 5 6A 6B 7 8 9 10 11 12 13 14 15 16 17 18
12Z AVG MX 2MIN
DY MAX MIN AVG DEP HDD CDD WTR SNW DPTH SPD SPD DIR MIN PSBL S-S WX SPD DR
================================================================================
1 50 33 42 -8 23 0 0.00 0.0 0 12.7 30 350 M M 8 42 350
2 52 27 40 -10 25 0 0.00 0.0 0 2.8 7 50 M M 6 10 140
3 56 29 43 -6 22 0 T 0.0 0 4.1 13 360 M M 6 8 17 10
4 63 25 44 -5 21 0 0.00 0.0 0 13.4 28 200 M M 4 36 200
5 74 45 60 12 5 0 0.00 0.0 0 14.0 29 320 M M 3 37 320
6 73 44 59 11 6 0 0.00 0.0 0 13.8 29 310 M M 7 38 300
7 65 34 50 3 15 0 0.00 0.0 0 11.0 29 310 M M 1 38 310
8 67 32 50 3 15 0 0.00 0.0 0 10.8 24 150 M M 5 1 31 160
9 73 39 56 10 9 0 0.00 0.0 0 11.4 22 330 M M 3 31 330
10 60 29 45 -1 20 0 0.00 0.0 0 9.2 23 150 M M 2 30 150
11 75 51 63 17 2 0 0.05 0.0 0 21.5 37 150 M M 7 52 180
12 62 33 48 3 17 0 T 0.0 0 9.9 22 300 M M 5 28 310
13 57 38 48 3 17 0 T 0.0 0 15.0 32 290 M M 5 43 290
14 50 26 38 -6 27 0 0.09 0.0 0 14.4 35 360 M M 8 1 46 350
15 47 20 34 -10 31 0 0.00 0.0 0 11.7 26 310 M M 4 39 300
16 42 22 32 -11 33 0 0.00 0.0 0 9.6 20 270 M M 5 8 27 300
17 43 24 34 -9 31 0 T T 0 8.6 20 320 M M 7 29 310
18 35 24 30 -12 35 0 0.00 0.0 0 10.9 21 300 M M 10 28 260
19 37 17 27 -15 38 0 0.00 0.0 0 5.2 10 270 M M 7 15 270
20 34 19 27 -14 38 0 0.20 2.3 0 11.2 22 130 M M 10 1 27 140
21 37 28 33 -8 32 0 0.00 0.0 1 10.1 22 300 M M 9 27 300
22 37 26 32 -8 33 0 0.00 0.0 0 8.6 17 20 M M 8 18 22 20
23 34 18 26 -14 39 0 0.00 0.0 0 10.8 22 290 M M 6 30 310
24 32 16 24 -15 41 0 0.00 0.0 0 4.9 12 360 M M 6 15 340
25 32 24 28 -11 37 0 T 0.1 0 8.3 21 300 M M 10 8 29 310
26 32 16 24 -14 41 0 0.00 0.0 0 12.7 22 200 M M 4 28 210
27 42 15 29 -9 36 0 T T 0 13.1 24 220 M M 7 33 180
28 44 25 35 -2 30 0 0.00 0.0 0 12.5 26 330 M M 8 18 38 340
29 30 20 25 -12 40 0 0.02 T T 8.0 14 180 M M 10 1 19 150
30 44 27 36 0 29 0 0.01 0.3 T 11.6 29 170 M M 9 12 42 180
31 45 25 35 -1 30 0 0.00 0.0 0 23.5 39 310 M M 7 56 300
================================================================================
SM 1524 851 818 0 0.37 2.7 345.3 M 197
================================================================================
AV 49.2 27.5 11.1 FASTST M M 6 MAX(MPH)
MISC ----> 39 310 56 300
================================================================================
NOTES:
# LAST OF SEVERAL OCCURRENCES
COLUMN 17 PEAK WIND IN M.P.H.
PRELIMINARY LOCAL CLIMATOLOGICAL DATA (WS FORM: F-6) , PAGE 2
STATION: GRAND FORKS INTL AP ND
MONTH: OCTOBER
YEAR: 2020
LATITUDE: 47 57 N
LONGITUDE: 97 11 W
[TEMPERATURE DATA] [PRECIPITATION DATA] SYMBOLS USED IN COLUMN 16
AVERAGE MONTHLY: 38.3 TOTAL FOR MONTH: 0.37 1 = FOG OR MIST
DPTR FM NORMAL: -4.8 DPTR FM NORMAL: -1.60 2 = FOG REDUCING VISIBILITY
HIGHEST: 75 ON 11 GRTST 24HR 0.20 ON 20-20 TO 1/4 MILE OR LESS
LOWEST: 15 ON 27 3 = THUNDER
SNOW, ICE PELLETS, HAIL 4 = ICE PELLETS
TOTAL MONTH: 2.7 INCHES 5 = HAIL
GRTST 24HR 2.3 ON 20-20 6 = FREEZING RAIN OR DRIZZLE
GRTST DEPTH: 1 ON 21 7 = DUSTSTORM OR SANDSTORM:
VSBY 1/2 MILE OR LESS
8 = SMOKE OR HAZE
[NO. OF DAYS WITH] [WEATHER - DAYS WITH] 9 = BLOWING SNOW
X = TORNADO
MAX 32 OR BELOW: 4 0.01 INCH OR MORE: 5
MAX 90 OR ABOVE: 0 0.10 INCH OR MORE: 1
MIN 32 OR BELOW: 23 0.50 INCH OR MORE: 0
MIN 0 OR BELOW: 0 1.00 INCH OR MORE: 0
[HDD (BASE 65) ]
TOTAL THIS MO. 818 CLEAR (SCALE 0-3) 4
DPTR FM NORMAL 138 PTCLDY (SCALE 4-7) 20
TOTAL FM JUL 1 1075 CLOUDY (SCALE 8-10) 7
DPTR FM NORMAL 43
[CDD (BASE 65) ]
TOTAL THIS MO. 0
DPTR FM NORMAL -1 [PRESSURE DATA]
TOTAL FM JAN 1 541 HIGHEST SLP 30.47 ON 25
DPTR FM NORMAL 162 LOWEST SLP 29.36 ON 14
[REMARKS]
#FINAL-10-20#