000
CXUS51 KALY 010839
CLMGFL
CLIMATE REPORT
NATIONAL WEATHER SERVICE ALBANY NY
439 AM EDT FRI SEP 01 2023
...................................
...THE GLENS FALLS NY CLIMATE SUMMARY FOR THE MONTH OF AUGUST 2023...
CLIMATE NORMAL PERIOD: 1991 TO 2020
CLIMATE RECORD PERIOD: 1893 TO 2023
WEATHER OBSERVED NORMAL DEPART LAST YEAR`S
VALUE DATE(S) VALUE FROM VALUE DATE(S)
NORMAL
................................................................
TEMPERATURE (F)
RECORD
HIGH 101 08/07/1901
LOW 31 08/29/1982
HIGHEST 83 08/09 92 08/04
LOWEST 45 08/02 44 08/14
AVG. MAXIMUM 76.8 79.6 -2.8 83.3
AVG. MINIMUM 56.1 55.9 0.2 57.7
MEAN 66.5 67.8 -1.3 70.5
DAYS MAX >= 90 0 1.2 -1.2 5
DAYS MAX <= 32 0 0.0 0.0 0
DAYS MIN <= 32 0 0.0 0.0 0
DAYS MIN <= 0 0 0.0 0.0 0
PRECIPITATION (INCHES)
RECORD
MAXIMUM 9.03 2011
MINIMUM 0.33 2022
TOTALS 6.28 3.48 2.80 2.96
DAILY AVG. 0.20 0.10
DAYS >= .01 16 10.7 5.3 10
DAYS >= .10 13 6.4 6.6 7
DAYS >= .50 5 2.2 2.8 1
DAYS >= 1.00 2 0.8 1.2 1
GREATEST
24 HR. TOTAL 1.51 08/03 TO 08/04
DEGREE DAYS
HEATING TOTAL 27 33 -6 7
SINCE 7/1 30 45 -15 MM
COOLING TOTAL 80 118 -38 186
SINCE 1/1 364 372 -8 MM
................................................................
WIND (MPH)
AVERAGE WIND SPEED 4.2
HIGHEST WIND SPEED/DIRECTION 29/310 DATE 08/12
HIGHEST GUST SPEED/DIRECTION 41/300 DATE 08/12
SKY COVER
AVERAGE SKY COVER 0.51
AVERAGE RH (PERCENT) 79
WEATHER CONDITIONS. NUMBER OF DAYS WITH
THUNDERSTORM 8 MIXED PRECIP 0
HEAVY RAIN 10 RAIN 11
LIGHT RAIN 21 FREEZING RAIN 0
LT FREEZING RAIN 0 HAIL 0
HEAVY SNOW 0 SNOW 0
LIGHT SNOW 0 SLEET 0
FOG 28 FOG W/VIS <= 1/4 MILE 10
HAZE 3
- INDICATES NEGATIVE NUMBERS.
R INDICATES RECORD WAS SET OR TIED.
MM INDICATES DATA IS MISSING.
T INDICATES TRACE AMOUNT.
$$