734
CXUS51 KALY 010659
CLSGFL
CLIMATE REPORT
NATIONAL WEATHER SERVICE ALBANY NY
152 AM EST SUN MAR 1 2020
...................................
...THE GLENS FALLS NY CLIMATE SUMMARY FOR THE SEASON, FROM
12/1/2019 TO 2/29/2020...
CLIMATE NORMAL PERIOD 1981 TO 2010
CLIMATE RECORD PERIOD 1893 TO 2020
WEATHER OBSERVED NORMAL DEPART LAST YEAR`S
VALUE DATE(S) VALUE FROM VALUE DATE(S)
NORMAL
................................................................
TEMPERATURE (F)
RECORD
HIGH 70 02/25/2017
LOW -30 01/24/2011
HIGHEST 60 01/11 55 02/05
12/22
LOWEST -13 02/15 -20 01/22
AVG. MAXIMUM 34.1 31.8 2.3 32.9
AVG. MINIMUM 16.0 11.1 4.9 14.3
MEAN 25.1 21.4 3.7 23.6
DAYS MAX >= 90 0 0.0 0.0 0
DAYS MAX <= 32 36 44.0 -8.0 42
DAYS MIN <= 32 88 86.0 2.0 87
DAYS MIN <= 0 14 19.6 -5.6 12
PRECIPITATION (INCHES)
RECORD
MAXIMUM 13.50 1903
MINIMUM 3.23 1980
TOTALS 7.17 7.99 -0.82 10.83
DAILY AVG. 0.08 0.09 -0.01 0.12
DAYS >= .01 30 32.3 -2.3 32
DAYS >= .10 20 17.1 2.9 21
DAYS >= .50 3 5.2 -2.2 8
DAYS >= 1.00 0 1.5 -1.5 2
GREATEST
24 HR. TOTAL 0.92 02/07 TO 02/07
DEGREE_DAYS
HEATING TOTAL 3612 3922 -310 3706
SINCE 7/1 5275 5660 -385 5336
COOLING TOTAL 0 0 0 0
SINCE 1/1 0 0 0 0
FREEZE DATES
RECORD
EARLIEST 08/29/1982
LATEST 06/01/2009
EARLIEST 09/29
LATEST 05/13
.................................................................
WIND (MPH)
AVERAGE WIND SPEED 4.9
HIGHEST WIND SPEED/DIRECTION 30/240 DATE 01/12
HIGHEST GUST SPEED/DIRECTION 43/280 DATE 02/19
WEATHER CONDITIONS. NUMBER OF DAYS WITH
THUNDERSTORM 0 MIXED PRECIP 0
HEAVY RAIN 1 RAIN 8
LIGHT RAIN 21 FREEZING RAIN 1
LT FREEZING RAIN 5 HAIL 0
HEAVY SNOW 3 SNOW 10
LIGHT SNOW 35 SLEET 1
FOG 47 FOG W/VIS <= 1/4 MILE 10
HAZE 14
- INDICATES NEGATIVE NUMBERS.
R INDICATES RECORD WAS SET OR TIED.
MM INDICATES DATA IS MISSING.
T INDICATES TRACE AMOUNT.
$$