000
CXUS54 KSHV 011300
CF6GGG
PRELIMINARY LOCAL CLIMATOLOGICAL DATA (WS FORM: F-6)
STATION: LONGVIEW
MONTH: JUNE
YEAR: 2021
LATITUDE: 32 22 N
LONGITUDE: 94 43 W
TEMPERATURE IN F: :PCPN: SNOW: WIND :SUNSHINE: SKY :PK WND
================================================================================
1 2 3 4 5 6A 6B 7 8 9 10 11 12 13 14 15 16 17 18
12Z AVG MX 2MIN
DY MAX MIN AVG DEP HDD CDD WTR SNW DPTH SPD SPD DIR MIN PSBL S-S WX SPD DR
================================================================================
1 82 65 74 -4 0 9 0.15 0.0 0 6.4 18 180 M M 6 1 23 180
2 80 61 71 -7 0 6 0.00 0.0 0 3.9 13 310 M M 3 19 300
3 81 63 72 -6 0 7 0.00 0.0 0 2.8 10 60 M M 1 13 60
4 77 66 72 -6 0 7 0.10 0.0 0 4.2 10 90 M M 6 18 12 100
5 85 68 77 -2 0 12 1.37 0.0 0 4.7 17 120 M M 9 13 23 330
6 85 68 77 -2 0 12 0.50 0.0 0 6.3 21 170 M M 5 13 23 180
7 85 69 77 -2 0 12 0.18 0.0 0 7.8 29 260 M M 4 13 40 250
8 84 70 77 -2 0 12 0.17 0.0 0 6.7 28 210 M M 5 138 35 200
9 92 75 84 4 0 19 0.00 0.0 0 8.5 17 230 M M 5 1 22 210
10 91 74 83 3 0 18 0.00 0.0 0 7.7 17 210 M M 4 8 22 220
11 91 75 83 3 0 18 0.00 0.0 0 9.2 16 190 M M 5 22 210
12 83 73 78 -2 0 13 T 0.0 0 5.2 18 290 M M 3 26 290
13 95 71 83 3 0 18 T 0.0 0 2.9 17 140 M M 1 3 24 140
14 94 72 83 3 0 18 0.28 0.0 0 3.1 12 70 M M 3 3 14 70
15 93 73 83 2 0 18 0.00 0.0 0 3.3 12 70 M M 0 14 30
16 95 71 83 2 0 18 0.00 0.0 0 2.7 9 50 M M 0 12 50
17 91 74 83 2 0 18 0.00 0.0 0 3.7 13 150 M M 0 16 150
18 90 70 80 -1 0 15 0.00 0.0 0 3.1 12 140 M M 0 16 100
19 93 68 81 0 0 16 0.00 0.0 0 2.4 8 180 M M 2 11 140
20 93 74 84 3 0 19 0.00 0.0 0 9.9 17 200 M M 2 27 150
21 93 73 83 1 0 18 T 0.0 0 8.4 25 350 M M 5 3 34 350
22 84 70 77 -5 0 12 0.00 0.0 0 8.0 15 60 M M 5 23 60
23 93 70 82 0 0 17 0.00 0.0 0 6.7 14 170 M M 5 19 160
24 94 77 86 4 0 21 0.00 0.0 0 9.5 15 200 M M 4 20 230
25 94 77 86 4 0 21 0.00 0.0 0 10.3 21 160 M M 5 26 150
26 94 76 85 3 0 20 0.00 0.0 0 10.7 23 150 M M 4 27 150
27 93 74 84 2 0 19 0.00 0.0 0 8.2 22 160 M M 5 3 32 140
28 86 73 80 -2 0 15 0.35 0.0 0 6.9 28 140 M M 7 3 36 130
29 90 73 82 0 0 17 T 0.0 0 6.5 24 190 M M 6 29 190
30 91 72 82 -1 0 17 0.00 0.0 0 4.0 9 90 M M 3 12 180
================================================================================
SM 2672 2135 0 462 3.10 0.0 183.7 M 113
================================================================================
AV 89.1 71.2 6.1 FASTST M M 4 MAX(MPH)
MISC ----> 29 260 40 250
================================================================================
NOTES:
# LAST OF SEVERAL OCCURRENCES
COLUMN 17 PEAK WIND IN M.P.H.
PRELIMINARY LOCAL CLIMATOLOGICAL DATA (WS FORM: F-6) , PAGE 2
STATION: LONGVIEW
MONTH: JUNE
YEAR: 2021
LATITUDE: 32 22 N
LONGITUDE: 94 43 W
[TEMPERATURE DATA] [PRECIPITATION DATA] SYMBOLS USED IN COLUMN 16
AVERAGE MONTHLY: 80.1 TOTAL FOR MONTH: 3.10 1 = FOG OR MIST
DPTR FM NORMAL: -0.4 DPTR FM NORMAL: -1.12 2 = FOG REDUCING VISIBILITY
HIGHEST: 95 ON 16,13 GRTST 24HR 1.81 ON 5- 6 TO 1/4 MILE OR LESS
LOWEST: 61 ON 2 3 = THUNDER
SNOW, ICE PELLETS, HAIL 4 = ICE PELLETS
TOTAL MONTH: 0.0 INCH 5 = HAIL
GRTST 24HR 0.0 6 = FREEZING RAIN OR DRIZZLE
GRTST DEPTH: 0 7 = DUSTSTORM OR SANDSTORM:
VSBY 1/2 MILE OR LESS
8 = SMOKE OR HAZE
[NO. OF DAYS WITH] [WEATHER - DAYS WITH] 9 = BLOWING SNOW
X = TORNADO
MAX 32 OR BELOW: 0 0.01 INCH OR MORE: 8
MAX 90 OR ABOVE: 19 0.10 INCH OR MORE: 8
MIN 32 OR BELOW: 0 0.50 INCH OR MORE: 2
MIN 0 OR BELOW: 0 1.00 INCH OR MORE: 1
[HDD (BASE 65) ]
TOTAL THIS MO. 0 CLEAR (SCALE 0-3) 11
DPTR FM NORMAL 0 PTCLDY (SCALE 4-7) 18
TOTAL FM JUL 1 2277 CLOUDY (SCALE 8-10) 1
DPTR FM NORMAL 142
[CDD (BASE 65) ]
TOTAL THIS MO. 462
DPTR FM NORMAL -3 [PRESSURE DATA]
TOTAL FM JAN 1 753 HIGHEST SLP 30.10 ON 30
DPTR FM NORMAL -137 LOWEST SLP 29.73 ON 20
[REMARKS]
#FINAL-06-21#