000
CXUS54 KFWD 010730
CF6GKY
PRELIMINARY LOCAL CLIMATOLOGICAL DATA (WS FORM: F-6)
STATION: ARLINGTON
MONTH: OCTOBER
YEAR: 2021
LATITUDE: 32 39 N
LONGITUDE: 97 6 W
TEMPERATURE IN F: :PCPN: SNOW: WIND :SUNSHINE: SKY :PK WND
================================================================================
1 2 3 4 5 6A 6B 7 8 9 10 11 12 13 14 15 16 17 18
12Z AVG MX 2MIN
DY MAX MIN AVG DEP HDD CDD WTR SNW DPTH SPD SPD DIR MIN PSBL S-S WX SPD DR
================================================================================
1 80 71 76 2 0 11 0.32 M M 4.6 14 100 M M 6 1 21 100
2 88 69 79 6 0 14 T M M 4.5 10 220 M M 5 18 16 240
3 90 64 77 4 0 12 0.00 M 0 4.4 15 330 M M 1 1 22 290
4 91 60 76 4 0 11 0.00 M M 4.8 21 20 M M 0 8 27 10
5 90 58 74 2 0 9 0.00 M M 5.0 13 20 M M 0 18 30
6 90 57 74 2 0 9 0.00 M M 0.9 9 310 M M 0 14 290
7 95 58 77 6 0 12 0.00 M M 6.0 16 160 M M 0 23 210
8 95 69 82 11 0 17 0.00 M M 9.8 20 150 M M 0 29 170
9 95 69 82 12 0 17 0.00 M M 11.0 20 140 M M 0 30 140
10 95 69 82 12 0 17 0.50 M M 15.7 36 260 M M 5 13 53 280
11 86 58 72 2 0 7 0.00 M M 4.2 16 280 M M 0 27 290
12 88 60 74 5 0 9 0.01 M M 12.3 23 140 M M 7 33 130
13 90 68 79 10 0 14 1.38 M M 13.0 24 160 M M 8 13 38 170
14 86 70 78 9 0 13 T M M 5.2 17 100 M M 6 18 24 90
15 79 56 68 0 0 3 0.00 M M 11.5 26 340 M M 3 34 340
16 77 47 62 -6 3 0 0.00 M M 5.8 17 360 M M 0 24 360
17 77 44 61 -6 4 0 0.00 M M 2.6 12 120 M M 0 17 110
18 79 45 62 -5 3 0 0.00 M M 6.5 20 140 M M 0 27 140
19 84 60 72 5 0 7 0.00 M M 10.0 21 150 M M 0 29 140
20 86 69 78 12 0 13 0.00 M M 6.9 15 170 M M 5 22 190
21 87 61 74 8 0 9 0.00 M M 5.7 13 20 M M 1 22 50
22 88 57 73 7 0 8 0.00 M M 6.0 15 110 M M 1 18 130
23 89 67 78 13 0 13 0.00 M M 10.9 21 150 M M 2 29 140
24 88 71 80 15 0 15 0.00 M M 12.1 21 170 M M 5 33 160
25 90 63 77 13 0 12 0.00 M M 5.6 12 160 M M 0 18 160
26 90 74 82 18 0 17 0.00 M M 14.7 29 140 M M 4 40 140
27 81 63 72 8 0 7 0.80 M M 9.4 28 280 M M 4 13 41 280
28 75 60 68 5 0 3 0.00 M M 19.4 38 320 M M 0 53 290
29 74 48 61 -2 4 0 0.00 M M 16.6 31 310 M M 0 42 320
30 80 40 60 -2 5 0 0.00 M M 1.7 9 100 M M 0 12 280
31 84 47 66 4 0 1 0.00 M M 4.5 14 100 M M 0 23 160
================================================================================
SM 2667 1872 19 280 3.01 M 251.3 M 63
================================================================================
AV 86.0 60.4 8.1 FASTST M M 2 MAX(MPH)
MISC ----> 38 320 # 53 280
================================================================================
NOTES:
# LAST OF SEVERAL OCCURRENCES
COLUMN 17 PEAK WIND IN M.P.H.
PRELIMINARY LOCAL CLIMATOLOGICAL DATA (WS FORM: F-6) , PAGE 2
STATION: ARLINGTON
MONTH: OCTOBER
YEAR: 2021
LATITUDE: 32 39 N
LONGITUDE: 97 6 W
[TEMPERATURE DATA] [PRECIPITATION DATA] SYMBOLS USED IN COLUMN 16
AVERAGE MONTHLY: 73.2 TOTAL FOR MONTH: 3.01 1 = FOG OR MIST
DPTR FM NORMAL: 5.4 DPTR FM NORMAL: -1.71 2 = FOG REDUCING VISIBILITY
HIGHEST: 95 ON 10, 9 GRTST 24HR 1.38 ON 13-13 TO 1/4 MILE OR LESS
LOWEST: 40 ON 30 3 = THUNDER
SNOW, ICE PELLETS, HAIL 4 = ICE PELLETS
TOTAL MONTH: M 5 = HAIL
GRTST 24HR M ON M 6 = FREEZING RAIN OR DRIZZLE
GRTST DEPTH: 0 7 = DUSTSTORM OR SANDSTORM:
VSBY 1/2 MILE OR LESS
8 = SMOKE OR HAZE
[NO. OF DAYS WITH] [WEATHER - DAYS WITH] 9 = BLOWING SNOW
X = TORNADO
MAX 32 OR BELOW: 0 0.01 INCH OR MORE: 5
MAX 90 OR ABOVE: 11 0.10 INCH OR MORE: 4
MIN 32 OR BELOW: 0 0.50 INCH OR MORE: 3
MIN 0 OR BELOW: 0 1.00 INCH OR MORE: 1
[HDD (BASE 65) ]
TOTAL THIS MO. 19 CLEAR (SCALE 0-3) 21
DPTR FM NORMAL -50 PTCLDY (SCALE 4-7) 9
TOTAL FM JUL 1 19 CLOUDY (SCALE 8-10) 1
DPTR FM NORMAL -54
[CDD (BASE 65) ]
TOTAL THIS MO. 280
DPTR FM NORMAL 124 [PRESSURE DATA]
TOTAL FM JAN 1 3129 HIGHEST SLP M ON M
DPTR FM NORMAL 340 LOWEST SLP 29.50 ON 10
[REMARKS]
#FINAL-10-21#