000
CXUS53 KGLD 051850
CF6GLD
PRELIMINARY LOCAL CLIMATOLOGICAL DATA (WS FORM: F-6)
STATION: GOODLAND KS
MONTH: DECEMBER
YEAR: 2020
LATITUDE: 39 22 N
LONGITUDE: 101 42 W
TEMPERATURE IN F: :PCPN: SNOW: WIND :SUNSHINE: SKY :PK WND
================================================================================
1 2 3 4 5 6A 6B 7 8 9 10 11 12 13 14 15 16 17 18
12Z AVG MX 2MIN
DY MAX MIN AVG DEP HDD CDD WTR SNW DPTH SPD SPD DIR MIN PSBL S-S WX SPD DR
================================================================================
1 49 19 34 2 31 0 0.00 0.0 0 18.2 32 350 M M 2 41 340
2 32 26 29 -3 36 0 0.01 0.1 0 20.0 29 350 M M 10 16 41 350
3 43 13 28 -4 37 0 0.00 0.0 T 10.7 17 340 M M 1 23 10
4 60 25 43 12 22 0 0.00 0.0 0 11.3 18 340 M M 0 24 340
5 57 23 40 9 25 0 0.00 0.0 0 9.7 18 330 M M 0 25 340
6 57 19 38 7 27 0 0.00 0.0 0 7.3 13 270 M M 0 15 260
7 63 26 45 14 20 0 0.00 0.0 0 12.4 20 330 M M 0 27 310
8 67 25 46 16 19 0 0.00 0.0 0 9.9 16 280 M M 0 22 280
9 67 27 47 17 18 0 0.00 0.0 0 8.0 13 290 M M 0 8 16 280
10 45 21 33 3 32 0 0.03 T 0 15.4 25 20 M M 3 1 34 360
11 31 26 29 -1 36 0 0.09 2.0 2 13.5 20 340 M M 10 1 27 350
12 30 13 22 -8 43 0 0.09 0.8 2 8.1 16 340 M M 6 1 20 340
13 31 9 20 -10 45 0 T 0.1 3 9.8 21 330 M M 3 1 27 330
14 26 8 17 -13 48 0 0.25 4.1 2 16.5 31 150 M M 6 1 40 160
15 25 8 17 -12 48 0 0.17 1.9 6 8.9 18 350 M M 9 1 23 350
16 39 8 24 -5 41 0 0.00 0.0 6 13.4 22 330 M M 1 30 330
17 38 19 29 0 36 0 0.00 0.0 3 15.8 23 180 M M 0 32 210
18 41 24 33 4 32 0 0.00 0.0 3 13.6 22 340 M M 4 32 330
19 40 19 30 1 35 0 0.00 0.0 2 12.3 25 310 M M 0 36 310
20 44 26 35 6 30 0 0.00 0.0 1 12.9 24 320 M M 1 32 320
21 54 29 42 13 23 0 0.00 0.0 1 10.0 17 200 M M 0 26 210
22 62 34 48 19 17 0 0.00 0.0 T 18.1 39 320 M M 0 59 320
23 38 16 27 -2 38 0 T T 0 28.0 48 320 M M 4 12 66 320
24 48 17 33 4 32 0 0.00 0.0 T 17.3 40 340 M M 4 53 340
25 63 29 46 17 19 0 0.00 0.0 0 9.3 15 280 M M 0 21 290
26 61 24 43 14 22 0 0.00 0.0 0 6.9 14 330 M M 0 18 280
27 50 24 37 8 28 0 0.00 0.0 0 13.0 28 340 M M 1 36 340
28 30 23 27 -2 38 0 0.13 1.5 T 12.3 26 150 M M 9 1 33 150
29 34 19 27 -2 38 0 T T T 16.8 30 150 M M 7 169 40 150
30 38 13 26 -3 39 0 0.00 0.0 T 10.4 16 200 M M 0 22 200
31 47 13 30 1 35 0 0.00 0.0 T M M M M M M M M
================================================================================
SM 1410 625 990 0 0.77 10.5 389.8 M 81
================================================================================
AV 45.5 20.2 13.0 FASTST M M 3 MAX(MPH)
MISC ----> 48 320 66 320
================================================================================
NOTES:
# LAST OF SEVERAL OCCURRENCES
COLUMN 17 PEAK WIND IN M.P.H.
PRELIMINARY LOCAL CLIMATOLOGICAL DATA (WS FORM: F-6) , PAGE 2
STATION: GOODLAND KS
MONTH: DECEMBER
YEAR: 2020
LATITUDE: 39 22 N
LONGITUDE: 101 42 W
[TEMPERATURE DATA] [PRECIPITATION DATA] SYMBOLS USED IN COLUMN 16
AVERAGE MONTHLY: 32.8 TOTAL FOR MONTH: 0.77 1 = FOG OR MIST
DPTR FM NORMAL: 2.9 DPTR FM NORMAL: 0.31 2 = FOG REDUCING VISIBILITY
HIGHEST: 67 ON 9, 8 GRTST 24HR 0.42 ON 14-15 TO 1/4 MILE OR LESS
LOWEST: 8 ON 16,15 3 = THUNDER
SNOW, ICE PELLETS, HAIL 4 = ICE PELLETS
TOTAL MONTH: 10.5 INCHES 5 = HAIL
GRTST 24HR 4.1 ON 14-14 6 = FREEZING RAIN OR DRIZZLE
GRTST DEPTH: 6 ON 16,15 7 = DUSTSTORM OR SANDSTORM:
VSBY 1/2 MILE OR LESS
8 = SMOKE OR HAZE
[NO. OF DAYS WITH] [WEATHER - DAYS WITH] 9 = BLOWING SNOW
X = TORNADO
MAX 32 OR BELOW: 7 0.01 INCH OR MORE: 7
MAX 90 OR ABOVE: 0 0.10 INCH OR MORE: 3
MIN 32 OR BELOW: 30 0.50 INCH OR MORE: 0
MIN 0 OR BELOW: 0 1.00 INCH OR MORE: 0
[HDD (BASE 65) ]
TOTAL THIS MO. 990 CLEAR (SCALE 0-3) 19
DPTR FM NORMAL -98 PTCLDY (SCALE 4-7) 7
TOTAL FM JUL 1 2234 CLOUDY (SCALE 8-10) 5
DPTR FM NORMAL -177
[CDD (BASE 65) ]
TOTAL THIS MO. 0
DPTR FM NORMAL 0 [PRESSURE DATA]
TOTAL FM JAN 1 1189 HIGHEST SLP 30.47 ON 2
DPTR FM NORMAL 248 LOWEST SLP 29.36 ON 22
[REMARKS]
#FINAL-12-20#