000
CXUS54 KJAN 011410
CF6GLH
PRELIMINARY LOCAL CLIMATOLOGICAL DATA (WS FORM: F-6)
STATION: GREENVILLE
MONTH: MAY
YEAR: 2023
LATITUDE: 33 29 N
LONGITUDE: 90 59 W
TEMPERATURE IN F: :PCPN: SNOW: WIND :SUNSHINE: SKY :PK WND
================================================================================
1 2 3 4 5 6A 6B 7 8 9 10 11 12 13 14 15 16 17 18
12Z AVG MX 2MIN
DY MAX MIN AVG DEP HDD CDD WTR SNW DPTH SPD SPD DIR MIN PSBL S-S WX SPD DR
================================================================================
1 73 52 63 -5 2 0 0.00 0.0 0 9.0 18 280 M M 0 27 310
2 78 47 63 -6 2 0 0.00 0.0 0 6.8 20 320 M M 0 27 320
3 77 49 63 -6 2 0 0.00 0.0 0 3.9 12 340 M M 0 16 340
4 81 53 67 -2 0 2 0.00 0.0 0 5.4 14 130 M M 0 8 21 170
5 75 59 67 -3 0 2 0.26 0.0 0 8.3 16 120 M M 8 1 22 120
6 87 67 77 7 0 12 0.00 0.0 0 12.5 21 170 M M 4 26 170
7 87 68 78 8 0 13 0.06 0.0 0 10.9 20 190 M M 2 3 25 240
8 88 68 78 8 0 13 0.00 0.0 0 11.3 20 220 M M 3 26 220
9 89 66 78 7 0 13 0.00 0.0 0 42.8 14 150 M M 1 26 210
10 80 70 75 4 0 10 0.46 0.0 0 7.6 17 180 M M 5 1 22 180
11 82 67 75 4 0 10 1.40 0.0 0 9.3 23 170 M M 4 123 30 170
12 78 66 72 0 0 7 0.09 0.0 0 6.6 23 330 M M 4 13 33 330
13 87 65 76 4 0 11 0.00 0.0 0 4.9 23 160 M M 1 31 170
14 89 68 79 7 0 14 0.00 0.0 0 3.5 12 180 M M 0 16 190
15 91 70 81 9 0 16 0.00 0.0 0 4.8 12 240 M M 1 16 250
16 89 71 80 7 0 15 0.00 0.0 0 6.9 17 330 M M 1 3 25 270
17 81 70 76 3 0 11 0.00 0.0 0 8.5 16 350 M M 8 22 340
18 86 65 76 3 0 11 0.00 0.0 0 4.7 13 290 M M 5 17 330
19 90 66 78 5 0 13 0.00 0.0 0 3.8 12 270 M M 2 1238 15 220
20 77 63 70 -4 0 5 0.22 0.0 0 9.2 18 360 M M M 1 23 10
21 76 60 68 -6 0 3 0.00 0.0 0 M 13 M M M M 18 M
22 85 65 75 1 0 10 0.00 0.0 0 M M M M M M M M
23 84 60 72 -2 0 7 0.00 0.0 0 M M M M M M M M
24 84 61 73 -2 0 8 0.00 0.0 0 7.0 16 70 M M 3 23 80
25 87 60 74 -1 0 9 0.00 0.0 0 8.0 23 40 M M 0 30 60
26 87 63 75 0 0 10 0.00 0.0 0 8.1 18 350 M M 2 29 350
27 76 60 68 -8 0 3 0.21 0.0 0 5.9 16 40 M M 4 13 22 40
28 85 57 71 -5 0 6 0.00 0.0 0 2.3 9 60 M M 1 12 14 50
29 87 59 73 -3 0 8 0.00 0.0 0 2.5 13 10 M M 1 17 350
30 89 57 73 -3 0 8 0.00 0.0 0 3.5 13 30 M M 3 20 20
31 89 61 75 -1 0 10 0.00 0.0 0 3.7 12 90 M M 2 16 90
================================================================================
SM 2594 1933 6 260 2.70 0.0 221.7 M 65
================================================================================
AV 83.7 62.4 7.9 FASTST M M 2 MAX(MPH)
MISC ----> # 23 170 33 330
================================================================================
NOTES:
# LAST OF SEVERAL OCCURRENCES
COLUMN 17 PEAK WIND IN M.P.H.
PRELIMINARY LOCAL CLIMATOLOGICAL DATA (WS FORM: F-6) , PAGE 2
STATION: GREENVILLE
MONTH: MAY
YEAR: 2023
LATITUDE: 33 29 N
LONGITUDE: 90 59 W
[TEMPERATURE DATA] [PRECIPITATION DATA] SYMBOLS USED IN COLUMN 16
AVERAGE MONTHLY: 73.0 TOTAL FOR MONTH: 2.70 1 = FOG OR MIST
DPTR FM NORMAL: 0.5 DPTR FM NORMAL: -1.09 2 = FOG REDUCING VISIBILITY
HIGHEST: 91 ON 15 GRTST 24HR 1.40 ON 11-11 TO 1/4 MILE OR LESS
LOWEST: 47 ON 2 3 = THUNDER
SNOW, ICE PELLETS, HAIL 4 = ICE PELLETS
TOTAL MONTH: 0.0 INCH 5 = HAIL
GRTST 24HR 0.0 6 = FREEZING RAIN OR DRIZZLE
GRTST DEPTH: 0 7 = DUSTSTORM OR SANDSTORM:
VSBY 1/2 MILE OR LESS
8 = SMOKE OR HAZE
[NO. OF DAYS WITH] [WEATHER - DAYS WITH] 9 = BLOWING SNOW
X = TORNADO
MAX 32 OR BELOW: 0 0.01 INCH OR MORE: 7
MAX 90 OR ABOVE: 2 0.10 INCH OR MORE: 5
MIN 32 OR BELOW: 0 0.50 INCH OR MORE: 1
MIN 0 OR BELOW: 0 1.00 INCH OR MORE: 1
[HDD (BASE 65) ]
TOTAL THIS MO. 6 CLEAR (SCALE 0-3) 17
DPTR FM NORMAL -9 PTCLDY (SCALE 4-7) 9
TOTAL FM JUL 1 1954 CLOUDY (SCALE 8-10) 5
DPTR FM NORMAL -662
[CDD (BASE 65) ]
TOTAL THIS MO. 260
DPTR FM NORMAL 11 [PRESSURE DATA]
TOTAL FM JAN 1 390 HIGHEST SLP 30.19 ON 15
DPTR FM NORMAL 38 LOWEST SLP 29.81 ON 17
[REMARKS]
#FINAL-05-23#