000
CXUS54 KJAN 040838
CLMGLH
CLIMATE REPORT
NATIONAL WEATHER SERVICE JACKSON MS
238 AM CST MON DEC 04 2023
...................................
...THE GREENVILLE CLIMATE SUMMARY FOR THE MONTH OF NOVEMBER 2023...
CLIMATE NORMAL PERIOD: 1991 TO 2020
CLIMATE RECORD PERIOD: 1903 TO 2023
WEATHER OBSERVED NORMAL DEPART LAST YEAR`S
VALUE DATE(S) VALUE FROM VALUE DATE(S)
NORMAL
................................................................
TEMPERATURE (F)
RECORD
HIGH 88 11/02/1971
LOW 16 11/25/1950
HIGHEST 88R 11/08 MM MM 85 11/07
LOWEST 28 11/02 MM MM 28 11/20
AVG. MAXIMUM 67.1 64.7 2.4 66.5
AVG. MINIMUM 45.0 42.4 2.6 44.6
MEAN 56.1 53.5 2.6 55.5
DAYS MAX >= 90 0 0.0 0.0 0
DAYS MAX <= 32 0 0.0 0.0 0
DAYS MIN <= 32 3 4.7 -1.7 7
DAYS MIN <= 0 0 0.0 0.0 0
PRECIPITATION (INCHES)
RECORD
MAXIMUM 19.56 1986
MINIMUM 0.29 1949
TOTALS 2.31 4.01 -1.70 4.98
DAILY AVG. 0.08 0.13 -0.05 0.17
DAYS >= .01 9 8.0 1.0 12
DAYS >= .10 5 5.2 -0.2 7
DAYS >= .50 1 2.4 -1.4 5
DAYS >= 1.00 0 1.2 -1.2 2
GREATEST
24 HR. TOTAL 0.91 11/20 TO 11/20 1.45
SNOWFALL (INCHES)
TOTALS 0.0
DEGREE DAYS
HEATING TOTAL 288 357 -69 319
SINCE 7/1 354 465 -111 MM
COOLING TOTAL 28 14 14 42
SINCE 1/1 2593 2292 301 MM
................................................................
WIND (MPH)
AVERAGE WIND SPEED 6.9
HIGHEST WIND SPEED/DIRECTION 24/200 DATE 11/08
HIGHEST GUST SPEED/DIRECTION 32/030 DATE 11/09
SKY COVER
POSSIBLE SUNSHINE (PERCENT) MM
AVERAGE SKY COVER 0.35
NUMBER OF DAYS FAIR 16
NUMBER OF DAYS PC 6
NUMBER OF DAYS CLOUDY 8
AVERAGE RH (PERCENT) 67
WEATHER CONDITIONS. NUMBER OF DAYS WITH
THUNDERSTORM 0 MIXED PRECIP 0
HEAVY RAIN 4 RAIN 5
LIGHT RAIN 12 FREEZING RAIN 0
LT FREEZING RAIN 0 HAIL 0
HEAVY SNOW 0 SNOW 0
LIGHT SNOW 0 SLEET 0
FOG 13 FOG W/VIS <= 1/4 MILE 3
HAZE 4
- INDICATES NEGATIVE NUMBERS.
R INDICATES RECORD WAS SET OR TIED.
MM INDICATES DATA IS MISSING.
T INDICATES TRACE AMOUNT.
$$