000
CXUS54 KHGX 012237
CF6GLS
PRELIMINARY LOCAL CLIMATOLOGICAL DATA (WS FORM: F-6)
STATION: GALVESTON
MONTH: AUGUST
YEAR: 2023
LATITUDE: 29 16 N
LONGITUDE: 94 52 W
TEMPERATURE IN F: :PCPN: SNOW: WIND :SUNSHINE: SKY :PK WND
================================================================================
1 2 3 4 5 6A 6B 7 8 9 10 11 12 13 14 15 16 17 18
12Z AVG MX 2MIN
DY MAX MIN AVG DEP HDD CDD WTR SNW DPTH SPD SPD DIR MIN PSBL S-S WX SPD DR
================================================================================
1 96 83 90 4 0 25 0.00 0.0 0 7.5 15 180 M M 0 18 170
2 93 82 88 2 0 23 0.00 0.0 0 8.0 15 160 M M 0 20 160
3 93 84 89 3 0 24 0.00 0.0 0 11.1 17 170 M M 1 23 180
4 93 84 89 3 0 24 0.00 0.0 0 12.7 21 190 M M 1 26 190
5 93 84 89 3 0 24 0.00 0.0 0 12.7 20 190 M M 1 24 190
6 93 85 89 3 0 24 0.00 0.0 0 13.3 20 180 M M 1 25 190
7 94 85 90 4 0 25 0.00 0.0 0 13.8 20 180 M M 0 26 200
8 94 84 89 3 0 24 0.00 0.0 0 13.8 21 180 M M 0 27 190
9 94 85 90 4 0 25 0.00 0.0 0 15.6 21 190 M M 1 28 170
10 94 85 90 4 0 25 0.00 0.0 0 14.7 21 190 M M 1 30 200
11 94 85 90 4 0 25 0.00 0.0 0 13.6 20 180 M M 1 23 170
12 93 85 89 3 0 24 0.00 0.0 0 13.4 18 160 M M 1 25 190
13 93 83 88 2 0 23 0.00 0.0 0 11.8 18 170 M M 0 24 170
14 94 82 88 2 0 23 0.00 0.0 0 10.8 18 160 M M 1 22 180
15 96 83 90 4 0 25 0.00 0.0 0 9.9 20 210 M M 0 27 220
16 93 81 87 1 0 22 0.00 0.0 0 11.8 20 20 M M 0 26 30
17 93 80 87 1 0 22 0.00 0.0 0 9.6 20 180 M M 0 25 180
18 94 83 89 3 0 24 0.00 0.0 0 9.9 15 170 M M 1 20 210
19 94 81 88 2 0 23 0.00 0.0 0 8.7 15 180 M M 0 20 160
20 97 82 90 4 0 25 0.00 0.0 0 9.6 18 180 M M 1 1 22 180
21 96 82 89 3 0 24 0.00 0.0 0 10.7 21 80 M M 2 28 100
22 94 80 87 1 0 22 0.27 0.0 0 15.2 30 110 M M 4 1 40 110
23 94 83 89 3 0 24 0.00 0.0 0 7.8 15 150 M M 2 20 140
24 99 82 91 5 0 26 0.00 0.0 0 9.1 17 200 M M 1 22 190
25 96 82 89 4 0 24 0.00 0.0 0 7.4 15 120 M M 0 20 100
26 95 83 89 4 0 24 0.00 0.0 0 6.9 13 140 M M 1 17 150
27 101 80 91 6 0 26 0.00 0.0 0 11.8 24 320 M M 1 34 320
28 97 81 89 4 0 24 T 0.0 0 9.5 16 20 M M 1 23 330
29 97 81 89 4 0 24 0.00 0.0 0 13.3 21 350 M M 1 26 350
30 94 80 87 2 0 22 0.00 0.0 0 9.2 16 350 M M 0 21 10
31 94 80 87 2 0 22 0.00 0.0 0 7.5 15 120 M M 0 20 120
================================================================================
SM 2935 2560 0 741 0.27 0.0 340.7 M 24
================================================================================
AV 94.7 82.6 11.0 FASTST M M 1 MAX(MPH)
MISC ----> 30 110 40 110
================================================================================
NOTES:
# LAST OF SEVERAL OCCURRENCES
COLUMN 17 PEAK WIND IN M.P.H.
PRELIMINARY LOCAL CLIMATOLOGICAL DATA (WS FORM: F-6) , PAGE 2
STATION: GALVESTON
MONTH: AUGUST
YEAR: 2023
LATITUDE: 29 16 N
LONGITUDE: 94 52 W
[TEMPERATURE DATA] [PRECIPITATION DATA] SYMBOLS USED IN COLUMN 16
AVERAGE MONTHLY: 88.6 TOTAL FOR MONTH: 0.27 1 = FOG OR MIST
DPTR FM NORMAL: 2.7 DPTR FM NORMAL: -4.44 2 = FOG REDUCING VISIBILITY
HIGHEST: 101 ON 27 GRTST 24HR 0.27 ON 22-22 TO 1/4 MILE OR LESS
LOWEST: 80 ON 31,30 3 = THUNDER
SNOW, ICE PELLETS, HAIL 4 = ICE PELLETS
TOTAL MONTH: 0.0 INCH 5 = HAIL
GRTST 24HR 0.0 6 = FREEZING RAIN OR DRIZZLE
GRTST DEPTH: 0 7 = DUSTSTORM OR SANDSTORM:
VSBY 1/2 MILE OR LESS
8 = SMOKE OR HAZE
[NO. OF DAYS WITH] [WEATHER - DAYS WITH] 9 = BLOWING SNOW
X = TORNADO
MAX 32 OR BELOW: 0 0.01 INCH OR MORE: 1
MAX 90 OR ABOVE: 31 0.10 INCH OR MORE: 1
MIN 32 OR BELOW: 0 0.50 INCH OR MORE: 0
MIN 0 OR BELOW: 0 1.00 INCH OR MORE: 0
[HDD (BASE 65) ]
TOTAL THIS MO. 0 CLEAR (SCALE 0-3) 30
DPTR FM NORMAL 0 PTCLDY (SCALE 4-7) 1
TOTAL FM JUL 1 0 CLOUDY (SCALE 8-10) 0
DPTR FM NORMAL 0
[CDD (BASE 65) ]
TOTAL THIS MO. 741
DPTR FM NORMAL 93 [PRESSURE DATA]
TOTAL FM JAN 1 2889 HIGHEST SLP 30.09 ON 2
DPTR FM NORMAL 304 LOWEST SLP 29.71 ON 27
[REMARKS]
#FINAL-08-23#