000
CXUS54 KMAF 011210
CF6GNC
PRELIMINARY LOCAL CLIMATOLOGICAL DATA (WS FORM: F-6)
STATION: GAINES COUNTY AIRPORT
MONTH: NOVEMBER
YEAR: 2023
LATITUDE: 32 40 N
LONGITUDE: 102 39 W
TEMPERATURE IN F: :PCPN: SNOW: WIND :SUNSHINE: SKY :PK WND
================================================================================
1 2 3 4 5 6A 6B 7 8 9 10 11 12 13 14 15 16 17 18
12Z AVG MX 2MIN
DY MAX MIN AVG DEP HDD CDD WTR SNW DPTH SPD SPD DIR MIN PSBL S-S WX SPD DR
================================================================================
1 61 30 46 M 19 0 M M M 5.8 12 190 M M 0 18 210
2 71 33 52 M 13 0 M M M 6.3 10 200 M M 0 M M
3 80 39 60 M 5 0 M M M 7.0 13 220 M M 0 16 230
4 84 40 62 M 3 0 M M M 4.9 10 250 M M 0 9 200
5 82 44 63 M 2 0 M M M 5.7 13 200 M M 0 17 220
6 87 48 68 M 0 3 M M M 8.6 16 260 M M 0 21 250
7 87 51 69 M 0 4 M M M 11.8 25 250 M M 0 35 250
8 86 56 71 M 0 6 M M M 11.1 23 260 M M 0 33 260
9 59 46 53 M 12 0 0.16 M M 11.7 17 50 M M 9 28 40
10 53 43 48 M 17 0 0.01 M M 7.8 13 40 M M 10 16 20
11 58 42 50 M 15 0 M M M 3.9 9 10 M M 6 M M
12 63 42 53 M 12 0 M M M 4.3 9 160 M M 6 12 M M
13 57 47 52 M 13 0 0.05 M M 2.7 8 120 M M 10 1 M M
14 53 49 51 M 14 0 M M M 3.9 7 200 M M 10 1 M M
15 60 46 53 M 12 0 0.01 M M 3.9 9 220 M M 8 12 M M
16 68 44 56 M 9 0 0.01 M M 5.1 10 240 M M 4 2 M M
17 69 50 60 M 5 0 M M M 7.9 16 360 M M 1 21 360
18 63 47 55 M 10 0 M M M 5.7 13 140 M M 6 1 16 160
19 72 49 61 M 4 0 M M M 9.5 16 260 M M 3 1 25 240
20 66 44 55 M 10 0 M M M 13.0 20 10 M M 2 28 360
21 56 37 47 M 18 0 M M M 14.6 24 10 M M 2 8 35 20
22 64 32 48 M 17 0 M M M 5.8 9 220 M M 0 M M
23 65 32 49 M 16 0 M M M 6.4 15 210 M M 0 21 210
24 49 35 42 M 23 0 M M M 8.6 16 20 M M 5 23 20
25 51 37 44 M 21 0 M M M 6.7 12 100 M M 9 1 16 70
26 50 31 41 M 24 0 M M M 6.3 14 30 M M 1 21 30
27 51 29 40 M 25 0 M M M 3.4 10 150 M M 5 M M
28 59 29 44 M 21 0 M M M 3.7 12 190 M M 1 M M
29 64 37 51 M 14 0 M M M 4.2 13 160 M M 0 18 160
30 64 43 54 M 11 0 M M M 10.3 29 270 M M 5 18 37 260
================================================================================
SM 1952 1232 365 13 0.24 M 210.7 M 103
================================================================================
AV 65.1 41.1 7.0 FASTST M M 3 MAX(MPH)
MISC ----> 29 270 37 260
================================================================================
NOTES:
# LAST OF SEVERAL OCCURRENCES
COLUMN 17 PEAK WIND IN M.P.H.
PRELIMINARY LOCAL CLIMATOLOGICAL DATA (WS FORM: F-6) , PAGE 2
STATION: GAINES COUNTY AIRPORT
MONTH: NOVEMBER
YEAR: 2023
LATITUDE: 32 40 N
LONGITUDE: 102 39 W
[TEMPERATURE DATA] [PRECIPITATION DATA] SYMBOLS USED IN COLUMN 16
AVERAGE MONTHLY: 53.1 TOTAL FOR MONTH: 0.24 1 = FOG OR MIST
DPTR FM NORMAL: 0.0 DPTR FM NORMAL: M 2 = FOG REDUCING VISIBILITY
HIGHEST: 87 ON 7, 6 GRTST 24HR 0.16 ON 9- 9 TO 1/4 MILE OR LESS
LOWEST: 29 ON 28,27 3 = THUNDER
SNOW, ICE PELLETS, HAIL 4 = ICE PELLETS
TOTAL MONTH: M 5 = HAIL
GRTST 24HR M ON M 6 = FREEZING RAIN OR DRIZZLE
GRTST DEPTH: M ON M 7 = DUSTSTORM OR SANDSTORM:
VSBY 1/2 MILE OR LESS
8 = SMOKE OR HAZE
[NO. OF DAYS WITH] [WEATHER - DAYS WITH] 9 = BLOWING SNOW
X = TORNADO
MAX 32 OR BELOW: 0 0.01 INCH OR MORE: 5
MAX 90 OR ABOVE: 0 0.10 INCH OR MORE: 1
MIN 32 OR BELOW: 6 0.50 INCH OR MORE: 0
MIN 0 OR BELOW: 0 1.00 INCH OR MORE: 0
[HDD (BASE 65) ]
TOTAL THIS MO. 365 CLEAR (SCALE 0-3) 16
DPTR FM NORMAL M PTCLDY (SCALE 4-7) 9
TOTAL FM JUL 1 491 CLOUDY (SCALE 8-10) 5
DPTR FM NORMAL M
[CDD (BASE 65) ]
TOTAL THIS MO. 13
DPTR FM NORMAL M [PRESSURE DATA]
TOTAL FM JAN 1 2594 HIGHEST SLP M ON M
DPTR FM NORMAL M LOWEST SLP M ON M
[REMARKS]
#FINAL-11-23#