000
CXUS52 KJAX 121528
CF6GNV
PRELIMINARY LOCAL CLIMATOLOGICAL DATA (WS FORM: F-6)
STATION: GAINESVILLE
MONTH: JUNE
YEAR: 2023
LATITUDE: 29 40 N
LONGITUDE: 82 16 W
TEMPERATURE IN F: :PCPN: SNOW: WIND :SUNSHINE: SKY :PK WND
================================================================================
1 2 3 4 5 6A 6B 7 8 9 10 11 12 13 14 15 16 17 18
12Z AVG MX 2MIN
DY MAX MIN AVG DEP HDD CDD WTR SNW DPTH SPD SPD DIR MIN PSBL S-S WX SPD DR
================================================================================
1 87 70 79 1 0 14 0.03 0.0 0 9.1 17 70 M M 4 1 25 80
2 86 68 77 -1 0 12 0.00 0.0 0 7.8 16 60 M M 3 22 60
3 89 66 78 -1 0 13 0.00 0.0 0 5.8 15 100 M M 3 1 22 110
4 88 67 78 -1 0 13 T 0.0 0 9.3 23 40 M M 6 123 35 50
5 87 65 76 -3 0 11 0.00 0.0 0 7.6 17 50 M M 5 1 23 40
6 91 61 76 -3 0 11 0.00 0.0 0 2.6 15 210 M M 1 3 19 160
7 89 67 78 -1 0 13 0.00 0.0 0 5.1 16 240 M M 2 22 200
8 92 68 80 1 0 15 0.00 0.0 0 8.0 16 230 M M 2 25 300
9 92 67 80 1 0 15 0.26 0.0 0 6.4 21 290 M M 2 13 33 270
10 89 67 78 -2 0 13 1.25 0.0 0 2.3 26 270 M M 3 123 32 280
11 91 68 80 0 0 15 T 0.0 0 3.5 22 140 M M 1 13 26 140
12 91 68 80 0 0 15 0.00 0.0 0 8.8 20 280 M M 1 29 280
13 93 74 84 4 0 19 0.00 0.0 0 9.8 20 230 M M 2 28 240
14 93 67 80 0 0 15 1.28 0.0 0 8.8 29 360 M M 3 13 43 350
15 90 67 79 -1 0 14 1.44 0.0 0 9.4 22 150 M M 4 13 31 240
16 88 69 79 -1 0 14 0.13 0.0 0 10.4 28 200 M M 2 13 40 190
17 90 71 81 1 0 16 0.41 0.0 0 8.1 20 260 M M 5 13 28 240
18 92 70 81 1 0 16 T 0.0 0 5.4 15 270 M M 4 22 280
19 90 72 81 1 0 16 0.00 0.0 0 6.8 18 240 M M 2 13 25 230
20 88 69 79 -2 0 14 2.36 0.0 0 9.5 33 290 M M 4 13 45 290
21 82 69 76 -5 0 11 0.58 0.0 0 7.6 28 250 M M 5 13 37 240
22 79 68 74 -7 0 9 1.86 0.0 0 6.5 16 230 M M 6 13 24 300
23 88 70 79 -2 0 14 2.02 0.0 0 9.1 31 270 M M 5 13 44 260
24 89 70 80 -1 0 15 0.17 0.0 0 6.1 21 220 M M 3 13 31 210
25 93 72 83 2 0 18 0.00 0.0 0 3.7 10 100 M M 1 12 17 10
26 92 73 83 2 0 18 0.00 0.0 0 5.5 15 170 M M 0 21 190
27 95 76 86 5 0 21 0.00 0.0 0 8.5 17 250 M M 3 3 22 250
28 95 77 86 5 0 21 0.00 0.0 0 6.9 15 250 M M 3 3 22 250
29 95 73 84 3 0 19 0.00 0.0 0 3.2 12 50 M M 1 15 50
30 94 70 82 1 0 17 0.00 0.0 0 4.1 15 60 M M 1 1 21 40
================================================================================
SM 2698 2079 0 447 11.79 0.0 205.7 M 87
================================================================================
AV 89.9 69.3 6.9 FASTST M M 3 MAX(MPH)
MISC ----> 33 290 45 290
================================================================================
NOTES:
# LAST OF SEVERAL OCCURRENCES
COLUMN 17 PEAK WIND IN M.P.H.
PRELIMINARY LOCAL CLIMATOLOGICAL DATA (WS FORM: F-6) , PAGE 2
STATION: GAINESVILLE
MONTH: JUNE
YEAR: 2023
LATITUDE: 29 40 N
LONGITUDE: 82 16 W
[TEMPERATURE DATA] [PRECIPITATION DATA] SYMBOLS USED IN COLUMN 16
AVERAGE MONTHLY: 79.6 TOTAL FOR MONTH: 11.79 1 = FOG OR MIST
DPTR FM NORMAL: -0.3 DPTR FM NORMAL: 4.23 2 = FOG REDUCING VISIBILITY
HIGHEST: 95 ON 29,28 GRTST 24HR 2.72 ON 14-15 TO 1/4 MILE OR LESS
LOWEST: 61 ON 6 3 = THUNDER
SNOW, ICE PELLETS, HAIL 4 = ICE PELLETS
TOTAL MONTH: 0.0 INCH 5 = HAIL
GRTST 24HR 0.0 6 = FREEZING RAIN OR DRIZZLE
GRTST DEPTH: 0 7 = DUSTSTORM OR SANDSTORM:
VSBY 1/2 MILE OR LESS
8 = SMOKE OR HAZE
[NO. OF DAYS WITH] [WEATHER - DAYS WITH] 9 = BLOWING SNOW
X = TORNADO
MAX 32 OR BELOW: 0 0.01 INCH OR MORE: 12
MAX 90 OR ABOVE: 17 0.10 INCH OR MORE: 11
MIN 32 OR BELOW: 0 0.50 INCH OR MORE: 7
MIN 0 OR BELOW: 0 1.00 INCH OR MORE: 6
[HDD (BASE 65) ]
TOTAL THIS MO. 0 CLEAR (SCALE 0-3) 19
DPTR FM NORMAL 0 PTCLDY (SCALE 4-7) 11
TOTAL FM JUL 1 748 CLOUDY (SCALE 8-10) 0
DPTR FM NORMAL -391
[CDD (BASE 65) ]
TOTAL THIS MO. 447
DPTR FM NORMAL 0 [PRESSURE DATA]
TOTAL FM JAN 1 1235 HIGHEST SLP 30.10 ON 14
DPTR FM NORMAL 229 LOWEST SLP 29.70 ON 3
[REMARKS]
#FINAL-06-23#