000
CXUS52 KJAX 010800
CF6GNV
PRELIMINARY LOCAL CLIMATOLOGICAL DATA (WS FORM: F-6)
STATION: GAINESVILLE
MONTH: SEPTEMBER
YEAR: 2022
LATITUDE: 29 40 N
LONGITUDE: 82 16 W
TEMPERATURE IN F: :PCPN: SNOW: WIND :SUNSHINE: SKY :PK WND
================================================================================
1 2 3 4 5 6A 6B 7 8 9 10 11 12 13 14 15 16 17 18
12Z AVG MX 2MIN
DY MAX MIN AVG DEP HDD CDD WTR SNW DPTH SPD SPD DIR MIN PSBL S-S WX SPD DR
================================================================================
1 90 73 82 1 0 17 0.00 0.0 0 2.4 20 160 M M 1 3 32 150
2 87 72 80 0 0 15 T 0.0 0 4.3 16 120 M M 2 1 22 70
3 92 74 83 3 0 18 0.16 0.0 0 3.9 18 350 M M 3 123 28 350
4 91 74 83 3 0 18 T 0.0 0 4.4 21 230 M M 1 13 30 240
5 95 74 85 5 0 20 T 0.0 0 2.6 8 280 M M 2 13 14 170
6 94 73 84 4 0 19 0.00 0.0 0 3.7 13 270 M M 1 16 270
7 93 73 83 3 0 18 T 0.0 0 3.9 14 120 M M 1 3 19 140
8 80 71 76 -4 0 11 0.69 0.0 0 2.1 12 180 M M 5 13 17 190
9 85 72 79 -1 0 14 1.17 0.0 0 2.2 21 240 M M 6 13 28 250
10 87 73 80 0 0 15 0.54 0.0 0 4.9 18 220 M M 5 13 26 220
11 90 72 81 1 0 16 0.09 0.0 0 3.4 20 190 M M 1 13 24 190
12 88 73 81 2 0 16 T 0.0 0 3.5 16 240 M M 2 13 22 230
13 85 73 79 0 0 14 0.05 0.0 0 1.7 6 220 M M 4 1 8 190
14 87 72 80 1 0 15 0.00 0.0 0 4.1 12 10 M M 2 1 17 20
15 89 71 80 1 0 15 T 0.0 0 6.5 16 40 M M 3 23 50
16 87 72 80 1 0 15 0.03 0.0 0 6.2 17 50 M M 3 13 24 50
17 87 70 79 0 0 14 0.18 0.0 0 4.6 20 50 M M 2 13 29 60
18 83 70 77 -2 0 12 0.27 0.0 0 6.2 15 100 M M 8 13 20 100
19 89 73 81 3 0 16 0.08 0.0 0 5.1 17 60 M M 7 1 23 50
20 91 70 81 3 0 16 0.00 0.0 0 4.6 15 50 M M 4 12 19 30
21 91 68 80 2 0 15 0.00 0.0 0 4.7 16 60 M M 1 1 26 90
22 92 68 80 2 0 15 0.00 0.0 0 3.8 10 350 M M 2 1 18 330
23 85 68 77 -1 0 12 0.00 0.0 0 8.5 18 40 M M 3 25 70
24 88 66 77 -1 0 12 0.00 0.0 0 5.9 12 130 M M 2 19 60
25 89 63 76 -1 0 11 0.00 0.0 0 1.6 9 320 M M 2 13 350
26 92 65 79 2 0 14 0.00 0.0 0 2.0 14 130 M M 1 18 120
27 85 71 78 1 0 13 0.00 0.0 0 6.9 14 40 M M 0 20 30
28 72 59 66 -11 0 1 0.41 0.0 0 14.6 25 20 M M 8 1 36 10
29 69 60 65 -11 0 0 0.09 0.0 0 18.9 31 10 M M 10 59 10
30 78 59 69 -7 0 4 0.00 0.0 0 7.0 18 330 M M 6 30 340
================================================================================
SM 2611 2092 0 411 3.76 0.0 154.2 M 98
================================================================================
AV 87.0 69.7 5.1 FASTST M M 3 MAX(MPH)
MISC ----> 31 10 59 10
================================================================================
NOTES:
# LAST OF SEVERAL OCCURRENCES
COLUMN 17 PEAK WIND IN M.P.H.
PRELIMINARY LOCAL CLIMATOLOGICAL DATA (WS FORM: F-6) , PAGE 2
STATION: GAINESVILLE
MONTH: SEPTEMBER
YEAR: 2022
LATITUDE: 29 40 N
LONGITUDE: 82 16 W
[TEMPERATURE DATA] [PRECIPITATION DATA] SYMBOLS USED IN COLUMN 16
AVERAGE MONTHLY: 78.4 TOTAL FOR MONTH: 3.76 1 = FOG OR MIST
DPTR FM NORMAL: -0.4 DPTR FM NORMAL: -1.29 2 = FOG REDUCING VISIBILITY
HIGHEST: 95 ON 5 GRTST 24HR 1.50 ON 9-10 TO 1/4 MILE OR LESS
LOWEST: 59 ON 30,28 3 = THUNDER
SNOW, ICE PELLETS, HAIL 4 = ICE PELLETS
TOTAL MONTH: 0.0 INCH 5 = HAIL
GRTST 24HR 0.0 6 = FREEZING RAIN OR DRIZZLE
GRTST DEPTH: 0 7 = DUSTSTORM OR SANDSTORM:
VSBY 1/2 MILE OR LESS
8 = SMOKE OR HAZE
[NO. OF DAYS WITH] [WEATHER - DAYS WITH] 9 = BLOWING SNOW
X = TORNADO
MAX 32 OR BELOW: 0 0.01 INCH OR MORE: 12
MAX 90 OR ABOVE: 11 0.10 INCH OR MORE: 7
MIN 32 OR BELOW: 0 0.50 INCH OR MORE: 3
MIN 0 OR BELOW: 0 1.00 INCH OR MORE: 1
[HDD (BASE 65) ]
TOTAL THIS MO. 0 CLEAR (SCALE 0-3) 18
DPTR FM NORMAL 0 PTCLDY (SCALE 4-7) 11
TOTAL FM JUL 1 0 CLOUDY (SCALE 8-10) 1
DPTR FM NORMAL 0
[CDD (BASE 65) ]
TOTAL THIS MO. 411
DPTR FM NORMAL -1 [PRESSURE DATA]
TOTAL FM JAN 1 2712 HIGHEST SLP 30.14 ON 3
DPTR FM NORMAL 283 LOWEST SLP 29.73 ON 29
[REMARKS]
#FINAL-09-22#