000
CXUS52 KJAX 031609
CF6GNV
PRELIMINARY LOCAL CLIMATOLOGICAL DATA (WS FORM: F-6)
STATION: GAINESVILLE
MONTH: JULY
YEAR: 2022
LATITUDE: 29 40 N
LONGITUDE: 82 16 W
TEMPERATURE IN F: :PCPN: SNOW: WIND :SUNSHINE: SKY :PK WND
================================================================================
1 2 3 4 5 6A 6B 7 8 9 10 11 12 13 14 15 16 17 18
12Z AVG MX 2MIN
DY MAX MIN AVG DEP HDD CDD WTR SNW DPTH SPD SPD DIR MIN PSBL S-S WX SPD DR
================================================================================
1 90 70 80 -1 0 15 0.54 0.0 0 3.5 20 360 M M 3 13 26 360
2 90 71 81 0 0 16 0.11 0.0 0 4.2 17 240 M M 1 13 26 240
3 89 72 81 0 0 16 1.21 0.0 0 3.4 25 280 M M 2 13 32 280
4 95 72 84 3 0 19 0.80 0.0 0 3.1 24 300 M M 3 13 31 300
5 93 74 84 3 0 19 1.63 0.0 0 2.4 23 150 M M 3 13 28 150
6 95 73 84 3 0 19 0.00 0.0 0 2.4 12 170 M M 3 13 16 170
7 95 75 85 4 0 20 T 0.0 0 3.1 21 300 M M 1 3 29 310
8 91 74 83 2 0 18 T 0.0 0 4.0 20 300 M M 2 3 27 300
9 93 74 84 3 0 19 T 0.0 0 4.5 17 300 M M 2 3 25 300
10 90 76 83 2 0 18 0.05 0.0 0 5.5 24 270 M M 2 13 38 260
11 92 74 83 2 0 18 0.95 0.0 0 5.7 20 260 M M 3 13 26 150
12 93 73 83 2 0 18 0.00 0.0 0 6.8 17 200 M M 2 27 200
13 92 73 83 2 0 18 0.00 0.0 0 5.5 16 260 M M 1 22 270
14 94 72 83 2 0 18 0.50 0.0 0 4.2 17 350 M M 3 13 25 350
15 92 70 81 0 0 16 0.08 0.0 0 5.7 17 140 M M 1 23 140
16 87 71 79 -2 0 14 1.48 0.0 0 3.1 18 60 M M 3 13 28 70
17 91 71 81 0 0 16 0.00 0.0 0 3.6 14 120 M M 2 12 17 170
18 88 74 81 0 0 16 0.45 0.0 0 5.7 21 230 M M 2 13 35 220
19 90 74 82 1 0 17 1.44 0.0 0 4.2 23 270 M M 4 13 31 230
20 90 73 82 1 0 17 0.36 0.0 0 4.5 29 230 M M 2 13 38 240
21 93 72 83 2 0 18 T 0.0 0 3.9 15 240 M M 1 19 240
22 94 74 84 2 0 19 0.00 0.0 0 2.8 24 220 M M 1 3 33 240
23 94 72 83 1 0 18 0.00 0.0 0 2.9 20 130 M M 1 3 24 110
24 90 72 81 -1 0 16 0.14 0.0 0 3.6 16 10 M M 2 13 22 240
25 94 71 83 1 0 18 0.00 0.0 0 3.9 20 80 M M 1 3 27 70
26 94 72 83 1 0 18 0.35 0.0 0 3.9 37 130 M M 2 3 52 130
27 91 71 81 -1 0 16 0.00 0.0 0 3.4 14 120 M M 2 3 19 120
28 93 71 82 0 0 17 0.00 0.0 0 3.8 12 250 M M 2 18 250
29 95 74 85 3 0 20 0.00 0.0 0 2.6 10 220 M M 1 1 15 200
30 96 72 84 2 0 19 T 0.0 0 1.8 14 180 M M 2 17 170
31 96 74 85 3 0 20 0.00 0.0 0 2.7 12 120 M M 0 15 160
================================================================================
SM 2860 2251 0 546 10.09 0.0 120.4 M 60
================================================================================
AV 92.3 72.6 3.9 FASTST M M 2 MAX(MPH)
MISC ----> 37 130 52 130
================================================================================
NOTES:
# LAST OF SEVERAL OCCURRENCES
COLUMN 17 PEAK WIND IN M.P.H.
PRELIMINARY LOCAL CLIMATOLOGICAL DATA (WS FORM: F-6) , PAGE 2
STATION: GAINESVILLE
MONTH: JULY
YEAR: 2022
LATITUDE: 29 40 N
LONGITUDE: 82 16 W
[TEMPERATURE DATA] [PRECIPITATION DATA] SYMBOLS USED IN COLUMN 16
AVERAGE MONTHLY: 82.4 TOTAL FOR MONTH: 10.09 1 = FOG OR MIST
DPTR FM NORMAL: 1.0 DPTR FM NORMAL: 3.41 2 = FOG REDUCING VISIBILITY
HIGHEST: 96 ON 31,30 GRTST 24HR 2.43 ON 4- 5 TO 1/4 MILE OR LESS
LOWEST: 70 ON 15, 1 3 = THUNDER
SNOW, ICE PELLETS, HAIL 4 = ICE PELLETS
TOTAL MONTH: 0.0 INCH 5 = HAIL
GRTST 24HR 0.0 6 = FREEZING RAIN OR DRIZZLE
GRTST DEPTH: 0 7 = DUSTSTORM OR SANDSTORM:
VSBY 1/2 MILE OR LESS
8 = SMOKE OR HAZE
[NO. OF DAYS WITH] [WEATHER - DAYS WITH] 9 = BLOWING SNOW
X = TORNADO
MAX 32 OR BELOW: 0 0.01 INCH OR MORE: 15
MAX 90 OR ABOVE: 28 0.10 INCH OR MORE: 13
MIN 32 OR BELOW: 0 0.50 INCH OR MORE: 8
MIN 0 OR BELOW: 0 1.00 INCH OR MORE: 4
[HDD (BASE 65) ]
TOTAL THIS MO. 0 CLEAR (SCALE 0-3) 29
DPTR FM NORMAL 0 PTCLDY (SCALE 4-7) 2
TOTAL FM JUL 1 0 CLOUDY (SCALE 8-10) 0
DPTR FM NORMAL 0
[CDD (BASE 65) ]
TOTAL THIS MO. 546
DPTR FM NORMAL 39 [PRESSURE DATA]
TOTAL FM JAN 1 1764 HIGHEST SLP 30.26 ON 31
DPTR FM NORMAL 251 LOWEST SLP 29.88 ON 11
[REMARKS]
#FINAL-07-22#